{"id":225,"date":"2013-07-11T09:47:52","date_gmt":"2013-07-11T12:47:52","guid":{"rendered":"http:\/\/demo.themeskingdom.com\/eventor\/?page_id=225"},"modified":"2026-02-18T09:25:26","modified_gmt":"2026-02-18T12:25:26","slug":"home","status":"publish","type":"page","link":"https:\/\/sbbd.org.br\/","title":{"rendered":""},"content":{"rendered":"<h4><strong>Brazilian Symposium on Databases<\/strong><\/h4>\n<p>The SBBD is sponsored annually by the Special Database Commission of the Brazilian Computer Society (SBC), has brought together since 1986 researchers, students and professionals from Brazil and abroad, who present and discuss topics related to the last advances in the area.<\/p>\n<p>For this year conference, please visit <a href=\"https:\/\/sbbd.org.br\/2026\/\" target=\"_blank\" rel=\"noopener\">SBBD 2026<\/a>.<\/p>\n<h4><strong>JIDM<\/strong><\/h4>\n<p><strong><a href=\"https:\/\/journals-sol.sbc.org.br\/index.php\/jidm\" target=\"_blank\" rel=\"noopener\"><em>Journal of Information and Data Management<\/em><\/a>\u00a0<\/strong>(JIDM)\u00a0\u00e9 uma publica\u00e7\u00e3o oficial da CEBD. O JIDM recebe submiss\u00f5es em fluxo cont\u00ednuo o ano todo. Artigos publicados no JIDM s\u00e3o convidados para serem apresentados no SBBD.<\/p>\n<h4><strong>CEBD<\/strong><\/h4>\n<p>A\u00a0<b><a href=\"https:\/\/cebd.sbc.org.br\/\" target=\"_blank\" rel=\"noopener\">Comiss\u00e3o Especial de Banco de Dados<\/a>\u00a0<\/b>(CEBD), da Sociedade Brasileira de Computa\u00e7\u00e3o (SBC), re\u00fane pesquisadores, estudantes e profissionais interessados em discutir aspectos te\u00f3ricos e pr\u00e1ticos da \u00e1rea de bancos de dados.<\/p>\n\n\n<p><\/p>\n","protected":false},"excerpt":{"rendered":"<p>Brazilian Symposium on Databases The SBBD is sponsored annually by the Special Database Commission of the Brazilian Computer Society (SBC),&hellip; <\/p>\n","protected":false},"author":8,"featured_media":1788,"parent":0,"menu_order":0,"comment_status":"closed","ping_status":"closed","template":"","meta":{"footnotes":""},"class_list":["post-225","page","type-page","status-publish","has-post-thumbnail","hentry"],"_links":{"self":[{"href":"https:\/\/sbbd.org.br\/index.php\/wp-json\/wp\/v2\/pages\/225","targetHints":{"allow":["GET"]}}],"collection":[{"href":"https:\/\/sbbd.org.br\/index.php\/wp-json\/wp\/v2\/pages"}],"about":[{"href":"https:\/\/sbbd.org.br\/index.php\/wp-json\/wp\/v2\/types\/page"}],"author":[{"embeddable":true,"href":"https:\/\/sbbd.org.br\/index.php\/wp-json\/wp\/v2\/users\/8"}],"replies":[{"embeddable":true,"href":"https:\/\/sbbd.org.br\/index.php\/wp-json\/wp\/v2\/comments?post=225"}],"version-history":[{"count":31,"href":"https:\/\/sbbd.org.br\/index.php\/wp-json\/wp\/v2\/pages\/225\/revisions"}],"predecessor-version":[{"id":2552,"href":"https:\/\/sbbd.org.br\/index.php\/wp-json\/wp\/v2\/pages\/225\/revisions\/2552"}],"wp:featuredmedia":[{"embeddable":true,"href":"https:\/\/sbbd.org.br\/index.php\/wp-json\/wp\/v2\/media\/1788"}],"wp:attachment":[{"href":"https:\/\/sbbd.org.br\/index.php\/wp-json\/wp\/v2\/media?parent=225"}],"curies":[{"name":"wp","href":"https:\/\/api.w.org\/{rel}","templated":true}]}}