{"id":5362,"date":"2025-09-02T20:52:56","date_gmt":"2025-09-02T23:52:56","guid":{"rendered":"https:\/\/sbbd.org.br\/2025\/?page_id=5362"},"modified":"2025-09-15T21:58:15","modified_gmt":"2025-09-16T00:58:15","slug":"bresci-final","status":"publish","type":"page","link":"https:\/\/sbbd.org.br\/2025\/bresci-final\/","title":{"rendered":"BreSci"},"content":{"rendered":"\t\t<div data-elementor-type=\"wp-page\" data-elementor-id=\"5362\" class=\"elementor elementor-5362\">\n\t\t\t\t<div class=\"elementor-element elementor-element-567e7c7 e-con-full e-flex e-con e-parent\" data-id=\"567e7c7\" data-element_type=\"container\" data-e-type=\"container\" data-settings=\"{&quot;background_background&quot;:&quot;classic&quot;}\">\n\t\t\t\t<div class=\"elementor-element elementor-element-865a55e elementor-widget elementor-widget-heading\" data-id=\"865a55e\" data-element_type=\"widget\" data-e-type=\"widget\" data-widget_type=\"heading.default\">\n\t\t\t\t<div class=\"elementor-widget-container\">\n\t\t\t\t\t<h2 class=\"elementor-heading-title elementor-size-default\">BreSci<\/h2>\t\t\t\t<\/div>\n\t\t\t\t<\/div>\n\t\t<div class=\"elementor-element elementor-element-34fd088 e-con-full e-flex e-con e-child\" data-id=\"34fd088\" data-element_type=\"container\" data-e-type=\"container\" data-settings=\"{&quot;background_background&quot;:&quot;classic&quot;}\">\n\t\t\t\t<\/div>\n\t\t\t\t<\/div>\n\t\t<div class=\"elementor-element elementor-element-2118654 e-con-full e-flex e-con e-parent\" data-id=\"2118654\" data-element_type=\"container\" data-e-type=\"container\">\n\t\t\t\t<div class=\"elementor-element elementor-element-8beca28 elementor-widget elementor-widget-Table\" data-id=\"8beca28\" data-element_type=\"widget\" data-e-type=\"widget\" data-widget_type=\"Table.default\">\n\t\t\t\t<div class=\"elementor-widget-container\">\n\t\t\t\t\t\t\t<table class=\"tafe-table \">\n\t\t\t<thead  class=\"tafe-table-header\">\n\t\t\t\t<tr>\n\t\t\t\t\t<th class=\"elementor-inline-editing elementor-repeater-item-75f0621\"  colSpan=\"5\" >ST1 - Sess\u00e3o T\u00e9cnica 1<\/th>\t\t\t\t<\/tr>\n\t\t\t<\/thead>\n\t\t\t\t\t\t<tbody class=\"tafe-table-body\">\n\t\t\t\t<tr>\n\t\t\t\t\t<\/tr><tr><td data-label=\"ST1 - Sess\u00e3o T\u00e9cnica 1\" colSpan=\"1\"  class=\"elementor-repeater-item-9385bc2 td-content-type-default\" >Segunda (29\/set)<\/td><td data-label=\"\" colSpan=\"43\"  class=\"elementor-repeater-item-e876324 td-content-type-default\" >10-12h<\/td><\/tr><tr><td data-label=\"ST1 - Sess\u00e3o T\u00e9cnica 1\"   class=\"elementor-repeater-item-612a237 td-content-type-default\" >Hor\u00e1rio<\/td><td data-label=\"\"   class=\"elementor-repeater-item-d85471b td-content-type-default\" >T\u00edtulo do Artigo<\/td><td data-label=\"\"   class=\"elementor-repeater-item-6689c1b td-content-type-default\" >Autores\/Filia\u00e7\u00f5es<\/td><\/tr><tr><td data-label=\"ST1 - Sess\u00e3o T\u00e9cnica 1\"   class=\"elementor-repeater-item-bba00e8 td-content-type-default\" >10:00-10:15<\/td><td data-label=\"\"   class=\"elementor-repeater-item-66a4890 td-content-type-default\" >Exploring Label Noise Reduction Techniques for Sleep Stage Classification Using Wearable Devices<\/td><td data-label=\"\"   class=\"elementor-repeater-item-0a819d6 td-content-type-default\" >Maria Yohanne De Oliveira Moreira (UFC)<\/br> Vinicius Cezar Monteiro de Lira (UFC)<\/br>L\u00edvia Cruz (UFC)<\/br> Jos\u00e9 Ant\u00f4nio Mac\u00eado (UFC)<\/td><\/tr><tr><td data-label=\"ST1 - Sess\u00e3o T\u00e9cnica 1\"   class=\"elementor-repeater-item-1d7d10e td-content-type-default\" >10:15-10:30<\/td><td data-label=\"\"   class=\"elementor-repeater-item-5ff7709 td-content-type-default\" >Unsupervised Acoustic Detection of Queenless Hives in Honeybees<\/td><td data-label=\"\"   class=\"elementor-repeater-item-b7a92be td-content-type-default\" >Danielo G. Gomes (UFC)<\/br>Cleiton Moreira (UFC)<\/br> \u00cdcaro Rodrigues (UFC)<\/td><\/tr><tr><td data-label=\"ST1 - Sess\u00e3o T\u00e9cnica 1\"   class=\"elementor-repeater-item-0c07794 td-content-type-default\" >10:30-10:45<\/td><td data-label=\"\"   class=\"elementor-repeater-item-6e19781 td-content-type-default\" >Detec\u00e7\u00e3o Autom\u00e1tica de Defeitos em Pavimentos via Deep Learning (YOLOv8n)<\/td><td data-label=\"\"   class=\"elementor-repeater-item-014d98c td-content-type-default\" >Nicole Batista (UFC)<\/br> Victor Oliveira (UFC)<\/br>Thiago Souza (UFC)<\/br> Mariana Castro (UFC)<\/br> Danielo G. Gomes (UFC)<\/br>Bruno Vieira Bertoncini (UFC)<\/br>Veronica Branco (UFC)<\/td><\/tr><tr><td data-label=\"ST1 - Sess\u00e3o T\u00e9cnica 1\"   class=\"elementor-repeater-item-ebaa480 td-content-type-default\" >10:45-11:00<\/td><td data-label=\"\"   class=\"elementor-repeater-item-31d1fcd td-content-type-default\" >Predi\u00e7\u00e3o de Poluentes Atmosf\u00e9ricos via M\u00e9todos de Aprendizado de M\u00e1quina<\/td><td data-label=\"\"   class=\"elementor-repeater-item-628e0b7 td-content-type-default\" >Geovana Souza (UFC)<\/br>Thiago Souza (UFC)<\/br> Nicole Batista (UFC)<\/br> Bruno Vieira Bertoncini (UFC)<\/br>Danielo G. Gomes (UFC)<\/td><\/tr><tr><td data-label=\"ST1 - Sess\u00e3o T\u00e9cnica 1\"   class=\"elementor-repeater-item-15dba7f td-content-type-default\" >11:00-11:15<\/td><td data-label=\"\"   class=\"elementor-repeater-item-ffa6233 td-content-type-default\" >Modelo sem\u00e2ntico de recupera\u00e7\u00e3o da informa\u00e7\u00e3o para recomenda\u00e7\u00e3o de revistas cient\u00edficas<\/td><td data-label=\"\"   class=\"elementor-repeater-item-1932a1e td-content-type-default\" >Renan Batista (IFCE)<\/br>Fabio Lorensi do Canto (IBICT)<\/br>Washington Lu\u00eds de Carvalho-Segundo (UnB)<\/br>Thiago Magela Rodrigues Dias (CEFET-MG)<\/td><\/tr><tr><td data-label=\"ST1 - Sess\u00e3o T\u00e9cnica 1\"   class=\"elementor-repeater-item-4a4ba27 td-content-type-default\" >11:15-11:30<\/td><td data-label=\"\"   class=\"elementor-repeater-item-ca2fddf td-content-type-default\" >Financial Forecasting Using ESG Indicators: A Random Forest-Based Predictive Approach<\/td><td data-label=\"\"   class=\"elementor-repeater-item-e2fe5cc td-content-type-default\" >Marco Antonio Sousa Santos (UTFPR)<\/br>Andre Ortoncelli (UTFPR)<\/br> Adriano Rivolli (UTFPR)<\/td><\/tr><tr><td data-label=\"ST1 - Sess\u00e3o T\u00e9cnica 1\"   class=\"elementor-repeater-item-f7250fb td-content-type-default\" >11:30-11:45<\/td><td data-label=\"\"   class=\"elementor-repeater-item-a3fe2b6 td-content-type-default\" >Explicabilidade de LLMs usando Grafos de Ativa\u00e7\u00e3o de Regi\u00f5es Neurais (NRAGs)<\/td><td data-label=\"\"   class=\"elementor-repeater-item-7dd3065 td-content-type-default\" >Luiz Celso Gomes Jr (UTFPR)<\/br>Andr\u00e9 Santanch\u00e8 (UNICAMP)<\/br> Mateus Fig\u00eanio (UTFPR)<\/br> Luiz Felipe Costa (UNICAMP)<\/td><\/tr><tr><td data-label=\"ST1 - Sess\u00e3o T\u00e9cnica 1\"   class=\"elementor-repeater-item-5032d51 td-content-type-default\" >11:45-12:00<\/td><td data-label=\"\"   class=\"elementor-repeater-item-06d4ea5 td-content-type-default\" >Explorando Bases de Dados Longitudinais via An\u00e1lise Tri\u00e1dica \u2013 COVID-19<\/td><td data-label=\"\"   class=\"elementor-repeater-item-9932ff9 td-content-type-default\" >Jo\u00e3o Pedro Santos Pereira (PUC Minas)<\/br>Luis Z\u00e1rate (PUC Minas)<\/br>Mark Song (PUC Minas)<\/td>\t\t\t\t<\/tr>\n\t\t\t<\/tbody>\n\t\t<\/table>\n\t\t\n\t\t\t\t\t\t<\/div>\n\t\t\t\t<\/div>\n\t\t\t\t<div class=\"elementor-element elementor-element-232f2ed elementor-widget elementor-widget-Table\" data-id=\"232f2ed\" data-element_type=\"widget\" data-e-type=\"widget\" data-widget_type=\"Table.default\">\n\t\t\t\t<div class=\"elementor-widget-container\">\n\t\t\t\t\t\t\t<table class=\"tafe-table \">\n\t\t\t<thead  class=\"tafe-table-header\">\n\t\t\t\t<tr>\n\t\t\t\t\t<th class=\"elementor-inline-editing elementor-repeater-item-75f0621\"  colSpan=\"5\" >ST2 - Sess\u00e3o T\u00e9cnica 2<\/th>\t\t\t\t<\/tr>\n\t\t\t<\/thead>\n\t\t\t\t\t\t<tbody class=\"tafe-table-body\">\n\t\t\t\t<tr>\n\t\t\t\t\t<\/tr><tr><td data-label=\"ST2 - Sess\u00e3o T\u00e9cnica 2\" colSpan=\"1\"  class=\"elementor-repeater-item-9385bc2 td-content-type-default\" >Segunda (29\/set)<\/td><td data-label=\"\" colSpan=\"43\"  class=\"elementor-repeater-item-e876324 td-content-type-default\" >13:30-16h<\/td><\/tr><tr><td data-label=\"ST2 - Sess\u00e3o T\u00e9cnica 2\"   class=\"elementor-repeater-item-612a237 td-content-type-default\" >Hor\u00e1rio<\/td><td data-label=\"\"   class=\"elementor-repeater-item-d85471b td-content-type-default\" >T\u00edtulo do Artigo<\/td><td data-label=\"\"   class=\"elementor-repeater-item-6689c1b td-content-type-default\" >Autores\/Filia\u00e7\u00f5es<\/td><\/tr><tr><td data-label=\"ST2 - Sess\u00e3o T\u00e9cnica 2\"   class=\"elementor-repeater-item-bba00e8 td-content-type-default\" >13:30-13:45<\/td><td data-label=\"\"   class=\"elementor-repeater-item-66a4890 td-content-type-default\" >RepoAir: Reposit\u00f3rio de Dados para Monitoramento em Tempo Real da Qualidade do Ar<\/td><td data-label=\"\"   class=\"elementor-repeater-item-0a819d6 td-content-type-default\" >Thiago Iachiley (UFC)<\/br>Jairo Brito (UFC)<\/br> Bruno Vieira Bertoncini (UFC)<\/br> Danielo G. Gomes (UFC)<\/td><\/tr><tr><td data-label=\"ST2 - Sess\u00e3o T\u00e9cnica 2\"   class=\"elementor-repeater-item-1d7d10e td-content-type-default\" >13:45-14:00<\/td><td data-label=\"\"   class=\"elementor-repeater-item-5ff7709 td-content-type-default\" >BrCris: Uma Plataforma para Integra\u00e7\u00e3o, Interoperabilidade e An\u00e1lises da Produ\u00e7\u00e3o Cient\u00edfica Brasileira<\/td><td data-label=\"\"   class=\"elementor-repeater-item-b7a92be td-content-type-default\" >Thiago Dias (CEFET-MG)<\/br> Washington Lu\u00eds de Carvalho-Segundo (UnB)<\/br> Marcel Souza (IBICT), Fabio Canto (IBICT)<\/br>Renan Batista (IFCE)<\/td><\/tr><tr><td data-label=\"ST2 - Sess\u00e3o T\u00e9cnica 2\"   class=\"elementor-repeater-item-0c07794 td-content-type-default\" >14:00-14:15<\/td><td data-label=\"\"   class=\"elementor-repeater-item-6e19781 td-content-type-default\" >UniTED: A Unified Time Series Event Detection Repository<\/td><td data-label=\"\"   class=\"elementor-repeater-item-014d98c td-content-type-default\" >Janio Lima (CEFET-RJ)<\/br> Luiz Oliveira (CEFET-RJ)<\/br> Helio Castro (CEFET-RJ)<\/br> Ellen Silva (CEFET-RJ)<\/br>Lais Baroni (CEFET-RJ)<\/br> Rebecca Salles (INRIA)<\/br>Ricardo Vargas (Petrobras)<\/br> Eduardo Ogasawara (CEFET-RJ)<\/td><\/tr><tr><td data-label=\"ST2 - Sess\u00e3o T\u00e9cnica 2\"   class=\"elementor-repeater-item-ebaa480 td-content-type-default\" >14:15-14:30<\/td><td data-label=\"\"   class=\"elementor-repeater-item-31d1fcd td-content-type-default\" >From ANVISA leaflets to extended interoperability with global health databases<\/td><td data-label=\"\"   class=\"elementor-repeater-item-628e0b7 td-content-type-default\" >M\u00e1rcia Martins (UNICAMP)<\/br> Claudia Bauzer Medeiros (UNICAMP)<\/td><\/tr><tr><td data-label=\"ST2 - Sess\u00e3o T\u00e9cnica 2\"   class=\"elementor-repeater-item-15dba7f td-content-type-default\" >14:30-14:45<\/td><td data-label=\"\"   class=\"elementor-repeater-item-ffa6233 td-content-type-default\" >Em Busca de uma Infraestrutura Aberta para Experimentos de Aprendizado Profundo (DLProv + Dataverse)<\/td><td data-label=\"\"   class=\"elementor-repeater-item-1932a1e td-content-type-default\" >D\u00e9bora Pina (COPPE\/UFRJ)<\/br>Liliane Kunstmann (Mendelics)<\/br>Marta Mattoso (COPPE\/UFRJ)<\/br>Marcos Lage (UFF)<\/br> Daniel de Oliveira (UFF)<\/td><\/tr><tr><td data-label=\"ST2 - Sess\u00e3o T\u00e9cnica 2\"   class=\"elementor-repeater-item-4a4ba27 td-content-type-default\" >14:45-15:00<\/td><td data-label=\"\"   class=\"elementor-repeater-item-ca2fddf td-content-type-default\" >Avalia\u00e7\u00e3o da Capacidade de LLMs para Especificar Workflows<\/td><td data-label=\"\"   class=\"elementor-repeater-item-e2fe5cc td-content-type-default\" >Paula Woyames (UFF)<\/br>Liliane Kunstmann (Mendelics)<\/br> D\u00e9bora Pina (COPPE\/UFRJ)<\/br> Marta Mattoso (COPPE\/UFRJ)<\/br> Daniel de Oliveira (UFF)<\/td><\/tr><tr><td data-label=\"ST2 - Sess\u00e3o T\u00e9cnica 2\"   class=\"elementor-repeater-item-f7250fb td-content-type-default\" >15:00-15:15<\/td><td data-label=\"\"   class=\"elementor-repeater-item-a3fe2b6 td-content-type-default\" >Exploratory Analysis of Spatiotemporal Patterns in Meteorological Data<\/td><td data-label=\"\"   class=\"elementor-repeater-item-7dd3065 td-content-type-default\" >Rosa Encinas (USP)<\/br>Felipe Almeida (USP)<\/br> Danielle S Monteiro (USP)<\/br>Pedro Luiz Pizzigatti Corr\u00eaa (USP)<\/td><\/tr><tr><td data-label=\"ST2 - Sess\u00e3o T\u00e9cnica 2\"   class=\"elementor-repeater-item-5032d51 td-content-type-default\" >15:15-15:30<\/td><td data-label=\"\"   class=\"elementor-repeater-item-06d4ea5 td-content-type-default\" >An\u00e1lise de IA Explic\u00e1vel na Detec\u00e7\u00e3o de Gases nos Solos<\/td><td data-label=\"\"   class=\"elementor-repeater-item-9932ff9 td-content-type-default\" >Felipe Almeida (USP)<\/br> Rosa Encinas (USP)<\/br> Danielle S Monteiro (USP)<\/br> Leandro de Freitas (IPT)<\/br> Pedro Luiz Pizzigatti Corr\u00eaa (USP)<\/td><\/tr><tr><td data-label=\"ST2 - Sess\u00e3o T\u00e9cnica 2\"   class=\"elementor-repeater-item-7389910 td-content-type-default\" >15:30-15:45<\/td><td data-label=\"\"   class=\"elementor-repeater-item-01ae30a td-content-type-default\" >An\u00e1lise Experimental de Modelos Preditivos para Previs\u00e3o da Demanda por Vagas na Rede P\u00fablica de Ensino<\/td><td data-label=\"\"   class=\"elementor-repeater-item-c993d57 td-content-type-default\" >Lucas Praxedes (UERN)<\/br>Lenardo Silva (UERN)<\/br>Bruno Pimentel (UFAL<\/br> Rafael de Amorim Silva (UFAL)<\/br> Breno Jacinto Duarte da Costa (IFAL)<\/td>\t\t\t\t<\/tr>\n\t\t\t<\/tbody>\n\t\t<\/table>\n\t\t\n\t\t\t\t\t\t<\/div>\n\t\t\t\t<\/div>\n\t\t\t\t<\/div>\n\t\t<div class=\"elementor-element elementor-element-6d1f2bf e-con-full e-flex e-con e-parent\" data-id=\"6d1f2bf\" data-element_type=\"container\" data-e-type=\"container\">\n\t\t\t\t<\/div>\n\t\t\t\t<\/div>\n\t\t","protected":false},"excerpt":{"rendered":"<p>BreSci ST1 &#8211; Sess\u00e3o T\u00e9cnica 1 Segunda (29\/set) 10-12h Hor\u00e1rio T\u00edtulo do Artigo Autores\/Filia\u00e7\u00f5es 10:00-10:15 Exploring Label Noise Reduction Techniques for Sleep Stage Classification Using Wearable Devices Maria Yohanne De Oliveira Moreira (UFC) Vinicius Cezar Monteiro de Lira (UFC)L\u00edvia Cruz (UFC) Jos\u00e9 Ant\u00f4nio Mac\u00eado (UFC) 10:15-10:30 Unsupervised Acoustic Detection of Queenless Hives in Honeybees Danielo [&hellip;]<\/p>\n","protected":false},"author":2,"featured_media":0,"parent":0,"menu_order":0,"comment_status":"closed","ping_status":"closed","template":"","meta":{"footnotes":""},"class_list":["post-5362","page","type-page","status-publish","hentry"],"_links":{"self":[{"href":"https:\/\/sbbd.org.br\/2025\/wp-json\/wp\/v2\/pages\/5362","targetHints":{"allow":["GET"]}}],"collection":[{"href":"https:\/\/sbbd.org.br\/2025\/wp-json\/wp\/v2\/pages"}],"about":[{"href":"https:\/\/sbbd.org.br\/2025\/wp-json\/wp\/v2\/types\/page"}],"author":[{"embeddable":true,"href":"https:\/\/sbbd.org.br\/2025\/wp-json\/wp\/v2\/users\/2"}],"replies":[{"embeddable":true,"href":"https:\/\/sbbd.org.br\/2025\/wp-json\/wp\/v2\/comments?post=5362"}],"version-history":[{"count":9,"href":"https:\/\/sbbd.org.br\/2025\/wp-json\/wp\/v2\/pages\/5362\/revisions"}],"predecessor-version":[{"id":6300,"href":"https:\/\/sbbd.org.br\/2025\/wp-json\/wp\/v2\/pages\/5362\/revisions\/6300"}],"wp:attachment":[{"href":"https:\/\/sbbd.org.br\/2025\/wp-json\/wp\/v2\/media?parent=5362"}],"curies":[{"name":"wp","href":"https:\/\/api.w.org\/{rel}","templated":true}]}}