{"id":5342,"date":"2025-09-02T20:02:43","date_gmt":"2025-09-02T23:02:43","guid":{"rendered":"https:\/\/sbbd.org.br\/2025\/?page_id=5342"},"modified":"2025-09-15T22:01:17","modified_gmt":"2025-09-16T01:01:17","slug":"ctdbd-programacao","status":"publish","type":"page","link":"https:\/\/sbbd.org.br\/2025\/ctdbd-programacao\/","title":{"rendered":"CTDBD &#8211; Programa\u00e7\u00e3o"},"content":{"rendered":"\t\t<div data-elementor-type=\"wp-page\" data-elementor-id=\"5342\" class=\"elementor elementor-5342\">\n\t\t\t\t<div class=\"elementor-element elementor-element-567e7c7 e-con-full e-flex e-con e-parent\" data-id=\"567e7c7\" data-element_type=\"container\" data-e-type=\"container\" data-settings=\"{&quot;background_background&quot;:&quot;classic&quot;}\">\n\t\t\t\t<div class=\"elementor-element elementor-element-865a55e elementor-widget elementor-widget-heading\" data-id=\"865a55e\" data-element_type=\"widget\" data-e-type=\"widget\" data-widget_type=\"heading.default\">\n\t\t\t\t<div class=\"elementor-widget-container\">\n\t\t\t\t\t<h2 class=\"elementor-heading-title elementor-size-default\">CTDBD<\/h2>\t\t\t\t<\/div>\n\t\t\t\t<\/div>\n\t\t<div class=\"elementor-element elementor-element-34fd088 e-con-full e-flex e-con e-child\" data-id=\"34fd088\" data-element_type=\"container\" data-e-type=\"container\" data-settings=\"{&quot;background_background&quot;:&quot;classic&quot;}\">\n\t\t\t\t<\/div>\n\t\t\t\t<\/div>\n\t\t<div class=\"elementor-element elementor-element-2118654 e-con-full e-flex e-con e-parent\" data-id=\"2118654\" data-element_type=\"container\" data-e-type=\"container\">\n\t\t\t\t<div class=\"elementor-element elementor-element-5fecd59 elementor-widget elementor-widget-Table\" data-id=\"5fecd59\" data-element_type=\"widget\" data-e-type=\"widget\" data-widget_type=\"Table.default\">\n\t\t\t\t<div class=\"elementor-widget-container\">\n\t\t\t\t\t\t\t<table class=\"tafe-table \">\n\t\t\t<thead  class=\"tafe-table-header\">\n\t\t\t\t<tr>\n\t\t\t\t\t<th class=\"elementor-inline-editing elementor-repeater-item-75f0621\"  colSpan=\"5\" >CTDBD - Concurso de Teses e Disserta\u00e7\u00f5es em Banco de Dados - Chair: Val\u00e9ria Times<\/th>\t\t\t\t<\/tr>\n\t\t\t<\/thead>\n\t\t\t\t\t\t<tbody class=\"tafe-table-body\">\n\t\t\t\t<tr>\n\t\t\t\t\t<\/tr><tr><td data-label=\"CTDBD - Concurso de Teses e Disserta\u00e7\u00f5es em Banco de Dados - Chair: Val\u00e9ria Times\" colSpan=\"1\"  class=\"elementor-repeater-item-9385bc2 td-content-type-default\" >Quarta (01\/out)<\/td><td data-label=\"\" colSpan=\"43\"  class=\"elementor-repeater-item-e876324 td-content-type-default\" >8:00 \u2013 10:00h<\/td><\/tr><tr><td data-label=\"CTDBD - Concurso de Teses e Disserta\u00e7\u00f5es em Banco de Dados - Chair: Val\u00e9ria Times\"   class=\"elementor-repeater-item-bba00e8 td-content-type-default\" >08:00<\/td><td data-label=\"\" colSpan=\"2\"  class=\"elementor-repeater-item-66a4890 td-content-type-default\" >Abertura da Sess\u00e3o (Chair)<\/td><\/tr><tr><td data-label=\"CTDBD - Concurso de Teses e Disserta\u00e7\u00f5es em Banco de Dados - Chair: Val\u00e9ria Times\"   class=\"elementor-repeater-item-1d7d10e td-content-type-default\" >08:05<\/td><td data-label=\"\"   class=\"elementor-repeater-item-5ff7709 td-content-type-default\" >Melhor Disserta\u00e7\u00e3o: CarboFarm: Data Integration and Knowledge Generation for Agricultural GHG Inventories<\/td><td data-label=\"\"   class=\"elementor-repeater-item-b7a92be td-content-type-default\" >Luiz Fernando Santos (UFJF)<\/br>\nOrientadora: Regina Braga<\/td><\/tr><tr><td data-label=\"CTDBD - Concurso de Teses e Disserta\u00e7\u00f5es em Banco de Dados - Chair: Val\u00e9ria Times\"   class=\"elementor-repeater-item-0c07794 td-content-type-default\" >08:35<\/td><td data-label=\"\"   class=\"elementor-repeater-item-6e19781 td-content-type-default\" >Melhor Tese: A Comprehensive Exploitation of Instance Selection Methods for Automatic Text Classification - \u201cDoing More with Less\u201d<\/td><td data-label=\"\"   class=\"elementor-repeater-item-014d98c td-content-type-default\" >Washington Cunha (UFMG)<\/br>\nOrientador: Marcos A. Gon\u00e7alves (UFMG)<\/td><\/tr><tr><td data-label=\"CTDBD - Concurso de Teses e Disserta\u00e7\u00f5es em Banco de Dados - Chair: Val\u00e9ria Times\"   class=\"elementor-repeater-item-ebaa480 td-content-type-default\" >09:05<\/td><td data-label=\"\"   class=\"elementor-repeater-item-31d1fcd td-content-type-default\" >Painel: Interdisciplinaridade e Inova\u00e7\u00e3o \u2013 como conectar \u00e1reas distintas para resolver problemas complexos?<\/td><td data-label=\"\"   class=\"elementor-repeater-item-628e0b7 td-content-type-default\" >Modera\u00e7\u00e3o: Val\u00e9ria Times Finalistas do CTDBD 2025<\/td><\/tr><tr><td data-label=\"CTDBD - Concurso de Teses e Disserta\u00e7\u00f5es em Banco de Dados - Chair: Val\u00e9ria Times\"   class=\"elementor-repeater-item-0e13970 td-content-type-default\" >10:00<\/td><td data-label=\"\" colSpan=\"2\"  class=\"elementor-repeater-item-1cc6fab td-content-type-default\" >T\u00e9rmino<\/td>\t\t\t\t<\/tr>\n\t\t\t<\/tbody>\n\t\t<\/table>\n\t\t\n\t\t\t\t\t\t<\/div>\n\t\t\t\t<\/div>\n\t\t\t\t<\/div>\n\t\t<div class=\"elementor-element elementor-element-6d1f2bf e-con-full e-flex e-con e-parent\" data-id=\"6d1f2bf\" data-element_type=\"container\" data-e-type=\"container\">\n\t\t\t\t<\/div>\n\t\t\t\t<\/div>\n\t\t","protected":false},"excerpt":{"rendered":"<p>CTDBD CTDBD &#8211; Concurso de Teses e Disserta\u00e7\u00f5es em Banco de Dados &#8211; Chair: Val\u00e9ria Times Quarta (01\/out) 8:00 \u2013 10:00h 08:00 Abertura da Sess\u00e3o (Chair) 08:05 Melhor Disserta\u00e7\u00e3o: CarboFarm: Data Integration and Knowledge Generation for Agricultural GHG Inventories Luiz Fernando Santos (UFJF) Orientadora: Regina Braga 08:35 Melhor Tese: A Comprehensive Exploitation of Instance Selection [&hellip;]<\/p>\n","protected":false},"author":2,"featured_media":0,"parent":0,"menu_order":0,"comment_status":"closed","ping_status":"closed","template":"","meta":{"footnotes":""},"class_list":["post-5342","page","type-page","status-publish","hentry"],"_links":{"self":[{"href":"https:\/\/sbbd.org.br\/2025\/wp-json\/wp\/v2\/pages\/5342","targetHints":{"allow":["GET"]}}],"collection":[{"href":"https:\/\/sbbd.org.br\/2025\/wp-json\/wp\/v2\/pages"}],"about":[{"href":"https:\/\/sbbd.org.br\/2025\/wp-json\/wp\/v2\/types\/page"}],"author":[{"embeddable":true,"href":"https:\/\/sbbd.org.br\/2025\/wp-json\/wp\/v2\/users\/2"}],"replies":[{"embeddable":true,"href":"https:\/\/sbbd.org.br\/2025\/wp-json\/wp\/v2\/comments?post=5342"}],"version-history":[{"count":5,"href":"https:\/\/sbbd.org.br\/2025\/wp-json\/wp\/v2\/pages\/5342\/revisions"}],"predecessor-version":[{"id":5912,"href":"https:\/\/sbbd.org.br\/2025\/wp-json\/wp\/v2\/pages\/5342\/revisions\/5912"}],"wp:attachment":[{"href":"https:\/\/sbbd.org.br\/2025\/wp-json\/wp\/v2\/media?parent=5342"}],"curies":[{"name":"wp","href":"https:\/\/api.w.org\/{rel}","templated":true}]}}