{"id":5336,"date":"2025-09-02T19:49:44","date_gmt":"2025-09-02T22:49:44","guid":{"rendered":"https:\/\/sbbd.org.br\/2025\/?page_id=5336"},"modified":"2025-09-02T19:58:48","modified_gmt":"2025-09-02T22:58:48","slug":"tutoriais-final","status":"publish","type":"page","link":"https:\/\/sbbd.org.br\/2025\/tutoriais-final\/","title":{"rendered":"Tutoriais"},"content":{"rendered":"\t\t<div data-elementor-type=\"wp-page\" data-elementor-id=\"5336\" class=\"elementor elementor-5336\">\n\t\t\t\t<div class=\"elementor-element elementor-element-567e7c7 e-con-full e-flex e-con e-parent\" data-id=\"567e7c7\" data-element_type=\"container\" data-e-type=\"container\" data-settings=\"{&quot;background_background&quot;:&quot;classic&quot;}\">\n\t\t\t\t<div class=\"elementor-element elementor-element-865a55e elementor-widget elementor-widget-heading\" data-id=\"865a55e\" data-element_type=\"widget\" data-e-type=\"widget\" data-widget_type=\"heading.default\">\n\t\t\t\t<div class=\"elementor-widget-container\">\n\t\t\t\t\t<h2 class=\"elementor-heading-title elementor-size-default\">TUTORIAIS<\/h2>\t\t\t\t<\/div>\n\t\t\t\t<\/div>\n\t\t<div class=\"elementor-element elementor-element-34fd088 e-con-full e-flex e-con e-child\" data-id=\"34fd088\" data-element_type=\"container\" data-e-type=\"container\" data-settings=\"{&quot;background_background&quot;:&quot;classic&quot;}\">\n\t\t\t\t<\/div>\n\t\t\t\t<\/div>\n\t\t<div class=\"elementor-element elementor-element-2118654 e-con-full e-flex e-con e-parent\" data-id=\"2118654\" data-element_type=\"container\" data-e-type=\"container\">\n\t\t\t\t<div class=\"elementor-element elementor-element-81188d9 elementor-widget elementor-widget-Table\" data-id=\"81188d9\" data-element_type=\"widget\" data-e-type=\"widget\" data-widget_type=\"Table.default\">\n\t\t\t\t<div class=\"elementor-widget-container\">\n\t\t\t\t\t\t\t<table class=\"tafe-table \">\n\t\t\t<thead  class=\"tafe-table-header\">\n\t\t\t\t<tr>\n\t\t\t\t\t<th class=\"elementor-inline-editing elementor-repeater-item-75f0621\"  colSpan=\"5\" >Tutoriais<\/th>\t\t\t\t<\/tr>\n\t\t\t<\/thead>\n\t\t\t\t\t\t<tbody class=\"tafe-table-body\">\n\t\t\t\t<tr>\n\t\t\t\t\t<\/tr><tr><td data-label=\"Tutoriais\"   class=\"elementor-repeater-item-612a237 td-content-type-default\" >Data<\/td><td data-label=\"\"   class=\"elementor-repeater-item-9385bc2 td-content-type-default\" >Hor\u00e1rio<\/td><td data-label=\"\"   class=\"elementor-repeater-item-59688c0 td-content-type-default\" >Tutorial<\/td><td data-label=\"\"   class=\"elementor-repeater-item-e7a8d87 td-content-type-default\" >T\u00edtulo<\/td><\/tr><tr><td data-label=\"Tutoriais\"   class=\"elementor-repeater-item-bba00e8 td-content-type-default\" >29\/09<\/td><td data-label=\"\"   class=\"elementor-repeater-item-8f52a84 td-content-type-default\" >16:30-18:30<\/td><td data-label=\"\"   class=\"elementor-repeater-item-00e815e td-content-type-default\" >Tutorial 1<\/td><td data-label=\"\"   class=\"elementor-repeater-item-0a819d6 td-content-type-default\" >LLMs N\u00e3o S\u00e3o Garantidos - Avaliando LLMs: M\u00e9tricas, Benchmarks, T\u00e9cnicas Autom\u00e1ticas e Considera\u00e7\u00f5es \u00c9ticas<\/td><\/tr><tr><td data-label=\"Tutoriais\"   class=\"elementor-repeater-item-be23c62 td-content-type-default\" >30\/09<\/td><td data-label=\"\"   class=\"elementor-repeater-item-d522efc td-content-type-default\" >08:00-10:00<\/td><td data-label=\"\"   class=\"elementor-repeater-item-5baa91a td-content-type-default\" >Tutorial 2 - parte 1<\/td><td data-label=\"\"   class=\"elementor-repeater-item-ddfba41 td-content-type-default\" >Intelig\u00eancia Artificial Sustent\u00e1vel baseado em Engenharia de Dados, Aprendizado de M\u00e1quina e <\/br>Transfer\u00eancia de Conhecimento para Processamento de Linguagem Natural<\/td><\/tr><tr><td data-label=\"Tutoriais\"   class=\"elementor-repeater-item-207c354 td-content-type-default\" >30\/09<\/td><td data-label=\"\"   class=\"elementor-repeater-item-66a4890 td-content-type-default\" >14:00-16:00<\/td><td data-label=\"\"   class=\"elementor-repeater-item-1c55f57 td-content-type-default\" >Tutorial 2 - parte 2<\/td><td data-label=\"\"   class=\"elementor-repeater-item-e7e17b4 td-content-type-default\" >Intelig\u00eancia Artificial Sustent\u00e1vel baseado em Engenharia de Dados, Aprendizado de M\u00e1quina e Transfer\u00eancia de<\/br> Conhecimento para Processamento de Linguagem Natural<\/td><\/tr><tr><td data-label=\"Tutoriais\"   class=\"elementor-repeater-item-1a001cd td-content-type-default\" >01\/10<\/td><td data-label=\"\"   class=\"elementor-repeater-item-bece2a8 td-content-type-default\" >08:00-10:00<\/td><td data-label=\"\"   class=\"elementor-repeater-item-96523ec td-content-type-default\" >Tutorial 3<\/td><td data-label=\"\"   class=\"elementor-repeater-item-5f753df td-content-type-default\" >RAG em Bancos de Dados Multimodais: Orquestrando Recupera\u00e7\u00e3o Textual, Vetorial e em Grafo<\/td>\t\t\t\t<\/tr>\n\t\t\t<\/tbody>\n\t\t<\/table>\n\t\t\n\t\t\t\t\t\t<\/div>\n\t\t\t\t<\/div>\n\t\t\t\t<\/div>\n\t\t<div class=\"elementor-element elementor-element-6d1f2bf e-con-full e-flex e-con e-parent\" data-id=\"6d1f2bf\" data-element_type=\"container\" data-e-type=\"container\">\n\t\t\t\t<\/div>\n\t\t\t\t<\/div>\n\t\t","protected":false},"excerpt":{"rendered":"<p>TUTORIAIS Tutoriais Data Hor\u00e1rio Tutorial T\u00edtulo 29\/09 16:30-18:30 Tutorial 1 LLMs N\u00e3o S\u00e3o Garantidos &#8211; Avaliando LLMs: M\u00e9tricas, Benchmarks, T\u00e9cnicas Autom\u00e1ticas e Considera\u00e7\u00f5es \u00c9ticas 30\/09 08:00-10:00 Tutorial 2 &#8211; parte 1 Intelig\u00eancia Artificial Sustent\u00e1vel baseado em Engenharia de Dados, Aprendizado de M\u00e1quina e Transfer\u00eancia de Conhecimento para Processamento de Linguagem Natural 30\/09 14:00-16:00 Tutorial 2 [&hellip;]<\/p>\n","protected":false},"author":2,"featured_media":0,"parent":0,"menu_order":0,"comment_status":"closed","ping_status":"closed","template":"","meta":{"footnotes":""},"class_list":["post-5336","page","type-page","status-publish","hentry"],"_links":{"self":[{"href":"https:\/\/sbbd.org.br\/2025\/wp-json\/wp\/v2\/pages\/5336","targetHints":{"allow":["GET"]}}],"collection":[{"href":"https:\/\/sbbd.org.br\/2025\/wp-json\/wp\/v2\/pages"}],"about":[{"href":"https:\/\/sbbd.org.br\/2025\/wp-json\/wp\/v2\/types\/page"}],"author":[{"embeddable":true,"href":"https:\/\/sbbd.org.br\/2025\/wp-json\/wp\/v2\/users\/2"}],"replies":[{"embeddable":true,"href":"https:\/\/sbbd.org.br\/2025\/wp-json\/wp\/v2\/comments?post=5336"}],"version-history":[{"count":4,"href":"https:\/\/sbbd.org.br\/2025\/wp-json\/wp\/v2\/pages\/5336\/revisions"}],"predecessor-version":[{"id":5341,"href":"https:\/\/sbbd.org.br\/2025\/wp-json\/wp\/v2\/pages\/5336\/revisions\/5341"}],"wp:attachment":[{"href":"https:\/\/sbbd.org.br\/2025\/wp-json\/wp\/v2\/media?parent=5336"}],"curies":[{"name":"wp","href":"https:\/\/api.w.org\/{rel}","templated":true}]}}