{"id":5188,"date":"2025-09-01T14:37:51","date_gmt":"2025-09-01T17:37:51","guid":{"rendered":"https:\/\/sbbd.org.br\/2025\/?page_id=5188"},"modified":"2025-09-21T12:59:42","modified_gmt":"2025-09-21T15:59:42","slug":"wtdbd-programacao","status":"publish","type":"page","link":"https:\/\/sbbd.org.br\/2025\/wtdbd-programacao\/","title":{"rendered":"WTDBD &#8211; Programa\u00e7\u00e3o"},"content":{"rendered":"\t\t<div data-elementor-type=\"wp-page\" data-elementor-id=\"5188\" class=\"elementor elementor-5188\">\n\t\t\t\t<div class=\"elementor-element elementor-element-567e7c7 e-con-full e-flex e-con e-parent\" data-id=\"567e7c7\" data-element_type=\"container\" data-e-type=\"container\" data-settings=\"{&quot;background_background&quot;:&quot;classic&quot;}\">\n\t\t\t\t<div class=\"elementor-element elementor-element-865a55e elementor-widget elementor-widget-heading\" data-id=\"865a55e\" data-element_type=\"widget\" data-e-type=\"widget\" data-widget_type=\"heading.default\">\n\t\t\t\t<div class=\"elementor-widget-container\">\n\t\t\t\t\t<h2 class=\"elementor-heading-title elementor-size-default\">WTDBD<\/h2>\t\t\t\t<\/div>\n\t\t\t\t<\/div>\n\t\t<div class=\"elementor-element elementor-element-34fd088 e-con-full e-flex e-con e-child\" data-id=\"34fd088\" data-element_type=\"container\" data-e-type=\"container\" data-settings=\"{&quot;background_background&quot;:&quot;classic&quot;}\">\n\t\t\t\t<\/div>\n\t\t\t\t<\/div>\n\t\t<div class=\"elementor-element elementor-element-2118654 e-con-full e-flex e-con e-parent\" data-id=\"2118654\" data-element_type=\"container\" data-e-type=\"container\">\n\t\t\t\t<div class=\"elementor-element elementor-element-5fecd59 elementor-widget elementor-widget-Table\" data-id=\"5fecd59\" data-element_type=\"widget\" data-e-type=\"widget\" data-widget_type=\"Table.default\">\n\t\t\t\t<div class=\"elementor-widget-container\">\n\t\t\t\t\t\t\t<table class=\"tafe-table \">\n\t\t\t<thead  class=\"tafe-table-header\">\n\t\t\t\t<tr>\n\t\t\t\t\t<th class=\"elementor-inline-editing elementor-repeater-item-75f0621\"  colSpan=\"5\" >ST1 - Sess\u00e3o T\u00e9cnica 1<\/th>\t\t\t\t<\/tr>\n\t\t\t<\/thead>\n\t\t\t\t\t\t<tbody class=\"tafe-table-body\">\n\t\t\t\t<tr>\n\t\t\t\t\t<\/tr><tr><td data-label=\"ST1 - Sess\u00e3o T\u00e9cnica 1\" colSpan=\"1\"  class=\"elementor-repeater-item-9385bc2 td-content-type-default\" >Quarta (01\/out)<\/td><td data-label=\"\" colSpan=\"43\"  class=\"elementor-repeater-item-e876324 td-content-type-default\" >Coordenadora: Maria Camila Nardini Barioni <\/td><\/tr><tr><td data-label=\"ST1 - Sess\u00e3o T\u00e9cnica 1\"   class=\"elementor-repeater-item-612a237 td-content-type-default\" >Hor\u00e1rio<\/td><td data-label=\"\"   class=\"elementor-repeater-item-d85471b td-content-type-default\" >T\u00edtulo do Artigo<\/td><td data-label=\"\"   class=\"elementor-repeater-item-6689c1b td-content-type-default\" >Autores\/Filia\u00e7\u00f5es<\/td><td data-label=\"\"   class=\"elementor-repeater-item-04c724e td-content-type-default\" >N\u00edvel<\/td><td data-label=\"\"   class=\"elementor-repeater-item-4e53628 td-content-type-default\" >Banca<\/td><\/tr><tr><td data-label=\"ST1 - Sess\u00e3o T\u00e9cnica 1\"   class=\"elementor-repeater-item-bba00e8 td-content-type-default\" >14:00-14:30<\/td><td data-label=\"\"   class=\"elementor-repeater-item-66a4890 td-content-type-default\" >Discovery of Denial Constraints Using Specialized Hardware Processors<\/td><td data-label=\"\"   class=\"elementor-repeater-item-0a819d6 td-content-type-default\" >Sergio Luiz Marques Filho (UFPR)<\/br>Eduardo Cunha de Almeida (UFPR)<\/td><td data-label=\"\"   class=\"elementor-repeater-item-a93467c td-content-type-default\" >Doutorado<\/td><td data-label=\"\"   class=\"elementor-repeater-item-ea73921 td-content-type-default\" >Eduardo Ogasawara (CEFET\/RJ)<\/br> Leonardo Andrade Ribeiro (UFG)<\/td><\/tr><tr><td data-label=\"ST1 - Sess\u00e3o T\u00e9cnica 1\"   class=\"elementor-repeater-item-1d7d10e td-content-type-default\" >14:30-15:00<\/td><td data-label=\"\"   class=\"elementor-repeater-item-5ff7709 td-content-type-default\" >Classifica\u00e7\u00e3o e cariotipagem de imagens de Cromossomos Humanos<\/br> com Redes Neurais Convolucionais e Aprendizado de Conjunto<\/td><td data-label=\"\"   class=\"elementor-repeater-item-b7a92be td-content-type-default\" >Francisco das C. Imperes Filho (UFPI)<\/br>Vinicius P. Machado (UFPI)<\/br>Arlino Magalh\u00e3es (UFPI)<\/br> Rodrigo de M. S. Veras (UFPI)<\/td><td data-label=\"\"   class=\"elementor-repeater-item-fdd96db td-content-type-default\" >Doutorado<\/td><td data-label=\"\"   class=\"elementor-repeater-item-02c0d02 td-content-type-default\" >Mirela Cazzolato (USP)<\/br>\nEnzo Seraphim (UNIFEI)<\/td><\/tr><tr><td data-label=\"ST1 - Sess\u00e3o T\u00e9cnica 1\"   class=\"elementor-repeater-item-0c07794 td-content-type-default\" >15:00-15:30<\/td><td data-label=\"\"   class=\"elementor-repeater-item-6e19781 td-content-type-default\" >KnowOntoAsk: An Ontology-Based Framework for Human-AI Collaborative<\/br> Knowledge Exploration in Organizational Decision-Making Processes<\/td><td data-label=\"\"   class=\"elementor-repeater-item-014d98c td-content-type-default\" >Antony Seabra de Medeiros (PUC-Rio) <br>  Daniel Schwabe (PUC-Rio) <br>\nSergio Lifschitz (PUC-Rio)\n\n<\/td><td data-label=\"\"   class=\"elementor-repeater-item-e684d8a td-content-type-default\" >Doutorado<\/td><td data-label=\"\"   class=\"elementor-repeater-item-fb13b07 td-content-type-default\" >Jos\u00e9 Palazzo Moreira de Oliveira (UFRGS)<\/br> Ronaldo Mello (UFSC)<\/td><\/tr><tr><td data-label=\"ST1 - Sess\u00e3o T\u00e9cnica 1\"   class=\"elementor-repeater-item-ebaa480 td-content-type-default\" >15:30-16:00<\/td><td data-label=\"\"   class=\"elementor-repeater-item-31d1fcd td-content-type-default\" >Differential Purpose Scan: An End-to-End Privacy-aware Access Method<\/td><td data-label=\"\"   class=\"elementor-repeater-item-628e0b7 td-content-type-default\" >Francisco D. B. S. Praciano (UFC)<\/br>Javam C. Machado (UFC)<\/td><td data-label=\"\"   class=\"elementor-repeater-item-946271a td-content-type-default\" >Doutorado<\/td><td data-label=\"\"   class=\"elementor-repeater-item-62e1d97 td-content-type-default\" >Ronaldo Mello (UFSC) <\/br>Daniel de Oliveira (UFF)<\/td>\t\t\t\t<\/tr>\n\t\t\t<\/tbody>\n\t\t<\/table>\n\t\t\n\t\t\t\t\t\t<\/div>\n\t\t\t\t<\/div>\n\t\t\t\t<\/div>\n\t\t<div class=\"elementor-element elementor-element-6d1f2bf e-con-full e-flex e-con e-parent\" data-id=\"6d1f2bf\" data-element_type=\"container\" data-e-type=\"container\">\n\t\t\t\t<div class=\"elementor-element elementor-element-45c822c elementor-widget elementor-widget-Table\" data-id=\"45c822c\" data-element_type=\"widget\" data-e-type=\"widget\" data-widget_type=\"Table.default\">\n\t\t\t\t<div class=\"elementor-widget-container\">\n\t\t\t\t\t\t\t<table class=\"tafe-table \">\n\t\t\t<thead  class=\"tafe-table-header\">\n\t\t\t\t<tr>\n\t\t\t\t\t<th class=\"elementor-inline-editing elementor-repeater-item-75f0621\"  colSpan=\"5\" >ST2 - Sess\u00e3o T\u00e9cnica 2<\/th>\t\t\t\t<\/tr>\n\t\t\t<\/thead>\n\t\t\t\t\t\t<tbody class=\"tafe-table-body\">\n\t\t\t\t<tr>\n\t\t\t\t\t<\/tr><tr><td data-label=\"ST2 - Sess\u00e3o T\u00e9cnica 2\" colSpan=\"1\"  class=\"elementor-repeater-item-9385bc2 td-content-type-default\" >Quinta (01\/out)<\/td><td data-label=\"\" colSpan=\"43\"  class=\"elementor-repeater-item-e876324 td-content-type-default\" >Coordenadora: Maria Camila Nardini Barioni <\/td><\/tr><tr><td data-label=\"ST2 - Sess\u00e3o T\u00e9cnica 2\"   class=\"elementor-repeater-item-612a237 td-content-type-\" ><\/td><td data-label=\"\"   class=\"elementor-repeater-item-d85471b td-content-type-default\" >T\u00edtulo do Artigo<\/td><td data-label=\"\"   class=\"elementor-repeater-item-6689c1b td-content-type-default\" >Autores\/Filia\u00e7\u00f5es<\/td><td data-label=\"\"   class=\"elementor-repeater-item-04c724e td-content-type-default\" >N\u00edvel<\/td><td data-label=\"\"   class=\"elementor-repeater-item-4e53628 td-content-type-default\" >Banca<\/td><\/tr><tr><td data-label=\"ST2 - Sess\u00e3o T\u00e9cnica 2\"   class=\"elementor-repeater-item-bba00e8 td-content-type-default\" >08:30-09:00<\/td><td data-label=\"\"   class=\"elementor-repeater-item-66a4890 td-content-type-default\" >Fairness Evaluation in Large Language Models: An Analysis of Intrinsic Metrics<\/td><td data-label=\"\"   class=\"elementor-repeater-item-0a819d6 td-content-type-default\" >Lucas B. Sena (UFC)<\/br>Javam C. Machado  (UFC)<\/td><td data-label=\"\"   class=\"elementor-repeater-item-a93467c td-content-type-default\" >Mestrado<\/td><td data-label=\"\"   class=\"elementor-repeater-item-ea73921 td-content-type-default\" >Marcos Bedo (UFF)<\/br> Mirela Cazzolato (USP)<\/td><\/tr><tr><td data-label=\"ST2 - Sess\u00e3o T\u00e9cnica 2\"   class=\"elementor-repeater-item-1d7d10e td-content-type-default\" >09:00-09:30<\/td><td data-label=\"\"   class=\"elementor-repeater-item-5ff7709 td-content-type-default\" >Handling of missing values in wearable data streams<\/td><td data-label=\"\"   class=\"elementor-repeater-item-b7a92be td-content-type-default\" >Afonso M. S. Lima (USP)<\/br>Elaine P. M. Sousa (USP)<\/td><td data-label=\"\"   class=\"elementor-repeater-item-fdd96db td-content-type-default\" >Doutorado<\/td><td data-label=\"\"   class=\"elementor-repeater-item-02c0d02 td-content-type-default\" >Carmem Hara (UFPR) <br> Eduardo Pena (UTFPR)<\/td><\/tr><tr><td data-label=\"ST2 - Sess\u00e3o T\u00e9cnica 2\"   class=\"elementor-repeater-item-0c07794 td-content-type-default\" >09:30-10:00<\/td><td data-label=\"\"   class=\"elementor-repeater-item-6e19781 td-content-type-default\" >REM: Resolu\u00e7\u00e3o de Entidades Multimodal<\/td><td data-label=\"\"   class=\"elementor-repeater-item-014d98c td-content-type-default\" >Paulo Henrique Santos Lima (UFG)<\/br>Leonardo Andrade Ribeiro (UFG)<\/td><td data-label=\"\"   class=\"elementor-repeater-item-e684d8a td-content-type-default\" >Doutorado<\/td><td data-label=\"\"   class=\"elementor-repeater-item-fb13b07 td-content-type-default\" >Damires Souza (IFPB)<\/br>Daniel Kaster (UEL)<\/td>\t\t\t\t<\/tr>\n\t\t\t<\/tbody>\n\t\t<\/table>\n\t\t\n\t\t\t\t\t\t<\/div>\n\t\t\t\t<\/div>\n\t\t\t\t<\/div>\n\t\t\t\t<\/div>\n\t\t","protected":false},"excerpt":{"rendered":"<p>WTDBD ST1 &#8211; Sess\u00e3o T\u00e9cnica 1 Quarta (01\/out) Coordenadora: Maria Camila Nardini Barioni Hor\u00e1rio T\u00edtulo do Artigo Autores\/Filia\u00e7\u00f5es N\u00edvel Banca 14:00-14:30 Discovery of Denial Constraints Using Specialized Hardware Processors Sergio Luiz Marques Filho (UFPR)Eduardo Cunha de Almeida (UFPR) Doutorado Eduardo Ogasawara (CEFET\/RJ) Leonardo Andrade Ribeiro (UFG) 14:30-15:00 Classifica\u00e7\u00e3o e cariotipagem de imagens de Cromossomos Humanos [&hellip;]<\/p>\n","protected":false},"author":2,"featured_media":0,"parent":0,"menu_order":0,"comment_status":"closed","ping_status":"closed","template":"","meta":{"footnotes":""},"class_list":["post-5188","page","type-page","status-publish","hentry"],"_links":{"self":[{"href":"https:\/\/sbbd.org.br\/2025\/wp-json\/wp\/v2\/pages\/5188","targetHints":{"allow":["GET"]}}],"collection":[{"href":"https:\/\/sbbd.org.br\/2025\/wp-json\/wp\/v2\/pages"}],"about":[{"href":"https:\/\/sbbd.org.br\/2025\/wp-json\/wp\/v2\/types\/page"}],"author":[{"embeddable":true,"href":"https:\/\/sbbd.org.br\/2025\/wp-json\/wp\/v2\/users\/2"}],"replies":[{"embeddable":true,"href":"https:\/\/sbbd.org.br\/2025\/wp-json\/wp\/v2\/comments?post=5188"}],"version-history":[{"count":22,"href":"https:\/\/sbbd.org.br\/2025\/wp-json\/wp\/v2\/pages\/5188\/revisions"}],"predecessor-version":[{"id":6247,"href":"https:\/\/sbbd.org.br\/2025\/wp-json\/wp\/v2\/pages\/5188\/revisions\/6247"}],"wp:attachment":[{"href":"https:\/\/sbbd.org.br\/2025\/wp-json\/wp\/v2\/media?parent=5188"}],"curies":[{"name":"wp","href":"https:\/\/api.w.org\/{rel}","templated":true}]}}