{"id":56,"date":"2024-03-11T15:50:25","date_gmt":"2024-03-11T18:50:25","guid":{"rendered":"https:\/\/sbbd.org.br\/2024\/?page_id=56"},"modified":"2024-05-11T14:16:40","modified_gmt":"2024-05-11T17:16:40","slug":"chamada-workshops","status":"publish","type":"page","link":"https:\/\/sbbd.org.br\/2024\/chamada-workshops\/","title":{"rendered":"Workshops"},"content":{"rendered":"\n<div class=\"wp-block-buttons is-layout-flex wp-block-buttons-is-layout-flex\">\n<div class=\"wp-block-button is-style-fill\"><a class=\"wp-block-button__link wp-element-button\" href=\"\/2024\/chamada-workshops\/ds4sg\/\">DS4SG<\/a><\/div>\n\n\n\n<div class=\"wp-block-button\"><a class=\"wp-block-button__link wp-element-button\" href=\"\/2024\/chamada-workshops\/rescai\/\">ReSCAI<\/a><\/div>\n\n\n\n<div class=\"wp-block-button\"><a class=\"wp-block-button__link wp-element-button\" href=\"\/2024\/chamada-workshops\/ds-cops\/\">DS-CoPS<\/a><\/div>\n\n\n\n<div class=\"wp-block-button\"><a class=\"wp-block-button__link wp-element-button\" href=\"\/2024\/chamada-workshops\/bresci\/\">BreSci<\/a><\/div>\n\n\n\n<div class=\"wp-block-button\"><a class=\"wp-block-button__link wp-element-button\" href=\"https:\/\/sites.google.com\/view\/sbbd-dsw\" target=\"_blank\" rel=\"noreferrer noopener\">DSW<\/a><\/div>\n<\/div>\n\n\n\n<h2 class=\"wp-block-heading\">Workshops<\/h2>\n\n\n\n<p>O SBBD, tradicionalmente, apoia a realiza\u00e7\u00e3o de workshops que s\u00e3o colocalizados com o evento. Estes workshop passam por uma avalia\u00e7\u00e3o por pares, a fim de analisar se o tema tem contribui\u00e7\u00e3o e interessa \u00e0 comunidade que participa do SBBD. Neste ano, temos o prazer de trazer para nossos participantes a realiza\u00e7\u00e3o de cinco workshops:<\/p>\n\n\n\n<h5 class=\"wp-block-heading\">BreSci &#8211; Brazilian e-Science Workshop<\/h5>\n\n\n\n<p><strong>Coordenadores:<\/strong><\/p>\n\n\n\n<ul class=\"wp-block-list\">\n<li>Jorge de Abreu Soares <a href=\"mailto:jorge.soares@cefet-rj.br\">jorge.soares@cefet-rj.br<\/a>,<\/li>\n\n\n\n<li>Mario Antonio Ribeiro Dantas <a href=\"mailto:mario.dantas@ice.ufjf.br\">mario.dantas@ice.ufjf.br<\/a><\/li>\n<\/ul>\n\n\n\n<p><\/p>\n\n\n\n<h5 class=\"wp-block-heading\">DS-CoPS &#8211; Data Science Against Corruption in the Public Sector<\/h5>\n\n\n\n<p><strong>Coordenadores:<\/strong><\/p>\n\n\n\n<ul class=\"wp-block-list\">\n<li>J\u00f4nata Tyska Carvalho <a href=\"mailto:jonata.tyska@ufsc.br\">jonata.tyska@ufsc.br<\/a>,<\/li>\n\n\n\n<li>Ricardo Marcacini <a href=\"mailto:ricardo.marcacini@usp.br\">ricardo.marcacini@usp.br<\/a>,<\/li>\n\n\n\n<li>Gisele L. Pappa <a href=\"mailto:glpappa@dcc.ufmg.br\">glpappa@dcc.ufmg.br<\/a><\/li>\n<\/ul>\n\n\n\n<p><\/p>\n\n\n\n<h5 class=\"wp-block-heading\">DSW &#8211; Dataset Showcase Workshop<\/h5>\n\n\n\n<p><strong>Coordenadoras:<\/strong><\/p>\n\n\n\n<ul class=\"wp-block-list\">\n<li>Mirella M. Moro <a href=\"mailto:mirella@dcc.ufmg.br\">mirella@dcc.ufmg.br<\/a>,<\/li>\n\n\n\n<li>Michele A. Brand\u00e3o <a href=\"mailto:michele.brandao@ifmg.edu.br\">michele.brandao@ifmg.edu.br<\/a>,<\/li>\n\n\n\n<li>Carina Friedrich Dorneles <a href=\"mailto:carina.dorneles@ufsc.br\">carina.dorneles@ufsc.br<\/a><\/li>\n<\/ul>\n\n\n\n<p><\/p>\n\n\n\n<h5 class=\"wp-block-heading\">DS4SG &#8211; Data Science for Social Good<\/h5>\n\n\n\n<p><strong>Coordenadores:<\/strong><\/p>\n\n\n\n<ul class=\"wp-block-list\">\n<li>Jos\u00e9 Maria da Silva Monteiro Filho <a href=\"mailto:monteiro@dc.ufc.br\">monteiro@dc.ufc.br<\/a>,<\/li>\n\n\n\n<li>Angelo Brayner <a href=\"mailto:brayner@dc.ufc.br\">brayner@dc.ufc.br<\/a>,<\/li>\n\n\n\n<li>Ronaldo Menezes <a href=\"mailto:r.menezes@exeter.ac.uk\">r.menezes@exeter.ac.uk<\/a><\/li>\n<\/ul>\n\n\n\n<h5 class=\"wp-block-heading\">ReSCAI &#8211; Recomenda\u00e7\u00e3o Sens\u00edvel ao Contexto em Ambientes Inteligentes<\/h5>\n\n\n\n<p><strong>Coordenador:<\/strong><\/p>\n\n\n\n<ul class=\"wp-block-list\">\n<li>Jos\u00e9 Palazzo Moreira de Oliveira <a href=\"mailto:palazzo@inf.ufrgs.br\">palazzo@inf.ufrgs.br<\/a><\/li>\n<\/ul>\n\n\n\n<h2 class=\"wp-block-heading\">Sobre<\/h2>\n\n\n\n<p>O Simp\u00f3sio Brasileiro de Bancos de Dados (SBBD) \u00e9 o evento oficial de banco de dados da Sociedade Brasileira de Computa\u00e7\u00e3o (SBC) e o principal f\u00f3rum nacional para apresenta\u00e7\u00e3o e discuss\u00e3o de pesquisas atuais e avan\u00e7os cient\u00edficos com grande \u00eanfase em tecnologias modernas de banco de dados. Sua import\u00e2ncia vai al\u00e9m da comunidade de pesquisa brasileira, incluindo diversas conex\u00f5es com grandes centros de pesquisa de todo o mundo. Os <a href=\"https:\/\/sbbd.org.br\/2024\/call-for-papers\/#Topicos_de_Interesse\">t\u00f3picos de interesse<\/a> do SBBD abrangem todo o espectro de aspectos te\u00f3ricos e de aplica\u00e7\u00e3o do gerenciamento de dados. Os workshops s\u00e3o um f\u00f3rum colaborativo intensivo para a troca de ideias inovadoras e dire\u00e7\u00f5es de pesquisa.<\/p>\n\n\n\n<h2 class=\"wp-block-heading\"><a><\/a>Datas Importantes<\/h2>\n\n\n\n<ul class=\"wp-block-list\">\n<li><a><\/a>Envio de proposta de workshop: <strong>25 mar\u00e7o de 2024<\/strong><\/li>\n\n\n\n<li>Notifica\u00e7\u00e3o de aceita\u00e7\u00e3o da proposta: <strong>08 de abril de 2024<\/strong><\/li>\n\n\n\n<li>Envio da descri\u00e7\u00e3o do workshop e URL do site:<strong> 15 de abril de 2024<\/strong><\/li>\n\n\n\n<li>Submiss\u00e3o da vers\u00e3o final: <strong>12 de agosto de 2024<\/strong> (incluindo todos os trabalhos aceitos e um resumo do workshop, pelos respectivos coordenadores do workshop)<\/li>\n<\/ul>\n\n\n\n<h2 class=\"wp-block-heading\">Instru\u00e7\u00f5es para Submiss\u00f5es<\/h2>\n\n\n\n<p>Incentivamos os coordenadores de workshops em potencial a enviar propostas para workshops altamente interativos, com foco em an\u00e1lises aprofundadas ou abordagens abrangentes para t\u00f3picos emergentes em bancos de dados.<\/p>\n\n\n\n<p>A proposta de workshop deve ter cerca de 3-5 p\u00e1ginas, em formato PDF, contendo as seguintes informa\u00e7\u00f5es:<\/p>\n\n\n\n<ul class=\"wp-block-list\">\n<li>T\u00edtulo do workshop;<\/li>\n\n\n\n<li>Temas de interesse para o workshop;<\/li>\n\n\n\n<li>Relev\u00e2ncia em rela\u00e7\u00e3o aos temas da confer\u00eancia principal;<\/li>\n\n\n\n<li>Formato e dura\u00e7\u00e3o (meio dia ou 1 dia inteiro);<\/li>\n\n\n\n<li>Comit\u00ea de programa proposto (nome, e-mails e afilia\u00e7\u00f5es);<\/li>\n\n\n\n<li>N\u00famero esperado de submiss\u00f5es e de participantes;<\/li>\n\n\n\n<li>N\u00famero esperado de trabalhos aceitos.<\/li>\n<\/ul>\n\n\n\n<p>Anexo \u00e0 proposta, deve ser apresentado um pequeno CV de cada coordenador (limite de 2 p\u00e1ginas cada), incluindo foto, breve biografia de experi\u00eancia na organiza\u00e7\u00e3o de eventos e qualquer informa\u00e7\u00e3o dispon\u00edvel de edi\u00e7\u00f5es anteriores do workshop proposto, com \u00eanfase nos n\u00fameros de submiss\u00e3o e inscri\u00e7\u00e3o. Ressaltamos que pelo menos um dos coordenadores do workshop deve se inscrever no SBBD 2024 e participar da confer\u00eancia pelo menos durante o workshop.<\/p>\n\n\n\n<p>Nos workshops aceitos, as datas de submiss\u00e3o de artigos e notifica\u00e7\u00e3o dos autores s\u00e3o definidas pelos coordenadores, mas devem estar alinhadas \u00e0s Datas Importantes divulgadas nesta chamada.<\/p>\n\n\n\n<p>As propostas devem ser enviadas diretamente por e-mail, para <a href=\"mailto:kellyrb@ime.usp.br\">kellyrb@ime.usp.br<\/a>, com o assunto <em>\u201c[SBBD2024-Workshops] Propostas de Workshop\u201d<\/em>.<\/p>\n\n\n\n<h3 class=\"wp-block-heading\">Processo de Sele\u00e7\u00e3o<\/h3>\n\n\n\n<p>As propostas de workshops ser\u00e3o analisadas com base na qualidade da proposta, sua rela\u00e7\u00e3o com os principais t\u00f3picos do SBBD, o potencial de atrair participantes, espa\u00e7o para debate e discuss\u00e3o, bem como a experi\u00eancia dos proponentes. Os coordenadores de workshops aceitos s\u00e3o incentivados a propor tamb\u00e9m palestrantes, a fim de estimular as intera\u00e7\u00f5es e discuss\u00f5es dos participantes.<\/p>\n\n\n\n<h2 class=\"wp-block-heading\">Coordena\u00e7\u00e3o Geral dos Workshops<\/h2>\n\n\n\n<p>Kelly Rosa Braghetto&nbsp; (IME-USP\/S\u00e3o Paulo, Brasil)<\/p>\n\n\n\n<p><a href=\"mailto:kellyrb@ime.usp.br\">kellyrb@ime.usp.br<\/a><\/p>\n\n\n","protected":false},"excerpt":{"rendered":"<p>Workshops O SBBD, tradicionalmente, apoia a realiza\u00e7\u00e3o de workshops que s\u00e3o colocalizados com o evento. Estes workshop passam por uma avalia\u00e7\u00e3o por pares, a fim de analisar se o tema tem contribui\u00e7\u00e3o e interessa \u00e0 comunidade que participa do SBBD. Neste ano, temos o prazer de trazer para nossos participantes a realiza\u00e7\u00e3o de cinco workshops: [&hellip;]<\/p>\n","protected":false},"author":3,"featured_media":0,"parent":0,"menu_order":0,"comment_status":"closed","ping_status":"closed","template":"event_page.php","meta":{"footnotes":""},"class_list":["post-56","page","type-page","status-publish","hentry"],"_links":{"self":[{"href":"https:\/\/sbbd.org.br\/2024\/wp-json\/wp\/v2\/pages\/56","targetHints":{"allow":["GET"]}}],"collection":[{"href":"https:\/\/sbbd.org.br\/2024\/wp-json\/wp\/v2\/pages"}],"about":[{"href":"https:\/\/sbbd.org.br\/2024\/wp-json\/wp\/v2\/types\/page"}],"author":[{"embeddable":true,"href":"https:\/\/sbbd.org.br\/2024\/wp-json\/wp\/v2\/users\/3"}],"replies":[{"embeddable":true,"href":"https:\/\/sbbd.org.br\/2024\/wp-json\/wp\/v2\/comments?post=56"}],"version-history":[{"count":13,"href":"https:\/\/sbbd.org.br\/2024\/wp-json\/wp\/v2\/pages\/56\/revisions"}],"predecessor-version":[{"id":228,"href":"https:\/\/sbbd.org.br\/2024\/wp-json\/wp\/v2\/pages\/56\/revisions\/228"}],"wp:attachment":[{"href":"https:\/\/sbbd.org.br\/2024\/wp-json\/wp\/v2\/media?parent=56"}],"curies":[{"name":"wp","href":"https:\/\/api.w.org\/{rel}","templated":true}]}}