{"id":30,"date":"2024-02-25T14:43:48","date_gmt":"2024-02-25T17:43:48","guid":{"rendered":"https:\/\/sbbd.org.br\/2024\/?page_id=30"},"modified":"2024-04-24T18:57:52","modified_gmt":"2024-04-24T21:57:52","slug":"outras-edicoes","status":"publish","type":"page","link":"https:\/\/sbbd.org.br\/2024\/outras-edicoes\/","title":{"rendered":"Outras Edi\u00e7\u00f5es"},"content":{"rendered":"\n<p>O evento tem impulsionado a forma\u00e7\u00e3o de recursos humanos e a acelera\u00e7\u00e3o na aplica\u00e7\u00e3o de tecnologia para a sociedade desde 1986. Em algumas edi\u00e7\u00f5es passadas, o evento foi organizado em coopera\u00e7\u00e3o com o ACM\/SIGMOD e patrocinado pelo VLDB Endowment, duas maiores organiza\u00e7\u00f5es internacionais sem fins lucrativos, que t\u00eam o objetivo de promover e trocar trabalhos acad\u00eamicos em banco de dados e \u00e1reas afins em todo o mundo. A realiza\u00e7\u00e3o do evento vem acontecendo nas 5 regi\u00f5es do Brasil e vem crescendo a cada ano, em import\u00e2ncia e em participa\u00e7\u00e3o, de minicursos, de artigos de universidades estrangeiras, da qualidade dos palestrantes convidados e tutorialistas internacionais, e no n\u00famero de participantes. A partir de 2010, os melhores artigos aceitos no evento passaram a ser convidados a submeterem uma vers\u00e3o estendida a serem publicados em uma edi\u00e7\u00e3o especial do Journal of Information and Data Management (Qualis\/2020 &#8211; B1).&nbsp;<\/p>\n\n\n\n<p>Como a maioria esmagadora das apresenta\u00e7\u00f5es de trabalhos \u00e9 feita por discentes, o SBBD tem apoiado, h\u00e1 mais de 15 anos, a participa\u00e7\u00e3o de estudantes de P\u00f3s-Gradua\u00e7\u00e3o no Concurso de Teses e Disserta\u00e7\u00e3o em BD e no Workshop de Teses e Disserta\u00e7\u00f5es com ajuda de custo para apresenta\u00e7\u00e3o de seus trabalhos; e h\u00e1 mais de 7 anos, alunos de Gradua\u00e7\u00e3o para apresenta\u00e7\u00e3o de seus trabalhos no WTAG &#8211; Workshop de Trabalhos de Gradua\u00e7\u00e3o.\u00a0<\/p>\n\n\n\n<p>Clique <a href=\"https:\/\/sbbd.org.br\/index.php\/previous\/\">aqui <\/a>para informa\u00e7\u00f5es sobre as \u00faltimas edi\u00e7\u00f5es.<\/p>\n","protected":false},"excerpt":{"rendered":"<p>O evento tem impulsionado a forma\u00e7\u00e3o de recursos humanos e a acelera\u00e7\u00e3o na aplica\u00e7\u00e3o de tecnologia para a sociedade desde 1986. Em algumas edi\u00e7\u00f5es passadas, o evento foi organizado em coopera\u00e7\u00e3o com o ACM\/SIGMOD e patrocinado pelo VLDB Endowment, duas maiores organiza\u00e7\u00f5es internacionais sem fins lucrativos, que t\u00eam o objetivo de promover e trocar trabalhos [&hellip;]<\/p>\n","protected":false},"author":3,"featured_media":0,"parent":0,"menu_order":0,"comment_status":"closed","ping_status":"closed","template":"","meta":{"footnotes":""},"class_list":["post-30","page","type-page","status-publish","hentry"],"_links":{"self":[{"href":"https:\/\/sbbd.org.br\/2024\/wp-json\/wp\/v2\/pages\/30","targetHints":{"allow":["GET"]}}],"collection":[{"href":"https:\/\/sbbd.org.br\/2024\/wp-json\/wp\/v2\/pages"}],"about":[{"href":"https:\/\/sbbd.org.br\/2024\/wp-json\/wp\/v2\/types\/page"}],"author":[{"embeddable":true,"href":"https:\/\/sbbd.org.br\/2024\/wp-json\/wp\/v2\/users\/3"}],"replies":[{"embeddable":true,"href":"https:\/\/sbbd.org.br\/2024\/wp-json\/wp\/v2\/comments?post=30"}],"version-history":[{"count":3,"href":"https:\/\/sbbd.org.br\/2024\/wp-json\/wp\/v2\/pages\/30\/revisions"}],"predecessor-version":[{"id":172,"href":"https:\/\/sbbd.org.br\/2024\/wp-json\/wp\/v2\/pages\/30\/revisions\/172"}],"wp:attachment":[{"href":"https:\/\/sbbd.org.br\/2024\/wp-json\/wp\/v2\/media?parent=30"}],"curies":[{"name":"wp","href":"https:\/\/api.w.org\/{rel}","templated":true}]}}