{"id":114,"date":"2024-04-08T20:59:35","date_gmt":"2024-04-08T23:59:35","guid":{"rendered":"https:\/\/sbbd.org.br\/2024\/?page_id=114"},"modified":"2024-05-22T09:51:07","modified_gmt":"2024-05-22T12:51:07","slug":"tutoriais","status":"publish","type":"page","link":"https:\/\/sbbd.org.br\/2024\/tutoriais\/","title":{"rendered":"Tutoriais"},"content":{"rendered":"\n<p>O SBBD 2024 convida \u00e0 submiss\u00e3o de propostas de tutoriais. Cada tutorial ser\u00e1 apresentado em at\u00e9 3 horas. Consideraremos propostas de tutoriais introdut\u00f3rios e avan\u00e7ados sobre t\u00f3picos do banco de dados ou \u00e1reas relacionadas (por exemplo, Ci\u00eancia de Dados, IA Centrada em Dados). Os t\u00f3picos de interesse incluem, mas n\u00e3o est\u00e3o limitados aos seguintes t\u00f3picos descritos em <a href=\"https:\/\/sbbd.org.br\/2024\/call-for-papers\/\">https:\/\/sbbd.org.br\/2024\/call-for-papers\/<\/a>. Os tutoriais introdut\u00f3rios devem ter como alvo um p\u00fablico composto por estudantes avan\u00e7ados de gradua\u00e7\u00e3o e p\u00f3s-gradua\u00e7\u00e3o, bem como participantes da ind\u00fastria. Neste contexto, tutoriais podem ser considerados cursos de \u201creciclagem\u201d, embora n\u00e3o devam ser sobre t\u00f3picos tradicionais de \u201clivros did\u00e1ticos\u201d. Os tutoriais avan\u00e7ados, por outro lado, devem cobrir o estado da arte de um t\u00f3pico, motivando e expondo poss\u00edveis quest\u00f5es de pesquisa.<\/p>\n\n\n\n<h2 class=\"wp-block-heading\">Instru\u00e7\u00f5es para Autores<\/h2>\n\n\n\n<p>As propostas de tutoriais dever\u00e3o ter no m\u00e1ximo 5 p\u00e1ginas, em fonte Times New Roman, 12 pt. fonte e deve incluir os seguintes itens (nesta ordem):<\/p>\n\n\n\n<ul class=\"wp-block-list\">\n<li>T\u00edtulo do tutorial, nome completo dos autores, afilia\u00e7\u00f5es, e-mails e URL das respectivas <em>home pages<\/em> (se dispon\u00edveis).<\/li>\n\n\n\n<li>Caso o tutorial proposto j\u00e1 tenha sido apresentado anteriormente, indique o evento em que o tutorial foi apresentado e como ele ser\u00e1 atualizado e aprimorado para o SBBD 2024.<\/li>\n\n\n\n<li>Tipo tutorial (introdut\u00f3rio ou avan\u00e7ado).<\/li>\n\n\n\n<li>O p\u00fablico-alvo e a sua origem presumida.<\/li>\n\n\n\n<li>O idioma em que o tutorial ser\u00e1 apresentado (Ingl\u00eas ou Portugu\u00eas).<\/li>\n\n\n\n<li>Um resumo (m\u00e1ximo de 100 palavras) descrevendo o objetivo principal do tutorial.<\/li>\n\n\n\n<li>Esbo\u00e7o do tutorial (lista de t\u00f3picos e uma breve descri\u00e7\u00e3o de como os t\u00f3picos ser\u00e3o abordados).<\/li>\n\n\n\n<li>Lista de (at\u00e9 10) refer\u00eancias relacionadas.<\/li>\n\n\n\n<li>Uma breve biografia dos autores (at\u00e9 20 linhas\/autor).<\/li>\n\n\n\n<li>Nome de quem apresentar\u00e1 o tutorial, no caso de tutorial proposto por mais de um autor. Os autores podem compartilhar a apresenta\u00e7\u00e3o, ou seja, mais do que um autor pode apresentar o tutorial.<\/li>\n\n\n\n<li>Equipamento audiovisual necess\u00e1rio (por exemplo, projetor multim\u00eddia e recursos de inform\u00e1tica).<\/li>\n<\/ul>\n\n\n\n<h2 class=\"wp-block-heading\">Guidelines para Submiss\u00e3o<\/h2>\n\n\n\n<p>As propostas de tutoriais submetidas poder\u00e3o ser redigidas em portugu\u00eas ou ingl\u00eas. Submiss\u00f5es em ingl\u00eas s\u00e3o fortemente encorajadas. As propostas enviadas ser\u00e3o analisadas com base na originalidade, relev\u00e2ncia, solidez t\u00e9cnica e clareza de apresenta\u00e7\u00e3o.<\/p>\n\n\n\n<p>As propostas de tutoriais dever\u00e3o ser enviadas por e-mail como anexos em PDF para <a href=\"mailto:fporto@lncc.br\">fporto@lncc.br<\/a>. O assunto do e-mail dever\u00e1 ser: \u201cSess\u00e3o Tutorial SBBD 2024\u201d. Por favor, envie e-mail com o assunto sugerido para auxiliar o coordenador na filtragem de mensagens de interesse. Formatos diferentes de PDF n\u00e3o ser\u00e3o aceitos. O SBBD 2024 reserva-se o direito de recusar todas as propostas de tutoriais submetidas, bem como de incluir apresenta\u00e7\u00f5es de tutoriais convidados.<\/p>\n\n\n\n<h2 class=\"wp-block-heading\">Datas Importantes<\/h2>\n\n\n\n<p>Submiss\u00e3o: <strong>1 de Julho<\/strong><br>Notifica\u00e7\u00e3o: <strong>1 de Agosto<\/strong><br>Camera-ready: <strong>31 de Agosto<\/strong><\/p>\n\n\n\n<h2 class=\"wp-block-heading\">Coordena\u00e7\u00e3o do Programa de Tutoriais<\/h2>\n\n\n\n<p>Dr. Fabio Porto, Coordination of Mathematics and Computation Methods (National Laboratory of Scientific Computing&nbsp;\/ DEXL Lab)<\/p>\n\n\n\n<h2 class=\"wp-block-heading\">Contact<\/h2>\n\n\n\n<p>For further information please&nbsp;contact&nbsp;Fabio Porto at&nbsp;&nbsp;<a href=\"mailto:fporto@lncc.br\">fporto@lncc.br<\/a>. Send message with the subject \u201cSBBD&nbsp;2024&nbsp;Tutorial&nbsp;Session\u201d. Please, send email with the suggested subject to aid the chair to filter messages of interest.<\/p>\n\n\n","protected":false},"excerpt":{"rendered":"<p>O SBBD 2024 convida \u00e0 submiss\u00e3o de propostas de tutoriais. Cada tutorial ser\u00e1 apresentado em at\u00e9 3 horas. Consideraremos propostas de tutoriais introdut\u00f3rios e avan\u00e7ados sobre t\u00f3picos do banco de dados ou \u00e1reas relacionadas (por exemplo, Ci\u00eancia de Dados, IA Centrada em Dados). Os t\u00f3picos de interesse incluem, mas n\u00e3o est\u00e3o limitados aos seguintes t\u00f3picos [&hellip;]<\/p>\n","protected":false},"author":3,"featured_media":0,"parent":0,"menu_order":0,"comment_status":"closed","ping_status":"closed","template":"event_page.php","meta":{"footnotes":""},"class_list":["post-114","page","type-page","status-publish","hentry"],"_links":{"self":[{"href":"https:\/\/sbbd.org.br\/2024\/wp-json\/wp\/v2\/pages\/114","targetHints":{"allow":["GET"]}}],"collection":[{"href":"https:\/\/sbbd.org.br\/2024\/wp-json\/wp\/v2\/pages"}],"about":[{"href":"https:\/\/sbbd.org.br\/2024\/wp-json\/wp\/v2\/types\/page"}],"author":[{"embeddable":true,"href":"https:\/\/sbbd.org.br\/2024\/wp-json\/wp\/v2\/users\/3"}],"replies":[{"embeddable":true,"href":"https:\/\/sbbd.org.br\/2024\/wp-json\/wp\/v2\/comments?post=114"}],"version-history":[{"count":6,"href":"https:\/\/sbbd.org.br\/2024\/wp-json\/wp\/v2\/pages\/114\/revisions"}],"predecessor-version":[{"id":255,"href":"https:\/\/sbbd.org.br\/2024\/wp-json\/wp\/v2\/pages\/114\/revisions\/255"}],"wp:attachment":[{"href":"https:\/\/sbbd.org.br\/2024\/wp-json\/wp\/v2\/media?parent=114"}],"curies":[{"name":"wp","href":"https:\/\/api.w.org\/{rel}","templated":true}]}}