{"id":7010,"date":"2023-03-05T20:01:57","date_gmt":"2023-03-05T23:01:57","guid":{"rendered":"https:\/\/sbbd.org.br\/2023\/?page_id=7010"},"modified":"2023-04-19T14:07:04","modified_gmt":"2023-04-19T17:07:04","slug":"informacoes-translado","status":"publish","type":"page","link":"https:\/\/sbbd.org.br\/2023\/informacoes-translado\/","title":{"rendered":"Informa\u00e7\u00f5es Translado"},"content":{"rendered":"\n<p>Ap\u00f3s chegar no aeroporto de Confins, em Tancredo Neves, h\u00e1 diversas op\u00e7\u00f5es de translado (\u00f4nibus) para Belo Horizonte.<\/p>\n\n\n\n<figure class=\"wp-block-image size-large is-resized\"><img loading=\"lazy\" decoding=\"async\" src=\"https:\/\/sbbd.org.br\/2023\/wp-content\/uploads\/sites\/16\/2023\/04\/Logo-Conexao-1024x547.png\" alt=\"\" class=\"wp-image-7168\" width=\"176\" height=\"93\" srcset=\"https:\/\/sbbd.org.br\/2023\/wp-content\/uploads\/sites\/16\/2023\/04\/Logo-Conexao-1024x547.png 1024w, https:\/\/sbbd.org.br\/2023\/wp-content\/uploads\/sites\/16\/2023\/04\/Logo-Conexao-300x160.png 300w, https:\/\/sbbd.org.br\/2023\/wp-content\/uploads\/sites\/16\/2023\/04\/Logo-Conexao-768x410.png 768w, https:\/\/sbbd.org.br\/2023\/wp-content\/uploads\/sites\/16\/2023\/04\/Logo-Conexao.png 1171w\" sizes=\"auto, (max-width: 176px) 100vw, 176px\" \/><\/figure>\n\n\n\n<p>A empresa Conex\u00e3o Aeroporto oferece um servi\u00e7o de \u00f4nibus executivo que faz o trajeto entre o aeroporto e o centro de Belo Horizonte. Os \u00f4nibus s\u00e3o confort\u00e1veis, possuem ar condicionado e Wi-Fi gratuito. O tempo de viagem \u00e9 de aproximadamente 1 hora e o pre\u00e7o da passagem varia de acordo com o destino final.<\/p>\n\n\n\n<p><a href=\"https:\/\/conexaoaeroporto.com.br\/\" target=\"_blank\" rel=\"noreferrer noopener\">Clique aqui<\/a> para acessar \u00e0s passagens de \u00f4nibus.<\/p>\n\n\n\n<p><strong>T\u00e1xi<\/strong>: Existem v\u00e1rias empresas de t\u00e1xi dispon\u00edveis no aeroporto de Confins. Os pre\u00e7os das corridas s\u00e3o tabelados e variam de acordo com o destino final. \u00c9 sempre importante confirmar o pre\u00e7o da corrida antes de embarcar no t\u00e1xi.<\/p>\n\n\n\n<p><\/p>\n\n\n\n<p><\/p>\n","protected":false},"excerpt":{"rendered":"<p>Ap\u00f3s chegar no aeroporto de Confins, em Tancredo Neves, h\u00e1 diversas op\u00e7\u00f5es de translado (\u00f4nibus) para Belo Horizonte. A empresa&hellip; <\/p>\n","protected":false},"author":28,"featured_media":0,"parent":0,"menu_order":0,"comment_status":"closed","ping_status":"closed","template":"","meta":{"footnotes":""},"class_list":["post-7010","page","type-page","status-publish","hentry"],"_links":{"self":[{"href":"https:\/\/sbbd.org.br\/2023\/wp-json\/wp\/v2\/pages\/7010","targetHints":{"allow":["GET"]}}],"collection":[{"href":"https:\/\/sbbd.org.br\/2023\/wp-json\/wp\/v2\/pages"}],"about":[{"href":"https:\/\/sbbd.org.br\/2023\/wp-json\/wp\/v2\/types\/page"}],"author":[{"embeddable":true,"href":"https:\/\/sbbd.org.br\/2023\/wp-json\/wp\/v2\/users\/28"}],"replies":[{"embeddable":true,"href":"https:\/\/sbbd.org.br\/2023\/wp-json\/wp\/v2\/comments?post=7010"}],"version-history":[{"count":2,"href":"https:\/\/sbbd.org.br\/2023\/wp-json\/wp\/v2\/pages\/7010\/revisions"}],"predecessor-version":[{"id":7170,"href":"https:\/\/sbbd.org.br\/2023\/wp-json\/wp\/v2\/pages\/7010\/revisions\/7170"}],"wp:attachment":[{"href":"https:\/\/sbbd.org.br\/2023\/wp-json\/wp\/v2\/media?parent=7010"}],"curies":[{"name":"wp","href":"https:\/\/api.w.org\/{rel}","templated":true}]}}