{"id":4129,"date":"2022-05-28T17:05:05","date_gmt":"2022-05-28T20:05:05","guid":{"rendered":"https:\/\/sbbd.org.br\/2023\/call-for-short-courses-copy\/"},"modified":"2023-06-30T22:25:26","modified_gmt":"2023-07-01T01:25:26","slug":"dsw","status":"publish","type":"page","link":"https:\/\/sbbd.org.br\/2023\/dsw\/","title":{"rendered":"DSW \u2013 Dataset Showcase Workshop"},"content":{"rendered":"<p>O prop\u00f3sito SBBD DSW \u00e9 prover um f\u00f3rum para compartilhar e discutir as formas de constru\u00e7\u00e3o e organiza\u00e7\u00e3o de conjuntos de dados que servem como base para os trabalhos de pesquisa desenvolvidos na comunidade cient\u00edfica brasileira. A contribui\u00e7\u00e3o de um artigo a ser publicado no SBBD DSW \u00e9 o produto final na forma de um <em>dataset<\/em>, geralmente extra\u00eddo de algum banco de dados ou plataforma Web, limpo e tratado, muitas vezes incrementado com dados externos, e poss\u00edvel de ser reutilizado em outras cen\u00e1rios, ou para a reprodu\u00e7\u00e3o de experimentos. A contribui\u00e7\u00e3o \u00e9 o produto na forma do <em>dataset<\/em>, mas o artigo deve apresentar todas as informa\u00e7\u00f5es necess\u00e1rias para compreender e utilizar o mesmo.<\/p>\n\n\n<h3 class=\"wp-block-heading\">Submiss\u00e3o<\/h3>\n\n\n\n<p>Os artigos devem descrever os dados conforme tratados pelo seu time de autoria e disponibilizados publicamente. Por princ\u00edpio, o conjunto de dados precisa ser \u00fatil e de r\u00e1pida reutiliza\u00e7\u00e3o por terceiros, atrav\u00e9s de por exemplo: adi\u00e7\u00e3o de valor aos dados para outras pessoas da comunidade, sendo pr\u00e9-processados ou filtrados de alguma maneira; organiza\u00e7\u00e3o f\u00e1cil de entender atrav\u00e9s de um esquema, dicion\u00e1rio, taxonomia, ontologia, ou outro formalismo; acesso facilitado por mecanismos pr\u00f3prios; ou apresenta\u00e7\u00e3o de qualidade diferenci\u00e1vel por meio de curadoria e limpeza complexas.<\/p>\n\n\n\n<p>Artigos submetidos para o SBBD DSW devem ser escritos em portugu\u00eas, ingl\u00eas ou espanhol, possuir obrigatoriamente um resumo em ingl\u00eas, estar no<a href=\"https:\/\/www.sbc.org.br\/documentos-da-sbc\/summary\/169-templates-para-artigos-e-capitulos-de-livros\/878-modelosparapublicacaodeartigos\"> formato da SBC<\/a>, ter entre <mark class=\"has-inline-color has-vivid-red-color\"><em>6 e 10 p\u00e1ginas (sendo poss\u00edvel at\u00e9 duas p\u00e1ginas extra apenas a refer\u00eancias e agradecimentos)<\/em><\/mark> e ser submetidos via<a href=\"https:\/\/jems.sbc.org.br\/\"> JEMS<\/a>. Cada submiss\u00e3o deve incluir conforme adequado e na ordem em que a equipe de autoria preferir:<\/p>\n\n\n\n<ul class=\"wp-block-list\"><li>descri\u00e7\u00e3o da(s) fonte(s) de dados e da metodologia completa de coleta ou gera\u00e7\u00e3o dos mesmos (com disponibiliza\u00e7\u00e3o p\u00fablica da ferramenta utilizada para criar ou gerar os dados se for o caso, e);<\/li><li>descri\u00e7\u00e3o do mecanismo de armazenamento, incluindo, se existir, esquema ou dicion\u00e1rio de dados, taxonomia, ontologia, ou outro formalismo que facilite a sua utiliza\u00e7\u00e3o por terceiros;<\/li><li>descri\u00e7\u00e3o quantitativa da base de dados criada, bem como an\u00e1lise inicial dos dados caracterizando a base e informando a quantidade de dados faltantes, tabelas e outras informa\u00e7\u00f5es importantes que possam ser usadas para avaliar a qualidade do <em>dataset<\/em>;<\/li><li>descri\u00e7\u00e3o de como os dados t\u00eam sido utilizados (se existir, referenciar artigos publicados ou em processo de submiss\u00e3o que utilizam os dados e como) e de seu car\u00e1ter in\u00e9dito, pois mesmo com a utiliza\u00e7\u00e3o em algum artigo ou submiss\u00e3o, a descri\u00e7\u00e3o completa do <em>dataset <\/em>conforme realizada na submiss\u00e3o para o DSW precisa ser in\u00e9dita;<\/li><li>discuss\u00e3o de desafios existentes e poss\u00edveis limita\u00e7\u00f5es na utiliza\u00e7\u00e3o dos dados;<\/li><li>ideias para diferentes utiliza\u00e7\u00f5es dos dados, cen\u00e1rios, quest\u00f5es de pesquisa que poderiam ser elaboradas ou resolvidas a partir da disponibiliza\u00e7\u00e3o dos mesmos, e quais melhorias poderiam ser aplicadas aos dados; e<\/li><li>localiza\u00e7\u00e3o p\u00fablica para download, pois o conjunto de dados deve estar publicamente dispon\u00edvel no momento de submiss\u00e3o do artigo para revis\u00e3o. De prefer\u00eancia, utilizar plataformas online especializadas e adequadas para manuten\u00e7\u00e3o p\u00fablica de dados, incluindo github, zenodo, figshare ou osf (ou seja, evitar reposit\u00f3rios particulares como diret\u00f3rio de Google Drive, dropbox, onedrive, e similares).<\/li><\/ul>\n\n\n\n<p>\u00c9 importante notar que as submiss\u00f5es para o SBBD DSW n\u00e3o devem se sobrepor \u00e0s submiss\u00f5es para o evento principal e seus sat\u00e9lites, pois a contribui\u00e7\u00e3o \u00e9 completamente distinta da dos artigos atualmente publicados no SBBD. Em especial, <strong>artigos de data <em>showcase <\/em>*n\u00e3o* s\u00e3o<\/strong>:<\/p>\n\n\n\n<ul class=\"wp-block-list\"><li>survey, revis\u00f5es sistem\u00e1ticas, estudos emp\u00edricos ou de avalia\u00e7\u00e3o experimental;<\/li><li>artigos com proposta de ferramentas para gera\u00e7\u00e3o e tratamento de dados;<\/li><li>baseados em heur\u00edsticas de coleta fracas e duvid\u00e1veis; ou<\/li><li>aplica\u00e7\u00f5es simples de ferramentas gen\u00e9ricas para gerar dados que podem ser r\u00e1pida e facilmente utilizadas por qualquer pessoa.<\/li><\/ul>\n\n\n\n<p><strong>Recomenda-se verificar artigos publicados em<\/strong><a href=\"https:\/\/sites.google.com\/d\/1RU9NF5zKbWSP0u2YiPAqpLzRI5F6X-nL\/p\/1qOxfQHcgQiI8sFcIjj0Vb6fdTp81BS4p\/edit\"><strong> <\/strong><\/a><a href=\"https:\/\/sites.google.com\/d\/1RU9NF5zKbWSP0u2YiPAqpLzRI5F6X-nL\/p\/1qOxfQHcgQiI8sFcIjj0Vb6fdTp81BS4p\/edit\"><strong>edi\u00e7\u00f5es anteriores do SBBD DSW<\/strong><\/a><strong> e adicionar refer\u00eancias conforme necess\u00e1rio.<\/strong><\/p>\n\n\n\n<p>Informa\u00e7\u00f5es sobre avalia\u00e7\u00e3o e t\u00f3picos de interesse est\u00e3o dispon\u00edveis na p\u00e1gina <a href=\"https:\/\/sites.google.com\/view\/sbbd-dsw\/\">https:\/\/sites.google.com\/view\/sbbd-dsw\/<\/a><\/p>\n\n\n\n<h3 class=\"wp-block-heading\"><strong>Datas Importantes<\/strong><\/h3>\n\n\n\n<p>\u2013 Data limite para submiss\u00e3o: <strong>3 de julho, 2023<\/strong> <strong>(DATA FINAL!)<\/strong><\/p>\n\n\n\n<p>\u2013 Notifica\u00e7\u00e3o de trabalhos aceitos: <strong>at\u00e9 01 de agosto, 2023<\/strong><\/p>\n\n\n\n<p>\u2013 Vers\u00e3o final para publica\u00e7\u00e3o nos anais: <strong>07 de agosto, 2023<\/strong><\/p>\n\n\n\n<h3 class=\"wp-block-heading\"><strong>Coordena\u00e7\u00e3o<\/strong> <\/h3>\n\n\n\n<p><a href=\"http:\/\/www.inf.ufsc.br\/~carina.dorneles\/\">Carina F. Dorneles<\/a>, UFSC<\/p>\n\n\n\n<p><a href=\"http:\/\/professores.dcc.ufla.br\/~eric\/\">Eric Ara\u00fajo<\/a>, UFLA<\/p>\n\n\n\n<p><a href=\"https:\/\/linktr.ee\/mirellammoro\">Mirella M. Moro<\/a>, UFMG<\/p>\n","protected":false},"excerpt":{"rendered":"<p>O prop\u00f3sito SBBD DSW \u00e9 prover um f\u00f3rum para compartilhar e discutir as formas de constru\u00e7\u00e3o e organiza\u00e7\u00e3o de conjuntos&hellip; <\/p>\n","protected":false},"author":18,"featured_media":0,"parent":0,"menu_order":0,"comment_status":"closed","ping_status":"closed","template":"","meta":{"footnotes":""},"class_list":["post-4129","page","type-page","status-publish","hentry"],"_links":{"self":[{"href":"https:\/\/sbbd.org.br\/2023\/wp-json\/wp\/v2\/pages\/4129","targetHints":{"allow":["GET"]}}],"collection":[{"href":"https:\/\/sbbd.org.br\/2023\/wp-json\/wp\/v2\/pages"}],"about":[{"href":"https:\/\/sbbd.org.br\/2023\/wp-json\/wp\/v2\/types\/page"}],"author":[{"embeddable":true,"href":"https:\/\/sbbd.org.br\/2023\/wp-json\/wp\/v2\/users\/18"}],"replies":[{"embeddable":true,"href":"https:\/\/sbbd.org.br\/2023\/wp-json\/wp\/v2\/comments?post=4129"}],"version-history":[{"count":17,"href":"https:\/\/sbbd.org.br\/2023\/wp-json\/wp\/v2\/pages\/4129\/revisions"}],"predecessor-version":[{"id":7324,"href":"https:\/\/sbbd.org.br\/2023\/wp-json\/wp\/v2\/pages\/4129\/revisions\/7324"}],"wp:attachment":[{"href":"https:\/\/sbbd.org.br\/2023\/wp-json\/wp\/v2\/media?parent=4129"}],"curies":[{"name":"wp","href":"https:\/\/api.w.org\/{rel}","templated":true}]}}