{"id":3816,"date":"2022-02-07T18:16:56","date_gmt":"2022-02-07T21:16:56","guid":{"rendered":"https:\/\/sbbd.org.br\/2023\/call-for-papers-2-copy\/"},"modified":"2023-04-19T11:56:38","modified_gmt":"2023-04-19T14:56:38","slug":"topicos-de-interesse","status":"publish","type":"page","link":"https:\/\/sbbd.org.br\/2023\/topicos-de-interesse\/","title":{"rendered":"T\u00f3picos de Interesse"},"content":{"rendered":"\n<p>O SBBD recebe submiss\u00f5es relacionadas \u00e0 \u00e1rea de gerenciamento de dados e quest\u00f5es a ela relacionadas. Tamb\u00e9m s\u00e3o bem-vindas submiss\u00f5es sobre trabalhos interdisciplinares, desde que haja contribui\u00e7\u00f5es claras para a gest\u00e3o de dados. Os t\u00f3picos de interesse incluem, mas n\u00e3o est\u00e3o limitados a:<\/p>\n\n\n\n<ul class=\"wp-block-list\"><li>Gerenciamento de dados em nuvem e blockchains<\/li><li>Qualidade de dados e informa\u00e7\u00f5es<\/li><li>Anota\u00e7\u00e3o de dados e proveni\u00eancia<\/li><li>Limpeza de dados, filtragem de informa\u00e7\u00f5es e publica\u00e7\u00e3o<\/li><li>Estruturas de dados, ecossistemas e arquiteturas de banco de dados<\/li><li>Minera\u00e7\u00e3o de dados e an\u00e1lise<\/li><li>Modelos de dados e sem\u00e2ntica<\/li><li>Privacidade e seguran\u00e7a de dados<\/li><li>Aplicativos\/pipelines de ci\u00eancia de dados<\/li><li>Visualiza\u00e7\u00e3o de dados, interfaces de usu\u00e1rio e usabilidade de banco de dados<\/li><li>Mecanismos de banco de dados<\/li><li>Monitoramento, desempenho, benchmarking e ajuste de banco de dados<\/li><li>Aplicativos centrados em dados<\/li><li>Bibliotecas e aplicativos digitais<\/li><li>Gest\u00e3o e classifica\u00e7\u00e3o de documentos<\/li><li>Bancos de dados incorporados e m\u00f3veis<\/li><li>Experimentos e an\u00e1lises<\/li><li>Gr\u00e1ficos, redes e gerenciamento de dados semiestruturados<\/li><li>Integra\u00e7\u00e3o e interoperabilidade de informa\u00e7\u00f5es<\/li><li>Recupera\u00e7\u00e3o de informa\u00e7\u00e3o<\/li><li>Gerenciamento de dados na mem\u00f3ria<\/li><li>Bases de conhecimento, gr\u00e1ficos de conhecimento e modelagem<\/li><li>Machine Learning, IA, gerenciamento de dados e sistemas de dados<\/li><li>Bancos de dados multidimensionais e temporais<\/li><li>Bancos de dados NoSQL<\/li><li>Bancos de dados ponto a ponto, paralelos, distribu\u00eddos ou heterog\u00eaneos<\/li><li>Bancos de dados Polystore<\/li><li>Gerenciamento de dados probabil\u00edsticos, difusos e incertos<\/li><li>Gerenciamento de dados baseado em perfil ou com reconhecimento de contexto<\/li><li>Linguagens de consulta e processamento<\/li><li>Sistemas de recomenda\u00e7\u00e3o<\/li><li>Gerenciamento de dados respons\u00e1vel e justi\u00e7a algor\u00edtmica<\/li><li>Gerenciamento e design de esquema<\/li><li>Bancos de dados autogerenciados e aut\u00f4nomos<\/li><li>Sem\u00e2ntica para Web, dados vinculados e ontologias<\/li><li>Processamento de dados do sensor, bancos de dados de fluxo e IOT em dados<\/li><li>Redes sociais e crowdsourcing<\/li><li>Bancos de dados espa\u00e7o-temporais<\/li><li>Gerenciamento de dados especializado e espec\u00edfico do dom\u00ednio<\/li><li>Armazenamento, indexa\u00e7\u00e3o e design de banco de dados f\u00edsico<\/li><li>Gerenciamento de transa\u00e7\u00f5es, controle de simultaneidade e recupera\u00e7\u00e3o<\/li><li>Gerenciamento de dados de Aplicativos para Web e bancos de dados de fluxo de trabalho<\/li><\/ul>\n","protected":false},"excerpt":{"rendered":"<p>O SBBD recebe submiss\u00f5es relacionadas \u00e0 \u00e1rea de gerenciamento de dados e quest\u00f5es a ela relacionadas. Tamb\u00e9m s\u00e3o bem-vindas submiss\u00f5es&hellip; <\/p>\n","protected":false},"author":18,"featured_media":0,"parent":0,"menu_order":0,"comment_status":"closed","ping_status":"closed","template":"","meta":{"footnotes":""},"class_list":["post-3816","page","type-page","status-publish","hentry"],"_links":{"self":[{"href":"https:\/\/sbbd.org.br\/2023\/wp-json\/wp\/v2\/pages\/3816","targetHints":{"allow":["GET"]}}],"collection":[{"href":"https:\/\/sbbd.org.br\/2023\/wp-json\/wp\/v2\/pages"}],"about":[{"href":"https:\/\/sbbd.org.br\/2023\/wp-json\/wp\/v2\/types\/page"}],"author":[{"embeddable":true,"href":"https:\/\/sbbd.org.br\/2023\/wp-json\/wp\/v2\/users\/18"}],"replies":[{"embeddable":true,"href":"https:\/\/sbbd.org.br\/2023\/wp-json\/wp\/v2\/comments?post=3816"}],"version-history":[{"count":7,"href":"https:\/\/sbbd.org.br\/2023\/wp-json\/wp\/v2\/pages\/3816\/revisions"}],"predecessor-version":[{"id":7159,"href":"https:\/\/sbbd.org.br\/2023\/wp-json\/wp\/v2\/pages\/3816\/revisions\/7159"}],"wp:attachment":[{"href":"https:\/\/sbbd.org.br\/2023\/wp-json\/wp\/v2\/media?parent=3816"}],"curies":[{"name":"wp","href":"https:\/\/api.w.org\/{rel}","templated":true}]}}