{"id":5565,"date":"2022-08-09T14:06:57","date_gmt":"2022-08-09T17:06:57","guid":{"rendered":"https:\/\/sbbd.org.br\/2022\/?page_id=5565"},"modified":"2022-08-23T15:17:20","modified_gmt":"2022-08-23T18:17:20","slug":"artigos-completos-aceitos","status":"publish","type":"page","link":"https:\/\/sbbd.org.br\/2022\/artigos-completos-aceitos\/","title":{"rendered":"Artigos completos aceitos"},"content":{"rendered":"\n<ul class=\"wp-block-list\"><li><strong>A Data-Driven Model Selection Approach to Spatio-Temporal Prediction<\/strong><\/li><\/ul>\n\n\n\n<p>Rocio Zorrilla (LNCC \u2013 Brazil), Eduardo Ogasawara (CEFET\/RJ \u2013 Brazil),&nbsp; Patrick Valduriez (INRIA-France), Fabio Porto (LNCC \u2013 Brazil)<\/p>\n\n\n\n<ul class=\"wp-block-list\"><li><strong>Adaptive Fast XGBoost for Binary Classification<\/strong><\/li><\/ul>\n\n\n\n<p>Fabiano Baldo (UDESC &#8211; Brazil), Julia Grando (UDESC &#8211; Brazil), Kawan Weege (UDESC &#8211; Brazil), Gustavo Bonassa (UDESC &#8211; Brazil)<\/p>\n\n\n\n<ul class=\"wp-block-list\"><li><strong>Aplica\u00e7\u00e3o de t\u00e9cnicas de minera\u00e7\u00e3o em dados sint\u00e9ticos para manuten\u00e7\u00e3o preditiva: um estudo de caso<\/strong><\/li><\/ul>\n\n\n\n<p>Rafael Schena&nbsp;(UFRGS &#8211; Brazil), Jo\u00e3o Netto&nbsp;(UFRGS &#8211; Brazil), Karin Becker&nbsp;(UFRGS &#8211; Brazil)<\/p>\n\n\n\n<ul class=\"wp-block-list\"><li><strong>Autonomic Combination and Selection of Tuning Actions<\/strong><\/li><\/ul>\n\n\n\n<p>Rafael Oliveira (PUC-Rio &#8211; Brazil), Fernanda Baiao (PUC-Rio &#8211; Brazil), Javam Machado (UFC &#8211; Brazil), Ana Carolina Almeida (UERJ &#8211; Brazil), Sergio Lifschitz (PUC-Rio &#8211; Brazil)<\/p>\n\n\n\n<ul class=\"wp-block-list\"><li><strong>CoFFee: A Co-occurrence and Frequency-Based Approach to Schema Mining<\/strong><\/li><\/ul>\n\n\n\n<p>Everaldo Neto (UFPE &#8211; Brazil), Johny Moreira (UFPE &#8211; Brazil), Luciano Barbosa (UFPE &#8211; Brazil), Ana Carolina Salgado (UFPE &#8211; Brazil)<\/p>\n\n\n\n<ul class=\"wp-block-list\"><li><strong>Comparando os posicionamentos a favor\/contra a vacina\u00e7\u00e3o COVID nos Estados Unidos da Am\u00e9rica e no Brasil<\/strong><\/li><\/ul>\n\n\n\n<p>Andr\u00e9 de Sousa (UFRGS &#8211; Brazil), Karin Becker (UFRGS &#8211; Brazil)<\/p>\n\n\n\n<ul class=\"wp-block-list\"><li><strong>Dados escuros \u00e0 luz do controle p\u00fablico<\/strong><\/li><\/ul>\n\n\n\n<p>Alessandro Albuquerque&nbsp;(UFSC &#8211; Brazil), Carina F. Dorneles&nbsp;(UFSC &#8211; Brazil)<\/p>\n\n\n\n<ul class=\"wp-block-list\"><li><strong>DedupeGov: Um Ambiente para Integra\u00e7\u00e3o de Grandes Volumes de Dados de Pessoas F\u00edsicas e Jur\u00eddicas em \u00c2mbito Governamental<\/strong><\/li><\/ul>\n\n\n\n<p>Vitor Mangaravite (UFMG &#8211; Brazil), Marcos Carvalho (UFMG &#8211; Brazil), Luis Cantelli (UFMG &#8211; Brazil), Lucas M. Ponce (UFMG &#8211; Brazil), Bruno Campoi (UFMG &#8211; Brazil), Gabriel Nunes (UFMG &#8211; Brazil), Alberto H. F. Laender (UFMG &#8211; Brazil), Marcos Andr\u00e9 Gon\u00e7alves (UFMG &#8211; Brazil)<\/p>\n\n\n\n<ul class=\"wp-block-list\"><li><strong>Detecc\u00e7\u00e3o Autom\u00e1tica de Desinforma\u00e7\u00e3o Relacionada \u00e0 Covid-19 no Brasil<\/strong><\/li><\/ul>\n\n\n\n<p>Jo\u00e3o Marcos Couto (UFMG &#8211; Brazil), Isadora Salles (UFMG &#8211; Brazil), Breno Pimenta (UFMG &#8211; Brazil), Samuel Vieira (UFMG &#8211; Brazil), Leandro Silva (UFMG &#8211; Brazil), Julio Reis (UFV &#8211; Brazil), Fabricio Benevenuto (UFMG &#8211; Brazil)<\/p>\n\n\n\n<ul class=\"wp-block-list\"><li><strong>DIKW4IoT: Uma abordagem baseada na hierarquia DIKW para a constru\u00e7\u00e3o dos grafos de conhecimento para integra\u00e7\u00e3o de dados de IoT<\/strong><\/li><\/ul>\n\n\n\n<p>Jamires da Costa (UFC &#8211; Brazil), Caio Avila (UFC &#8211; Brazil), Tulio Rolim (UFC &#8211; Brazil), Rossana Andrade (UFC &#8211; Brazil), V\u00e2nia Vidal (UFC &#8211; Brazil)<\/p>\n\n\n\n<ul class=\"wp-block-list\"><li><strong>EBRES &#8211; Efficient Buffer Replacement with Exponential Smoothing<\/strong><\/li><\/ul>\n\n\n\n<p>Gustavo Moraes&nbsp;(UFC &#8211; Brazil), Angelo Brayner&nbsp;(UFC &#8211; Brazil), Jos\u00e9 de Aguiar Moraes Filho&nbsp;(SERPRO &#8211; Brazil)<\/p>\n\n\n\n<ul class=\"wp-block-list\"><li><strong>Ferramentas open-source de qualidade de dados para licita\u00e7\u00f5es p\u00fablicas: Uma an\u00e1lise comparativa<\/strong><\/li><\/ul>\n\n\n\n<p>Gabriel P. Oliveira (UFMG &#8211; Brazil), Arthur Reis (UFMG &#8211; Brazil), B\u00e1rbara Mendes (UFMG \u2013 Brazil), Clara Bacha (UFMG &#8211; Brazil), Lucas Costa (UFMG &#8211; Brazil), Mariana Silva (UFMG &#8211; Brazil), Gabriel Cangu\u00e7u (UFMG \u2013 Brazil), Victor Caetano (UFMG \u2013 Brazil), Michele Brand\u00e3o (IFMG &#8211; Brazil), Anisio Lacerda (UFMG &#8211; Brazil), Anisio Lacerda (UFMG \u2013 Brazil), Gisele Pappa (UFMG &#8211; Brazil)<\/p>\n\n\n\n<ul class=\"wp-block-list\"><li><strong>Handling Multi-chapter Inconsistencies in DBpedia Evolution<\/strong><\/li><\/ul>\n\n\n\n<p>Julio dos Reis&nbsp;(UNICAMP &#8211; Brazil), Tulio Brand\u00e3o Martins&nbsp;(IC &#8211; Brazil)<\/p>\n\n\n\n<ul class=\"wp-block-list\"><li><strong>HubISC: um novo algoritmo baseado em hubness para a classifica\u00e7\u00e3o de fluxo de dados de imagens<\/strong><\/li><\/ul>\n\n\n\n<p>Mateus Curcino de Lima, Elaine Faria, Maria Camila Nardini Barioni&nbsp;(UFU &#8211; Brazil)<\/p>\n\n\n\n<ul class=\"wp-block-list\"><li><strong>HURRICANE: um Servi\u00e7o para Ger\u00eancia de Dados de Aplica\u00e7\u00f5es de Cidades Inteligentes<\/strong><\/li><\/ul>\n\n\n\n<p>Maicon Banni&nbsp;(UFF &#8211; Brazil), Isabel Rosseti&nbsp;(UFF &#8211; Brazil), Daniel de Oliveira&nbsp;(UFF &#8211; Brazil)<\/p>\n\n\n\n<ul class=\"wp-block-list\"><li><strong>Justi\u00e7a em Sistemas de Recomenda\u00e7\u00e3o: Uma An\u00e1lise de T\u00e9cnicas de Regulariza\u00e7\u00e3o<\/strong><\/li><\/ul>\n\n\n\n<p>Rodrigo Lima (UFV &#8211; Brazil), Giovanni Comarela (UFES &#8211; Brazil), Fabiano Bel\u00e9m (UFMG &#8211; Brazil), Julio Reis (UFV &#8211; Brazil)<\/p>\n\n\n\n<ul class=\"wp-block-list\"><li><strong>Large-scale Translation to Enable Response Selection in Low Resource Languages: A COVID-19 Chatbot Experiment<\/strong><\/li><\/ul>\n\n\n\n<p>Lucas Aguiar (UECE &#8211; Brazil), L\u00edvia Cruz (UFC &#8211; Brazil), Ticiana Coelho (UFC &#8211; Brazil), Rafael Carmo (Instituto UFC Virtual &#8211; Brazil), Matheus Paix\u00e3o (UECE &#8211; Brazil)<\/p>\n\n\n\n<ul class=\"wp-block-list\"><li><strong>Machine Learning Aplicado \u00e0 Predi\u00e7\u00e3o da Obriga\u00e7\u00e3o do Investimento em P,D&amp;I<\/strong><\/li><\/ul>\n\n\n\n<p>Fl\u00e1via Bravo (PUC Rio &#8211; Brazil), Luciana Sousa (PUC Rio &#8211; Brazil), Tatiana Escovedo (PUC Rio &#8211; Brazil), Helio Lopes (PUC-Rio &#8211; Brazil), Marcos Kalinowski (PUC-Rio &#8211; Brazil)<\/p>\n\n\n\n<ul class=\"wp-block-list\"><li><strong>OpenImages Cyclists: Expandindo a Generaliza\u00e7\u00e3o na Detec\u00e7\u00e3o de Ciclistas em C\u00e2meras de Seguran\u00e7a<\/strong><\/li><\/ul>\n\n\n\n<p>Ednilza Nardi (IME\/USP &#8211; Brazil), Bruno Padilha (USP &#8211; Brazil), Leonardo Kamaura (USP &#8211; Brazil),<br>Jo\u00e3o Eduardo Ferreira (IME\/USP &#8211; Brazil)<\/p>\n\n\n\n<ul class=\"wp-block-list\"><li><strong>Minera\u00e7\u00e3o de Processos Aplicada \u00e0 Auditoria Interna na Marinha do Brasil<\/strong><\/li><\/ul>\n\n\n\n<p>Alexandre Junior&nbsp;(Marinha do Brasil &#8211; Brazil), Nelson Junior&nbsp;(PUC-Rio &#8211; Brazil), Tatiana Escovedo&nbsp;(PUC-Rio &#8211; Brazil), Helio Lopes&nbsp;(PUC-Rio &#8211; Brazil), Marcos Kalinowski&nbsp;(PUC-Rio &#8211; Brazil)<\/p>\n\n\n\n<ul class=\"wp-block-list\"><li><strong>Modelagem de T\u00f3picos em Textos Curtos: uma Avalia\u00e7\u00e3o Experimental<\/strong><\/li><\/ul>\n\n\n\n<p>Annie Amorim&nbsp;(UFF &#8211; Brazil), Nils Murrugarra-Llerena&nbsp;(Weber State University &#8211; USA), Vitor Sousa&nbsp;(Snap &#8211; USA), Daniel de Oliveira&nbsp;(UFF &#8211; Brazil), Aline Paes&nbsp;(UFF &#8211; Brazil)<\/p>\n\n\n\n<ul class=\"wp-block-list\"><li><strong>Outlier detection with ontology-driven fault contextualization in the Industry 4.0<\/strong><\/li><\/ul>\n\n\n\n<p>Dionei Miodutzki (UTFPR &#8211; Brazil), Cesar Tacla (UTFPR &#8211; Brazil), Luiz Celso Gomes Jr&nbsp;(UTFPR &#8211; Brazil)<\/p>\n\n\n\n<ul class=\"wp-block-list\"><li><strong>Privacidade Diferencial em Sistemas Polystore: uma Abordagem Pr\u00e1tica<\/strong><\/li><\/ul>\n\n\n\n<p>Lucas Bertelli&nbsp;(UFF &#8211; Brazil), Victor Stroele&nbsp;(UFJF &#8211; Brazil), Javam Machado&nbsp;(UFC &#8211; Brazil), Daniel de Oliveira&nbsp;(UFF &#8211; Brazil)<\/p>\n\n\n\n<ul class=\"wp-block-list\"><li><strong>Refor\u00e7o e Delimita\u00e7\u00e3o Contextual para Reconhecimento de Entidades e Rela\u00e7\u00f5es em Documentos Oficiais<\/strong><\/li><\/ul>\n\n\n\n<p>Fabiano Bel\u00e9m (UFMG &#8211; Brazil), Marcos Gon\u00e7alves (UFMG &#8211; Brazil), Alberto Laender (UFMG &#8211; Brazil), Marcos Carvalho (UFMG &#8211; Brazil), Marcelo Ganem (UFMG &#8211; Brazil), Celso Fran\u00e7a (UFMG \u2013 Brazil)<\/p>\n\n\n\n<ul class=\"wp-block-list\"><li><strong>SeAct: Semantic Adaptive Segmentation of Sensor Data Streams for Human Activity Recognition<\/strong><\/li><\/ul>\n\n\n\n<p>Amanda Venceslau (UFC &#8211; Brazil), V\u00e2nia Vidal (UFC &#8211; Brazil), Rossana Andrade (UFC &#8211; Brazil), Jos\u00e9 Gilvan Maia (UFC &#8211; Brazil), Jos\u00e9 Wellington Silva (UFC &#8211; Brazil)<\/p>\n\n\n\n<ul class=\"wp-block-list\"><li><strong>Segmenta\u00e7\u00e3o e Classifica\u00e7\u00e3o Sem\u00e2ntica de Trechos Textuais Extra\u00eddos de Di\u00e1rios Oficiais<\/strong><\/li><\/ul>\n\n\n\n<p>Kattiana Constantino (UFMG &#8211; Brazil), Victor Lima Cruz (UFMG &#8211; Brazil), Ot\u00e1vio Maciel Zucheratto (UFMG \u2013 Brazil), Celso Fran\u00e7a (UFMG &#8211; Brazil), Marcos Carvalho (UFMG &#8211; Brazil), Thiago Silva (UFMG &#8211; Brazil), Alberto Laender (UFMG &#8211; Brazil), Marcos Gon\u00e7alves (UFMG &#8211; Brazil)<\/p>\n\n\n\n<ul class=\"wp-block-list\"><li><strong>Um M\u00e9todo Baseado em Fingerprint de Sinais e Aprendizado de M\u00e1quina para Identifica\u00e7\u00e3o de Esta\u00e7\u00f5es Terrenas Interferentes.<\/strong><\/li><\/ul>\n\n\n\n<p>Josinaldo Azevedo (IME &#8211; Brazil), Paulo Cesar Vidal (IME &#8211; Brazil), Ronaldo Goldschmidt (IME &#8211; Brazil)<\/p>\n\n\n\n<ul class=\"wp-block-list\"><li><strong>Visualiza\u00e7\u00e3o Interativa da Evolu\u00e7\u00e3o de Grafos de Conhecimento<\/strong><\/li><\/ul>\n\n\n\n<p>Eduardo Moreira (UNICAMP &#8211; Brazil), Anderson Rossanez (UNICAMP &#8211; Brazil), Julio Dos Reis (UNICAMP &#8211; Brazil), Ricardo Torres (Wageningen University &amp; Research &#8211; The Netherlands)<\/p>\n","protected":false},"excerpt":{"rendered":"<p>A Data-Driven Model Selection Approach to Spatio-Temporal Prediction Rocio Zorrilla (LNCC \u2013 Brazil), Eduardo Ogasawara (CEFET\/RJ \u2013 Brazil),&nbsp; Patrick Valduriez&hellip; <\/p>\n","protected":false},"author":18,"featured_media":0,"parent":0,"menu_order":0,"comment_status":"closed","ping_status":"closed","template":"","meta":{"footnotes":""},"class_list":["post-5565","page","type-page","status-publish","hentry"],"_links":{"self":[{"href":"https:\/\/sbbd.org.br\/2022\/wp-json\/wp\/v2\/pages\/5565","targetHints":{"allow":["GET"]}}],"collection":[{"href":"https:\/\/sbbd.org.br\/2022\/wp-json\/wp\/v2\/pages"}],"about":[{"href":"https:\/\/sbbd.org.br\/2022\/wp-json\/wp\/v2\/types\/page"}],"author":[{"embeddable":true,"href":"https:\/\/sbbd.org.br\/2022\/wp-json\/wp\/v2\/users\/18"}],"replies":[{"embeddable":true,"href":"https:\/\/sbbd.org.br\/2022\/wp-json\/wp\/v2\/comments?post=5565"}],"version-history":[{"count":25,"href":"https:\/\/sbbd.org.br\/2022\/wp-json\/wp\/v2\/pages\/5565\/revisions"}],"predecessor-version":[{"id":6002,"href":"https:\/\/sbbd.org.br\/2022\/wp-json\/wp\/v2\/pages\/5565\/revisions\/6002"}],"wp:attachment":[{"href":"https:\/\/sbbd.org.br\/2022\/wp-json\/wp\/v2\/media?parent=5565"}],"curies":[{"name":"wp","href":"https:\/\/api.w.org\/{rel}","templated":true}]}}