{"id":4712,"date":"2022-06-23T07:46:31","date_gmt":"2022-06-23T10:46:31","guid":{"rendered":"https:\/\/sbbd.org.br\/2022\/hospedagem-copy\/"},"modified":"2022-09-12T17:29:19","modified_gmt":"2022-09-12T20:29:19","slug":"accomodation","status":"publish","type":"page","link":"https:\/\/sbbd.org.br\/2022\/accomodation\/","title":{"rendered":"Accomodation"},"content":{"rendered":"\n<p>Participants of SBBD 2022 (or BSB 2022) who make their accommodation reservation until <mark class=\"has-inline-color has-vivid-red-color\"><strong>September 4th<\/strong><\/mark> will have a special discount at the Hotel Atl\u00e2ntico, venue of the event.<\/p>\n\n\n\n<figure class=\"wp-block-table\"><table><thead><tr><th>SPECIAL DISCCOUNTS*<\/th><th><strong><mark>UNTIL SEPTEMBER <\/mark><\/strong>4<sup>th<\/sup><\/th><th>FROM SEPTEMBER <br>5<sup>th<\/sup> TO 19<sup>th<\/sup><\/th><\/tr><\/thead><tbody><tr><td>Single or Double standard with a maximum of 1 subscriber<\/td><td>R$ 350,00<\/td><td>R$ 400,00<\/td><\/tr><tr><td>Double standard with 2 subscribers<\/td><td>R$ 280,00<\/td><td>R$ 360,00<\/td><\/tr><tr><td>Triple standard (1 double bed + 1 single bed) with at least 1 subscriber<\/td><td>R$ 390,00<\/td><td>R$ 450,00<\/td><\/tr><tr><td>Standard quadruple (1 double bed + 2 single beds) with at least 1 registrant<\/td><td>R$ 500,00<\/td><td>R$560,00<\/td><\/tr><\/tbody><\/table><figcaption>*The number of rooms with subsidized rates is limited: the rates are valid as long as there are rooms available for reservation.<\/figcaption><\/figure>\n\n\n\n<p><br>\u2022 Standard Single or Double with a maximum of 1 SBBD or BSB registered participant: R$350.00 (daily)<br>\u2022 Double standard with 2 SBBD or BSB registered participant: R$280.00 (daily)<br>\u2022 Standard triple (1 double bed, 1 single bed) with at least 1 SBBD or BSB registered participant: R$390.00 (daily)<br>\u2022 Standard quad (1 double bed, 2 single beds) with at least 1 SBBD or BSB registered participant: R$500.00 (daily)<br><br>In case of doubts or special situations, please contact Creacteve, official agency of SBBD2022, by email sbbd@creacteve.com.br or whatsapp +55 21 99557-0582<\/p>\n\n\n\n<p><strong>You can hire accommodation and transfer services in a single purchase, placing your choices in the shopping cart and making a single payment.<\/strong><\/p>\n\n\n\n<div class=\"wp-block-buttons is-layout-flex wp-block-buttons-is-layout-flex\">\n<div class=\"wp-block-button\"><a class=\"wp-block-button__link\" href=\"https:\/\/creacteve.com.br\/proximos-eventos\/sbbd-bsb-2022\/\" target=\"_blank\" rel=\"noreferrer noopener\">Buy now!<\/a><\/div>\n<\/div>\n\n\n\n<div style=\"height:14px\" aria-hidden=\"true\" class=\"wp-block-spacer\"><\/div>\n\n\n\n<hr class=\"wp-block-separator has-css-opacity\" \/>\n\n\n\n<h5 class=\"wp-block-heading\">Atl\u00e2ntico B\u00fazios Convention<\/h5>\n\n\n<div class=\"wp-block-image\">\n<figure class=\"alignright size-full is-resized\"><img loading=\"lazy\" decoding=\"async\" src=\"https:\/\/sbbd.org.br\/2022\/wp-content\/uploads\/sites\/15\/2022\/01\/atlantico.jpg\" alt=\"\" class=\"wp-image-3788\" width=\"275\" height=\"206\" srcset=\"https:\/\/sbbd.org.br\/2022\/wp-content\/uploads\/sites\/15\/2022\/01\/atlantico.jpg 1024w, https:\/\/sbbd.org.br\/2022\/wp-content\/uploads\/sites\/15\/2022\/01\/atlantico-300x225.jpg 300w, https:\/\/sbbd.org.br\/2022\/wp-content\/uploads\/sites\/15\/2022\/01\/atlantico-768x576.jpg 768w, https:\/\/sbbd.org.br\/2022\/wp-content\/uploads\/sites\/15\/2022\/01\/atlantico-692x519.jpg 692w, https:\/\/sbbd.org.br\/2022\/wp-content\/uploads\/sites\/15\/2022\/01\/atlantico-630x473.jpg 630w\" sizes=\"auto, (max-width: 275px) 100vw, 275px\" \/><figcaption>View of Praia da Arma\u00e7\u00e3o<\/figcaption><\/figure>\n<\/div>\n\n\n<p>The hotel is at a 3-minute walk from the beach. Facing Praia da Arma\u00e7\u00e3o Beach, close to Orla Bardot and a few steps from the popular Rua das Pedras, Hotel Atl\u00e2ntico B\u00fazios offers comfortable and bright rooms with wooden furniture.<\/p>\n\n\n\n<p>Atl\u00e2ntico B\u00fazios <a href=\"https:\/\/www.atlanticobuzios.com.br\/\" target=\"_blank\" rel=\"noreferrer noopener\">website<\/a><\/p>\n\n\n\n<p>Atl\u00e2ntico B\u00fazios <a href=\"https:\/\/www.atlanticobuzios.com.br\/tour-virtual\" data-type=\"URL\" data-id=\"https:\/\/www.atlanticobuzios.com.br\/tour-virtual\" target=\"_blank\" rel=\"noreferrer noopener\">virtual tour<\/a><\/p>\n\n\n\n<div style=\"height:10px\" aria-hidden=\"true\" class=\"wp-block-spacer\"><\/div>\n\n\n\n<hr class=\"wp-block-separator has-css-opacity\" \/>\n\n\n\n<h3 class=\"wp-block-heading\" id=\"registrationvenue\"><a href=\"https:\/\/sbbd.org.br\/2022\/sbbd-registration-2022\/\">Registration<\/a><br><a href=\"https:\/\/sbbd.org.br\/2022\/venue\/\">Venue<\/a><br><a href=\"https:\/\/sbbd.org.br\/2022\/transport\/\">Transport<\/a><\/h3>\n\n\n\n<p><a href=\"https:\/\/sbbd.org.br\/2022\/program\/\">Program<\/a><br><a href=\"https:\/\/sbbd.org.br\/2022\/call-for-contributions\/\">Contributions<\/a><br><a href=\"https:\/\/sbbd.org.br\/2022\/sbbd-committes\/\">Committees<\/a><\/p>\n\n\n\n<h6 class=\"wp-block-heading\"><a href=\"https:\/\/sbbd.org.br\/2022\/sbbd2022-en\/\">HOME<\/a><\/h6>\n","protected":false},"excerpt":{"rendered":"<p>Participants of SBBD 2022 (or BSB 2022) who make their accommodation reservation until September 4th will have a special discount&hellip; <\/p>\n","protected":false},"author":18,"featured_media":0,"parent":0,"menu_order":0,"comment_status":"closed","ping_status":"closed","template":"","meta":{"footnotes":""},"class_list":["post-4712","page","type-page","status-publish","hentry"],"_links":{"self":[{"href":"https:\/\/sbbd.org.br\/2022\/wp-json\/wp\/v2\/pages\/4712","targetHints":{"allow":["GET"]}}],"collection":[{"href":"https:\/\/sbbd.org.br\/2022\/wp-json\/wp\/v2\/pages"}],"about":[{"href":"https:\/\/sbbd.org.br\/2022\/wp-json\/wp\/v2\/types\/page"}],"author":[{"embeddable":true,"href":"https:\/\/sbbd.org.br\/2022\/wp-json\/wp\/v2\/users\/18"}],"replies":[{"embeddable":true,"href":"https:\/\/sbbd.org.br\/2022\/wp-json\/wp\/v2\/comments?post=4712"}],"version-history":[{"count":23,"href":"https:\/\/sbbd.org.br\/2022\/wp-json\/wp\/v2\/pages\/4712\/revisions"}],"predecessor-version":[{"id":6567,"href":"https:\/\/sbbd.org.br\/2022\/wp-json\/wp\/v2\/pages\/4712\/revisions\/6567"}],"wp:attachment":[{"href":"https:\/\/sbbd.org.br\/2022\/wp-json\/wp\/v2\/media?parent=4712"}],"curies":[{"name":"wp","href":"https:\/\/api.w.org\/{rel}","templated":true}]}}