{"id":4442,"date":"2021-09-23T11:55:28","date_gmt":"2021-09-23T14:55:28","guid":{"rendered":"https:\/\/sbbd.org.br\/2021\/?page_id=4442"},"modified":"2021-09-28T20:23:15","modified_gmt":"2021-09-28T23:23:15","slug":"paineis","status":"publish","type":"page","link":"https:\/\/sbbd.org.br\/2021\/paineis\/","title":{"rendered":"Pain\u00e9is"},"content":{"rendered":"\n<h4 class=\"wp-block-heading\"><a href=\"https:\/\/sbbd.org.br\/2021\/painel-1\/\">Painel #1 &#8211; <strong>Desafios na forma\u00e7\u00e3o do Cientista de Dados em uma Sociedade Orientada a Dados<\/strong><\/a><\/h4>\n\n\n\n<h4 class=\"wp-block-heading\"><a href=\"https:\/\/sbbd.org.br\/2021\/painel-2\/\">Painel #2 &#8211; <strong><strong>Academia e Empresas juntos na Solu\u00e7\u00e3o de Problemas em Ci\u00eancia de Dados e Big Data<\/strong><\/strong><\/a><\/h4>\n\n\n\n<p><\/p>\n","protected":false},"excerpt":{"rendered":"<p>Painel #1 &#8211; Desafios na forma\u00e7\u00e3o do Cientista de Dados em uma Sociedade Orientada a Dados Painel #2 &#8211; Academia&hellip; <\/p>\n","protected":false},"author":19,"featured_media":0,"parent":0,"menu_order":0,"comment_status":"closed","ping_status":"closed","template":"templates\/template-fullwidth.php","meta":{"footnotes":""},"class_list":["post-4442","page","type-page","status-publish","hentry"],"_links":{"self":[{"href":"https:\/\/sbbd.org.br\/2021\/wp-json\/wp\/v2\/pages\/4442","targetHints":{"allow":["GET"]}}],"collection":[{"href":"https:\/\/sbbd.org.br\/2021\/wp-json\/wp\/v2\/pages"}],"about":[{"href":"https:\/\/sbbd.org.br\/2021\/wp-json\/wp\/v2\/types\/page"}],"author":[{"embeddable":true,"href":"https:\/\/sbbd.org.br\/2021\/wp-json\/wp\/v2\/users\/19"}],"replies":[{"embeddable":true,"href":"https:\/\/sbbd.org.br\/2021\/wp-json\/wp\/v2\/comments?post=4442"}],"version-history":[{"count":4,"href":"https:\/\/sbbd.org.br\/2021\/wp-json\/wp\/v2\/pages\/4442\/revisions"}],"predecessor-version":[{"id":4519,"href":"https:\/\/sbbd.org.br\/2021\/wp-json\/wp\/v2\/pages\/4442\/revisions\/4519"}],"wp:attachment":[{"href":"https:\/\/sbbd.org.br\/2021\/wp-json\/wp\/v2\/media?parent=4442"}],"curies":[{"name":"wp","href":"https:\/\/api.w.org\/{rel}","templated":true}]}}