{"id":4403,"date":"2021-09-21T17:57:28","date_gmt":"2021-09-21T20:57:28","guid":{"rendered":"https:\/\/sbbd.org.br\/2021\/?page_id=4403"},"modified":"2021-10-07T10:20:37","modified_gmt":"2021-10-07T13:20:37","slug":"womb","status":"publish","type":"page","link":"https:\/\/sbbd.org.br\/2021\/womb\/","title":{"rendered":"WomB: Women in Databases"},"content":{"rendered":"\n<h5 class=\"wp-block-heading\">Fa\u00e7a sua inscri\u00e7\u00e3o para participar do <em><span class=\"has-inline-color has-vivid-purple-color\"><strong>Women in Databases<\/strong><\/span><\/em> pelo link: <a href=\"http:\/\/bit.ly\/womb21\">bit.ly\/womb21<\/a><\/h5>\n\n\n\n<p><\/p>\n\n\n\n<div class=\"wp-block-image\"><figure class=\"aligncenter size-large is-resized\"><img loading=\"lazy\" decoding=\"async\" src=\"https:\/\/sbbd.org.br\/2021\/wp-content\/uploads\/sites\/14\/2021\/09\/WomB-invite-1024x1024.png\" alt=\"\" class=\"wp-image-4404\" width=\"625\" height=\"625\" srcset=\"https:\/\/sbbd.org.br\/2021\/wp-content\/uploads\/sites\/14\/2021\/09\/WomB-invite-1024x1024.png 1024w, https:\/\/sbbd.org.br\/2021\/wp-content\/uploads\/sites\/14\/2021\/09\/WomB-invite-300x300.png 300w, https:\/\/sbbd.org.br\/2021\/wp-content\/uploads\/sites\/14\/2021\/09\/WomB-invite-150x150.png 150w, https:\/\/sbbd.org.br\/2021\/wp-content\/uploads\/sites\/14\/2021\/09\/WomB-invite-768x768.png 768w, https:\/\/sbbd.org.br\/2021\/wp-content\/uploads\/sites\/14\/2021\/09\/WomB-invite-1536x1536.png 1536w, https:\/\/sbbd.org.br\/2021\/wp-content\/uploads\/sites\/14\/2021\/09\/WomB-invite-692x692.png 692w, https:\/\/sbbd.org.br\/2021\/wp-content\/uploads\/sites\/14\/2021\/09\/WomB-invite-1316x1316.png 1316w, https:\/\/sbbd.org.br\/2021\/wp-content\/uploads\/sites\/14\/2021\/09\/WomB-invite-630x630.png 630w, https:\/\/sbbd.org.br\/2021\/wp-content\/uploads\/sites\/14\/2021\/09\/WomB-invite.png 1654w\" sizes=\"auto, (max-width: 625px) 100vw, 625px\" \/><\/figure><\/div>\n","protected":false},"excerpt":{"rendered":"<p>Fa\u00e7a sua inscri\u00e7\u00e3o para participar do Women in Databases pelo link: bit.ly\/womb21<\/p>\n","protected":false},"author":19,"featured_media":0,"parent":0,"menu_order":0,"comment_status":"closed","ping_status":"closed","template":"templates\/template-fullwidth.php","meta":{"footnotes":""},"class_list":["post-4403","page","type-page","status-publish","hentry"],"_links":{"self":[{"href":"https:\/\/sbbd.org.br\/2021\/wp-json\/wp\/v2\/pages\/4403","targetHints":{"allow":["GET"]}}],"collection":[{"href":"https:\/\/sbbd.org.br\/2021\/wp-json\/wp\/v2\/pages"}],"about":[{"href":"https:\/\/sbbd.org.br\/2021\/wp-json\/wp\/v2\/types\/page"}],"author":[{"embeddable":true,"href":"https:\/\/sbbd.org.br\/2021\/wp-json\/wp\/v2\/users\/19"}],"replies":[{"embeddable":true,"href":"https:\/\/sbbd.org.br\/2021\/wp-json\/wp\/v2\/comments?post=4403"}],"version-history":[{"count":7,"href":"https:\/\/sbbd.org.br\/2021\/wp-json\/wp\/v2\/pages\/4403\/revisions"}],"predecessor-version":[{"id":4648,"href":"https:\/\/sbbd.org.br\/2021\/wp-json\/wp\/v2\/pages\/4403\/revisions\/4648"}],"wp:attachment":[{"href":"https:\/\/sbbd.org.br\/2021\/wp-json\/wp\/v2\/media?parent=4403"}],"curies":[{"name":"wp","href":"https:\/\/api.w.org\/{rel}","templated":true}]}}