{"id":4082,"date":"2021-08-06T12:13:46","date_gmt":"2021-08-06T15:13:46","guid":{"rendered":"https:\/\/sbbd.org.br\/2021\/keynote-speaker-1-copy\/"},"modified":"2021-10-07T18:19:31","modified_gmt":"2021-10-07T21:19:31","slug":"keynote-speaker-2","status":"publish","type":"page","link":"https:\/\/sbbd.org.br\/2021\/keynote-speaker-2\/","title":{"rendered":"Professor Homenageado"},"content":{"rendered":"\n<hr class=\"wp-block-separator\" \/>\n\n\n\n<p> <\/p>\n\n\n\n<p class=\"has-text-align-right\"><\/p>\n\n\n\n<p class=\"has-text-align-right\"><strong><span class=\"has-inline-color has-vivid-red-color\">V\u00eddeo da apresenta\u00e7\u00e3o:<\/span><\/strong> <a rel=\"noreferrer noopener\" href=\"https:\/\/youtu.be\/asqPBL61W0I\" target=\"_blank\">https:\/\/youtu.be\/asqPBL61W0I<\/a><\/p>\n\n\n\n<h4 class=\"has-text-align-left wp-block-heading\"><\/h4>\n\n\n\n<div class=\"wp-block-columns is-layout-flex wp-container-core-columns-is-layout-9d6595d7 wp-block-columns-is-layout-flex\">\n<div class=\"wp-block-column is-layout-flow wp-block-column-is-layout-flow\" style=\"flex-basis:66.66%\">\n<h5 class=\"wp-block-heading\"><strong><strong>Javam de Castro Machado (UFC, Brasil<\/strong>)<\/strong><\/h5>\n<\/div>\n\n\n\n<div class=\"wp-block-column is-layout-flow wp-block-column-is-layout-flow\" style=\"flex-basis:33.33%\">\n<h6 class=\"has-text-align-right wp-block-heading\"><strong><span class=\"has-inline-color has-vivid-red-color\">Abertura do Evento &#8211; SBC<\/span><\/strong><\/h6>\n<\/div>\n<\/div>\n\n\n\n<p><\/p>\n\n\n\n<blockquote class=\"wp-block-quote is-layout-flow wp-block-quote-is-layout-flow\"><p><strong><span style=\"color:#150996\" class=\"has-inline-color\">O problema da privacidade de indiv\u00edduos em coleta, processamento e publica\u00e7\u00e3o de dados<\/span><\/strong><\/p><\/blockquote>\n\n\n\n<p>&nbsp;<\/p>\n\n\n\n<p>O professor Javam de Castro Machado ser\u00e1 homenageado durante o Simp\u00f3sio Brasileiro de Banco de Dados 2021.<\/p>\n\n\n\n<h2 class=\"wp-block-heading\"><\/h2>\n\n\n\n<div class=\"wp-block-image\"><figure class=\"alignright size-large is-resized\"><img loading=\"lazy\" decoding=\"async\" src=\"https:\/\/sbbd.org.br\/2021\/wp-content\/uploads\/sites\/14\/2021\/04\/professor_homenageado_sbbd2021-1024x1024.jpg\" alt=\"\" class=\"wp-image-3829\" width=\"449\" height=\"449\" srcset=\"https:\/\/sbbd.org.br\/2021\/wp-content\/uploads\/sites\/14\/2021\/04\/professor_homenageado_sbbd2021-1024x1024.jpg 1024w, https:\/\/sbbd.org.br\/2021\/wp-content\/uploads\/sites\/14\/2021\/04\/professor_homenageado_sbbd2021-300x300.jpg 300w, https:\/\/sbbd.org.br\/2021\/wp-content\/uploads\/sites\/14\/2021\/04\/professor_homenageado_sbbd2021-150x150.jpg 150w, https:\/\/sbbd.org.br\/2021\/wp-content\/uploads\/sites\/14\/2021\/04\/professor_homenageado_sbbd2021-768x768.jpg 768w, https:\/\/sbbd.org.br\/2021\/wp-content\/uploads\/sites\/14\/2021\/04\/professor_homenageado_sbbd2021-692x692.jpg 692w, https:\/\/sbbd.org.br\/2021\/wp-content\/uploads\/sites\/14\/2021\/04\/professor_homenageado_sbbd2021-1316x1316.jpg 1316w, https:\/\/sbbd.org.br\/2021\/wp-content\/uploads\/sites\/14\/2021\/04\/professor_homenageado_sbbd2021-630x630.jpg 630w, https:\/\/sbbd.org.br\/2021\/wp-content\/uploads\/sites\/14\/2021\/04\/professor_homenageado_sbbd2021.jpg 1347w\" sizes=\"auto, (max-width: 449px) 100vw, 449px\" \/><\/figure><\/div>\n\n\n\n<p class=\"has-black-color has-text-color\"><strong>Resumo:<\/strong> T\u00e9cnicas de Minera\u00e7\u00e3o de dados e de aprendizagem de m\u00e1quina fazem uso intenso de grandes volumes de dados. Como consequ\u00eancia, temos coletado, quase que freneticamente e por vezes compartilhado ou publicado, os mais variados dados sobre indiv\u00edduos e sua vida digital. Procuramos estabelecer perfis, fazer estudos, definir pol\u00edticas p\u00fablicas, descobrir e aprender comportamentos coletivos ou mesmo fazer marketing qualificado. Embora muito \u00fateis para estudos e campanhas, parte desses dados s\u00e3o sens\u00edveis aos seus titulares. Nesta palestra vamos discutir estrat\u00e9gias para assegurar a privacidade dos indiv\u00edduos mesmo quando eles contribuem com os seus dados para formar os grandes conjuntos de dados. Iremos detalhar resultados de pesquisa em diferentes aplica\u00e7\u00f5es de compartilhamento e publica\u00e7\u00e3o de dados pessoais, particularmente quando do uso de privacidade diferencial. Finalizaremos com algumas reflex\u00f5es sobre a intera\u00e7\u00e3o entre o problema da privacidade de dados e a n\u00e3o-discrimina\u00e7\u00e3o em estrat\u00e9gias de aprendizagem autom\u00e1tica.<\/p>\n\n\n\n<h2 class=\"wp-block-heading\"><\/h2>\n\n\n\n<hr class=\"wp-block-separator\" \/>\n\n\n\n<div class=\"wp-block-image\"><figure class=\"alignleft size-full is-resized\"><img loading=\"lazy\" decoding=\"async\" src=\"https:\/\/sbbd.org.br\/2021\/wp-content\/uploads\/sites\/14\/2021\/08\/javam_machado.jpg\" alt=\"\" class=\"wp-image-4085\" width=\"99\" height=\"118\" srcset=\"https:\/\/sbbd.org.br\/2021\/wp-content\/uploads\/sites\/14\/2021\/08\/javam_machado.jpg 266w, https:\/\/sbbd.org.br\/2021\/wp-content\/uploads\/sites\/14\/2021\/08\/javam_machado-249x300.jpg 249w\" sizes=\"auto, (max-width: 99px) 100vw, 99px\" \/><figcaption><strong>Javam de C. Machado<\/strong><\/figcaption><\/figure><\/div>\n\n\n\n<p class=\"has-black-color has-text-color\"><strong><span style=\"color:#150996\" class=\"has-inline-color\">Javam de C. Machado <\/span><\/strong> \u00e9 professor titular do Departamento de Computa\u00e7\u00e3o da UFC, onde, h\u00e1 mais de 10 anos, fundou e coordena o Laborat\u00f3rio de Sistemas e Bancos de Dados (LSBD). Javam foi diretor de tecnologia da informa\u00e7\u00e3o e coordenador de inova\u00e7\u00e3o tecnol\u00f3gica da Pro-Reitoria de Pesquisa tamb\u00e9m da UFC. Foi igualmente coordenador da Comiss\u00e3o Especial de Banco de Dados da SBC (2017) e pesquisador visitante na TelecomSudParis&nbsp;&#8211; FR (2001) e no AT&amp;T Labs-Research &#8211; USA (2018 e 2020). No momento, o professor Javam se interessa cientificamente pelas \u00e1reas de privacidade de dados e de n\u00e3o-discrimina\u00e7\u00e3o em t\u00e9cnicas de aprendizagem autom\u00e1tica.<\/p>\n\n\n\n<p><\/p>\n\n\n\n<p><\/p>\n\n\n\n<p><\/p>\n\n\n\n<hr class=\"wp-block-separator\" \/>\n\n\n\n<p> <\/p>\n","protected":false},"excerpt":{"rendered":"<p>V\u00eddeo da apresenta\u00e7\u00e3o: https:\/\/youtu.be\/asqPBL61W0I Javam de Castro Machado (UFC, Brasil) Abertura do Evento &#8211; SBC O problema da privacidade de&hellip; <\/p>\n","protected":false},"author":19,"featured_media":0,"parent":0,"menu_order":0,"comment_status":"closed","ping_status":"closed","template":"templates\/template-fullwidth.php","meta":{"footnotes":""},"class_list":["post-4082","page","type-page","status-publish","hentry"],"_links":{"self":[{"href":"https:\/\/sbbd.org.br\/2021\/wp-json\/wp\/v2\/pages\/4082","targetHints":{"allow":["GET"]}}],"collection":[{"href":"https:\/\/sbbd.org.br\/2021\/wp-json\/wp\/v2\/pages"}],"about":[{"href":"https:\/\/sbbd.org.br\/2021\/wp-json\/wp\/v2\/types\/page"}],"author":[{"embeddable":true,"href":"https:\/\/sbbd.org.br\/2021\/wp-json\/wp\/v2\/users\/19"}],"replies":[{"embeddable":true,"href":"https:\/\/sbbd.org.br\/2021\/wp-json\/wp\/v2\/comments?post=4082"}],"version-history":[{"count":9,"href":"https:\/\/sbbd.org.br\/2021\/wp-json\/wp\/v2\/pages\/4082\/revisions"}],"predecessor-version":[{"id":4677,"href":"https:\/\/sbbd.org.br\/2021\/wp-json\/wp\/v2\/pages\/4082\/revisions\/4677"}],"wp:attachment":[{"href":"https:\/\/sbbd.org.br\/2021\/wp-json\/wp\/v2\/media?parent=4082"}],"curies":[{"name":"wp","href":"https:\/\/api.w.org\/{rel}","templated":true}]}}

<hr class="wp-block-separator" />



<p> </p>



<p class="has-text-align-right"></p>



<p class="has-text-align-right"><strong><span class="has-inline-color has-vivid-red-color">Vídeo da apresentação:</span></strong> <a rel="noreferrer noopener" href="https://youtu.be/asqPBL61W0I" target="_blank">https://youtu.be/asqPBL61W0I</a></p>



<h4 class="has-text-align-left wp-block-heading"></h4>



<div class="wp-block-columns is-layout-flex wp-container-core-columns-is-layout-9d6595d7 wp-block-columns-is-layout-flex">
<div class="wp-block-column is-layout-flow wp-block-column-is-layout-flow" style="flex-basis:66.66%">
<h5 class="wp-block-heading"><strong><strong>Javam de Castro Machado (UFC, Brasil</strong>)</strong></h5>
</div>



<div class="wp-block-column is-layout-flow wp-block-column-is-layout-flow" style="flex-basis:33.33%">
<h6 class="has-text-align-right wp-block-heading"><strong><span class="has-inline-color has-vivid-red-color">Abertura do Evento &#8211; SBC</span></strong></h6>
</div>
</div>



<p></p>



<blockquote class="wp-block-quote is-layout-flow wp-block-quote-is-layout-flow"><p><strong><span style="color:#150996" class="has-inline-color">O problema da privacidade de indivíduos em coleta, processamento e publicação de dados</span></strong></p></blockquote>



<p>&nbsp;</p>



<p>O professor Javam de Castro Machado será homenageado durante o Simpósio Brasileiro de Banco de Dados 2021.</p>



<h2 class="wp-block-heading"></h2>



<div class="wp-block-image"><figure class="alignright size-large is-resized"><img loading="lazy" decoding="async" src="https://sbbd.org.br/2021/wp-content/uploads/sites/14/2021/04/professor_homenageado_sbbd2021-1024x1024.jpg" alt="" class="wp-image-3829" width="449" height="449" srcset="https://sbbd.org.br/2021/wp-content/uploads/sites/14/2021/04/professor_homenageado_sbbd2021-1024x1024.jpg 1024w, https://sbbd.org.br/2021/wp-content/uploads/sites/14/2021/04/professor_homenageado_sbbd2021-300x300.jpg 300w, https://sbbd.org.br/2021/wp-content/uploads/sites/14/2021/04/professor_homenageado_sbbd2021-150x150.jpg 150w, https://sbbd.org.br/2021/wp-content/uploads/sites/14/2021/04/professor_homenageado_sbbd2021-768x768.jpg 768w, https://sbbd.org.br/2021/wp-content/uploads/sites/14/2021/04/professor_homenageado_sbbd2021-692x692.jpg 692w, https://sbbd.org.br/2021/wp-content/uploads/sites/14/2021/04/professor_homenageado_sbbd2021-1316x1316.jpg 1316w, https://sbbd.org.br/2021/wp-content/uploads/sites/14/2021/04/professor_homenageado_sbbd2021-630x630.jpg 630w, https://sbbd.org.br/2021/wp-content/uploads/sites/14/2021/04/professor_homenageado_sbbd2021.jpg 1347w" sizes="auto, (max-width: 449px) 100vw, 449px" /></figure></div>



<p class="has-black-color has-text-color"><strong>Resumo:</strong> Técnicas de Mineração de dados e de aprendizagem de máquina fazem uso intenso de grandes volumes de dados. Como consequência, temos coletado, quase que freneticamente e por vezes compartilhado ou publicado, os mais variados dados sobre indivíduos e sua vida digital. Procuramos estabelecer perfis, fazer estudos, definir políticas públicas, descobrir e aprender comportamentos coletivos ou mesmo fazer marketing qualificado. Embora muito úteis para estudos e campanhas, parte desses dados são sensíveis aos seus titulares. Nesta palestra vamos discutir estratégias para assegurar a privacidade dos indivíduos mesmo quando eles contribuem com os seus dados para formar os grandes conjuntos de dados. Iremos detalhar resultados de pesquisa em diferentes aplicações de compartilhamento e publicação de dados pessoais, particularmente quando do uso de privacidade diferencial. Finalizaremos com algumas reflexões sobre a interação entre o problema da privacidade de dados e a não-discriminação em estratégias de aprendizagem automática.</p>



<h2 class="wp-block-heading"></h2>



<hr class="wp-block-separator" />



<div class="wp-block-image"><figure class="alignleft size-full is-resized"><img loading="lazy" decoding="async" src="https://sbbd.org.br/2021/wp-content/uploads/sites/14/2021/08/javam_machado.jpg" alt="" class="wp-image-4085" width="99" height="118" srcset="https://sbbd.org.br/2021/wp-content/uploads/sites/14/2021/08/javam_machado.jpg 266w, https://sbbd.org.br/2021/wp-content/uploads/sites/14/2021/08/javam_machado-249x300.jpg 249w" sizes="auto, (max-width: 99px) 100vw, 99px" /><figcaption><strong>Javam de C. Machado</strong></figcaption></figure></div>



<p class="has-black-color has-text-color"><strong><span style="color:#150996" class="has-inline-color">Javam de C. Machado </span></strong> é professor titular do Departamento de Computação da UFC, onde, há mais de 10 anos, fundou e coordena o Laboratório de Sistemas e Bancos de Dados (LSBD). Javam foi diretor de tecnologia da informação e coordenador de inovação tecnológica da Pro-Reitoria de Pesquisa também da UFC. Foi igualmente coordenador da Comissão Especial de Banco de Dados da SBC (2017) e pesquisador visitante na TelecomSudParis&nbsp;&#8211; FR (2001) e no AT&amp;T Labs-Research &#8211; USA (2018 e 2020). No momento, o professor Javam se interessa cientificamente pelas áreas de privacidade de dados e de não-discriminação em técnicas de aprendizagem automática.</p>



<p></p>



<p></p>



<p></p>



<hr class="wp-block-separator" />



<p> </p>

<p>Vídeo da apresentação: https://youtu.be/asqPBL61W0I Javam de Castro Machado (UFC, Brasil) Abertura do Evento &#8211; SBC O problema da privacidade de&hellip; </p>
