{"id":2861,"date":"2020-09-10T22:12:12","date_gmt":"2020-09-11T01:12:12","guid":{"rendered":"http:\/\/sbbd.org.br\/2021\/short-course-2-copy\/"},"modified":"2021-10-07T10:13:35","modified_gmt":"2021-10-07T13:13:35","slug":"short-course-1","status":"publish","type":"page","link":"https:\/\/sbbd.org.br\/2021\/short-course-1\/","title":{"rendered":"Minicurso #1"},"content":{"rendered":"\n<blockquote class=\"wp-block-quote is-layout-flow wp-block-quote-is-layout-flow\"><p><strong><span style=\"color:#150996\" class=\"has-inline-color\"><strong>Ci\u00eancia de Dados com Reprodutibilidade usando Notebook Jupyter<\/strong><\/span><\/strong><\/p><\/blockquote>\n\n\n\n<p><strong>Data:<\/strong> 04\/10 (segunda-feira) &#8211; 8:30 \u00e0s 12:00 <\/p>\n\n\n\n<h2 class=\"wp-block-heading\"><\/h2>\n\n\n\n<div class=\"wp-block-columns is-layout-flex wp-container-core-columns-is-layout-9d6595d7 wp-block-columns-is-layout-flex\">\n<div class=\"wp-block-column is-layout-flow wp-block-column-is-layout-flow\">\n<h6 class=\"wp-block-heading\"><strong>Parte 01<\/strong> &#8211;  8:30 \u00e0s 10:00 <\/h6>\n\n\n\n<p><\/p>\n\n\n\n<p class=\"has-text-align-left\"><strong><span class=\"has-inline-color has-vivid-red-color\">V\u00eddeo da apresenta\u00e7\u00e3o:<\/span><\/strong> <a rel=\"noreferrer noopener\" href=\"https:\/\/youtu.be\/XiCplPUW0tM\" target=\"_blank\">https:\/\/youtu.be\/XiCplPUW0tM<\/a><\/p>\n<\/div>\n\n\n\n<div class=\"wp-block-column is-layout-flow wp-block-column-is-layout-flow\">\n<h6 class=\"wp-block-heading\"><strong>Parte 02<\/strong> &#8211;  10:30 \u00e0s 12:00  <\/h6>\n\n\n\n<p class=\"has-text-align-left\"><\/p>\n\n\n\n<p class=\"has-text-align-left\"><strong><span class=\"has-inline-color has-vivid-red-color\"><strong><span class=\"has-inline-color has-vivid-red-color\">V\u00eddeo da apresenta\u00e7\u00e3o<\/span><\/strong>:<\/span><\/strong> <a rel=\"noreferrer noopener\" href=\"https:\/\/youtu.be\/66_FRyi7iBI\" target=\"_blank\">https:\/\/youtu.be\/66_FRyi7iBI<\/a><\/p>\n<\/div>\n<\/div>\n\n\n\n<div class=\"wp-block-image\"><figure class=\"alignright size-full is-resized\"><img loading=\"lazy\" decoding=\"async\" src=\"https:\/\/sbbd.org.br\/2021\/wp-content\/uploads\/sites\/14\/2021\/08\/image-1.png\" alt=\"\" class=\"wp-image-4126\" width=\"512\" height=\"130\" srcset=\"https:\/\/sbbd.org.br\/2021\/wp-content\/uploads\/sites\/14\/2021\/08\/image-1.png 464w, https:\/\/sbbd.org.br\/2021\/wp-content\/uploads\/sites\/14\/2021\/08\/image-1-300x76.png 300w\" sizes=\"auto, (max-width: 512px) 100vw, 512px\" \/><\/figure><\/div>\n\n\n\n<p><strong>Respons\u00e1veis<\/strong><\/p>\n\n\n\n<ul class=\"wp-block-list\"><li>Jo\u00e3o Felipe Pimentel (UFF)<\/li><li>Gabriel P. Oliveira (UFMG)<\/li><li>Mariana O. Silva (UFMG)<\/li><li>Danilo B. Seufitelli (UFMG)<\/li><li>Mirella M. Moro (UFMG)<\/li><\/ul>\n\n\n\n<p><strong>Resumo<\/strong><\/p>\n\n\n\n<p>Jupyter Notebook vem se consolidando como uma das principais ferramentas utilizadas por cientistas de dados para realizar an\u00e1lises explorat\u00f3rias de dados de forma r\u00e1pida e direta, com alto potencial de reprodu\u00e7\u00e3o de c\u00f3digo.&nbsp; Dessa forma, o objetivo deste minicurso \u00e9 apresentar o Jupyter com reprodutibilidade para a realiza\u00e7\u00e3o de projetos em Ci\u00eancia de Dados. O conte\u00fado \u00e9 organizado para estudantes e profissionais com alguma experi\u00eancia em programa\u00e7\u00e3o. Em particular, primeiro apresentamos o Jupyter e seu uso geral para desenvolver solu\u00e7\u00f5es para Ci\u00eancia de Dados, com diferentes visualiza\u00e7\u00f5es e algoritmos de aprendizado de m\u00e1quina. Em seguida, apresentamos t\u00f3picos avan\u00e7ados do Jupyter e maneiras de promover a ci\u00eancia aberta.<\/p>\n\n\n\n<h2 class=\"wp-block-heading\"><\/h2>\n\n\n\n<p><strong>Dura\u00e7\u00e3o: <\/strong>3 horas<\/p>\n\n\n\n<h2 class=\"wp-block-heading\"><\/h2>\n\n\n\n<p><strong>P\u00fablico-alvo<\/strong>: Estudantes e profissionais com alguma experi\u00eancia em programa\u00e7\u00e3o.<\/p>\n\n\n\n<h2 class=\"wp-block-heading\"><\/h2>\n\n\n\n<p><strong>Recursos necess\u00e1rios<\/strong>: Computador, notebook ou tablet com conex\u00e3o \u00e0 internet.<\/p>\n\n\n\n<h2 class=\"wp-block-heading\"><\/h2>\n\n\n\n<p><strong>N\u00famero de Vagas: <\/strong>100<\/p>\n\n\n\n<hr class=\"wp-block-separator\" \/>\n\n\n\n<p> <\/p>\n","protected":false},"excerpt":{"rendered":"<p>Ci\u00eancia de Dados com Reprodutibilidade usando Notebook Jupyter Data: 04\/10 (segunda-feira) &#8211; 8:30 \u00e0s 12:00 Parte 01 &#8211; 8:30 \u00e0s&hellip; <\/p>\n","protected":false},"author":13,"featured_media":0,"parent":0,"menu_order":0,"comment_status":"closed","ping_status":"closed","template":"templates\/template-fullwidth.php","meta":{"footnotes":""},"class_list":["post-2861","page","type-page","status-publish","hentry"],"_links":{"self":[{"href":"https:\/\/sbbd.org.br\/2021\/wp-json\/wp\/v2\/pages\/2861","targetHints":{"allow":["GET"]}}],"collection":[{"href":"https:\/\/sbbd.org.br\/2021\/wp-json\/wp\/v2\/pages"}],"about":[{"href":"https:\/\/sbbd.org.br\/2021\/wp-json\/wp\/v2\/types\/page"}],"author":[{"embeddable":true,"href":"https:\/\/sbbd.org.br\/2021\/wp-json\/wp\/v2\/users\/13"}],"replies":[{"embeddable":true,"href":"https:\/\/sbbd.org.br\/2021\/wp-json\/wp\/v2\/comments?post=2861"}],"version-history":[{"count":18,"href":"https:\/\/sbbd.org.br\/2021\/wp-json\/wp\/v2\/pages\/2861\/revisions"}],"predecessor-version":[{"id":4645,"href":"https:\/\/sbbd.org.br\/2021\/wp-json\/wp\/v2\/pages\/2861\/revisions\/4645"}],"wp:attachment":[{"href":"https:\/\/sbbd.org.br\/2021\/wp-json\/wp\/v2\/media?parent=2861"}],"curies":[{"name":"wp","href":"https:\/\/api.w.org\/{rel}","templated":true}]}}