{"id":1275,"date":"2019-05-08T01:47:22","date_gmt":"2019-05-08T01:47:22","guid":{"rendered":"http:\/\/sbbd.org.br\/2021\/?page_id=1275"},"modified":"2021-07-30T15:31:48","modified_gmt":"2021-07-30T18:31:48","slug":"call-for-dsw","status":"publish","type":"page","link":"https:\/\/sbbd.org.br\/2021\/call-for-dsw\/","title":{"rendered":"Chamada para DSW"},"content":{"rendered":"\n<h2 class=\"wp-block-heading\"><strong><strong><span style=\"color:#0528ee\" class=\"has-inline-color\">DATAS IMPORTANTES<\/span><\/strong><\/strong><\/h2>\n\n\n\n<ul class=\"wp-block-list\"><li>Data limite para submiss\u00e3o: <strong><s>23 de julho de 2021<\/s><\/strong> <strong><span style=\"color:#006b04\" class=\"has-inline-color\">12 de agosto de 2021<\/span> (data final)<\/strong><\/li><li>Notifica\u00e7\u00e3o de trabalhos aceitos:  <strong><span style=\"color:#006b04\" class=\"has-inline-color\">3 de setembro de 2021<\/span><\/strong><\/li><li>Vers\u00e3o final para publica\u00e7\u00e3o nos anais: <strong><span style=\"color:#006b04\" class=\"has-inline-color\">8 de setembro de 2021<\/span><\/strong><\/li><\/ul>\n\n\n\n<p><\/p>\n\n\n\n<h2 class=\"wp-block-heading\">DSW \u2013 Dataset Showcase Workshop<\/h2>\n\n\n\n<p>A publica\u00e7\u00e3o e a disponibiliza\u00e7\u00e3o de conjuntos de dados (abertos ou n\u00e3o) t\u00eam se tornado altamente relevantes devido \u00e0 grande aten\u00e7\u00e3o dada por v\u00e1rios segmentos, como a m\u00eddia, ind\u00fastria, academia e governo. A tarefa de disponibiliza\u00e7\u00e3o de dados \u00e9 importante por in\u00fameros motivos, que v\u00e3o desde sua reutiliza\u00e7\u00e3o em aplicativos digitais desenvolvidos pela sociedade, at\u00e9 a possibilidade de reprodu\u00e7\u00e3o de experimentos e desenvolvimentos pela comunidade cient\u00edfica. Portanto, no contexto da comunidade brasileira de Bancos de Dados, tornar conjuntos de dados dispon\u00edveis \u00e9 intrinsecamente importante devido ao fomento para novas quest\u00f5es de pesquisa e desenvolvimento que tal tarefa pode atingir.&nbsp;<\/p>\n\n\n\n<p><\/p>\n\n\n\n<p>Desse modo, o prop\u00f3sito SBBD DSW \u00e9 prover um f\u00f3rum para compartilhar e discutir as formas de constru\u00e7\u00e3o e organiza\u00e7\u00e3o de conjuntos de dados que servem como base para os trabalhos de pesquisa desenvolvidos na comunidade cient\u00edfica brasileira. A contribui\u00e7\u00e3o de um artigo a ser publicado no SBBD DSW \u00e9 o produto final na forma de um dataset, geralmente extra\u00eddo de algum banco de dados ou plataforma Web, limpo e tratado, muitas vezes incrementado com dados externos, e poss\u00edvel de ser reutilizado em outras cen\u00e1rios, ou para a reprodu\u00e7\u00e3o de experimentos. A contribui\u00e7\u00e3o \u00e9 o produto na forma do dataset, mas o artigo deve apresentar todas as informa\u00e7\u00f5es necess\u00e1rias para compreender e utilizar o mesmo.<\/p>\n\n\n\n<p><\/p>\n\n\n\n<h3 class=\"wp-block-heading\">SUBMISS\u00d5ES<\/h3>\n\n\n\n<p>Os artigos devem descrever os dados conforme tratados pelo seu time de autoria e disponibilizados publicamente. Por princ\u00edpio, o conjunto de dados precisa ser \u00fatil e de r\u00e1pida reutiliza\u00e7\u00e3o por terceiros, atrav\u00e9s de por exemplo: adi\u00e7\u00e3o de valor aos dados para outras pessoas da comunidade, sendo pr\u00e9-processados ou filtrados de alguma maneira; organiza\u00e7\u00e3o f\u00e1cil de entender atrav\u00e9s de um esquema, dicion\u00e1rio, taxonomia, ontologia, ou outro formalismo; acesso facilitado por mecanismos pr\u00f3prios; ou apresenta\u00e7\u00e3o de qualidade diferenci\u00e1vel por meio de curadoria e limpeza complexas.<\/p>\n\n\n\n<p>Artigos submetidos para o SBBD DSW devem ser escritos em portugu\u00eas, ingl\u00eas ou espanhol, possuir obrigatoriamente um resumo em ingl\u00eas, estar no <a href=\"https:\/\/www.sbc.org.br\/documentos-da-sbc\/category\/169-templates-para-artigos-e-capitulos-de-livros\">formato da SBC<\/a>, ter entre 6 e 10 p\u00e1ginas (sendo poss\u00edvel at\u00e9 duas p\u00e1ginas extra apenas a refer\u00eancias e agradecimentos) e ser submetidos via JEMS (dispon\u00edvel em breve). Cada submiss\u00e3o deve incluir conforme adequado e na ordem em que a equipe de autoria preferir:<\/p>\n\n\n\n<ul class=\"wp-block-list\"><li>descri\u00e7\u00e3o da(s) fonte(s) de dados e da metodologia completa de coleta ou gera\u00e7\u00e3o dos mesmos (com disponibiliza\u00e7\u00e3o p\u00fablica da ferramenta utilizada para criar ou gerar os dados se for o caso, e);<\/li><li>descri\u00e7\u00e3o do mecanismo de armazenamento, incluindo, se existir, esquema ou dicion\u00e1rio de dados, taxonomia, ontologia, ou outro formalismo que facilite a sua utiliza\u00e7\u00e3o por terceiros;<\/li><li>descri\u00e7\u00e3o quantitativa da base de dados criada, bem como an\u00e1lise inicial dos dados caracterizando a base e informando a quantidade de dados faltantes, tabelas e outras informa\u00e7\u00f5es importantes que possam ser usadas para avaliar a qualidade do dataset;<\/li><li>descri\u00e7\u00e3o de como os dados t\u00eam sido utilizados (se existir, referenciar artigos publicados ou em processo de submiss\u00e3o que utilizam os dados e como) e de seu car\u00e1ter in\u00e9dito, pois mesmo com a utiliza\u00e7\u00e3o em algum artigo ou submiss\u00e3o, a descri\u00e7\u00e3o completa do dataset conforme realizada na submiss\u00e3o para o DSW precisa ser in\u00e9dita;<\/li><li>discuss\u00e3o de desafios existentes e poss\u00edveis limita\u00e7\u00f5es na utiliza\u00e7\u00e3o dos dados;<\/li><li>ideias para diferentes utiliza\u00e7\u00f5es dos dados, cen\u00e1rios, quest\u00f5es de pesquisa que poderiam ser elaboradas ou resolvidas a partir da disponibiliza\u00e7\u00e3o dos mesmos, e quais melhorias poderiam ser aplicadas aos dados; e<\/li><li>localiza\u00e7\u00e3o p\u00fablica para download, pois o conjunto de dados deve estar publicamente dispon\u00edvel no momento de submiss\u00e3o do artigo para revis\u00e3o. De prefer\u00eancia, utilizar plataformas online especializadas e adequadas para manuten\u00e7\u00e3o p\u00fablica de dados, incluindo github, zenodo, figshare ou osf (ou seja, evitar reposit\u00f3rios particulares como diret\u00f3rio de Google Drive, dropbox, onedrive, e similares).<\/li><\/ul>\n\n\n\n<p>\u00c9 importante notar que as submiss\u00f5es para o SBBD DSW n\u00e3o devem se sobrepor \u00e0s submiss\u00f5es para o evento principal e seus sat\u00e9lites, pois a contribui\u00e7\u00e3o \u00e9 completamente distinta da dos artigos atualmente publicados no SBBD. Em especial, artigos de data showcase *n\u00e3o* s\u00e3o:<\/p>\n\n\n\n<ul class=\"wp-block-list\"><li>survey, revis\u00f5es sistem\u00e1ticas, estudos emp\u00edricos ou de avalia\u00e7\u00e3o experimental;<\/li><li>artigos com proposta de ferramentas para gera\u00e7\u00e3o e tratamento de dados;<\/li><li>baseados em heur\u00edsticas de coleta fracas e duvid\u00e1veis; ou<\/li><li>aplica\u00e7\u00f5es simples de ferramentas gen\u00e9ricas para gerar dados que podem ser r\u00e1pida e facilmente utilizadas por qualquer pessoa.<\/li><\/ul>\n\n\n\n<p><\/p>\n\n\n\n<h3 class=\"wp-block-heading\">T\u00d3PICOS DE INTERESSE<\/h3>\n\n\n\n<p>Os t\u00f3picos de interesse do SBBD DSW s\u00e3o os mesmos da confer\u00eancia principal, ampliando para temas atuais de pesquisa de diversas \u00e1reas da Ci\u00eancia da Computa\u00e7\u00e3o e demais ci\u00eancias, bem como contextos distintos relacionados a governo, educa\u00e7\u00e3o, cultura, economia, transporte e sa\u00fade. Em especial, espera-se que os artigos apresentem conjuntos de dados que possam ser utilizados em pesquisas relacionadas a (lista n\u00e3o exaustiva):<\/p>\n\n\n\n<ul class=\"wp-block-list\"><li>Aplica\u00e7\u00f5es Cient\u00edficas, Ci\u00eancia de Dados e Interdisciplinaridade com outras Ci\u00eancias, incluindo e-science;<\/li><li>Aplica\u00e7\u00f5es e \u00c1reas Correlacionadas a Bancos de Dados (an\u00e1lise e visualiza\u00e7\u00e3o de dados, aprendizado de m\u00e1quina, bibliotecas digitais, minera\u00e7\u00e3o de dados, recupera\u00e7\u00e3o de informa\u00e7\u00e3o, redes sociais, sistemas de recomenda\u00e7\u00e3o, sistemas de informa\u00e7\u00e3o, Web, workflow, e afins);<\/li><li>Demais \u00e1reas relacionadas \u00e0 Computa\u00e7\u00e3o (incluindo mas n\u00e3o limitado a todas as que possuem Grupo de Interesse ou Comiss\u00e3o Especial na SBC, e suas aplica\u00e7\u00f5es como benchmarks, <em>baselines<\/em>, <em>ground truths<\/em> e afins);<\/li><li>Diferentes tipos de Bancos de Dados (ativos, Web, <em>streams<\/em>, <em>strings<\/em>, documentos, na nuvem, dados interligados, Web sem\u00e2ntica e RDF, heterog\u00eaneos, semiestruturados, XML, m\u00f3veis, de sensores, multidimensionais, temporais, espaciais e GPS, multim\u00eddia, NoSQL, NewSQL, estat\u00edsticos, e afins);<\/li><li>Engenharia de Dados (armaz\u00e9ns de dados e OLAP; autoriza\u00e7\u00e3o, privacidade, anonimiza\u00e7\u00e3o e seguran\u00e7a em bancos de dados; integra\u00e7\u00e3o de informa\u00e7\u00e3o e interoperabilidade; processamento de dados em novo hardware; proveni\u00eancia de dados).<\/li><\/ul>\n\n\n\n<p><\/p>\n\n\n\n<h3 class=\"wp-block-heading\">COORDENA\u00c7\u00c3O DO DSW 2021<\/h3>\n\n\n\n<p><a href=\"http:\/\/www.inf.ufsc.br\/~carina.dorneles\/\" target=\"_blank\" rel=\"noreferrer noopener\">Carina F. Dorneles<\/a>, UFSC<\/p>\n\n\n\n<p><a href=\"http:\/\/professores.dcc.ufla.br\/~eric\/\" target=\"_blank\" rel=\"noreferrer noopener\">Eric Ara\u00fajo<\/a>, UFLA<\/p>\n\n\n\n<p><a href=\"https:\/\/linktr.ee\/mirellammoro\" target=\"_blank\" rel=\"noreferrer noopener\">Mirella M. Moro<\/a>, UFMG<\/p>\n\n\n\n<p><\/p>\n\n\n\n<h5 class=\"wp-block-heading\"><strong>Anais das edi\u00e7\u00f5es anteriores est\u00e3o dispon\u00edveis em&nbsp;<\/strong><a rel=\"noreferrer noopener\" href=\"http:\/\/bit.ly\/sbbd-dsw\" target=\"_blank\"><em><strong>http:\/\/bit.ly\/sbbd-dsw<\/strong><\/em><\/a><strong><br><\/strong><\/h5>\n\n\n\n<p><\/p>\n","protected":false},"excerpt":{"rendered":"<p>DATAS IMPORTANTES Data limite para submiss\u00e3o: 23 de julho de 2021 12 de agosto de 2021 (data final) Notifica\u00e7\u00e3o de&hellip; <\/p>\n","protected":false},"author":13,"featured_media":0,"parent":0,"menu_order":0,"comment_status":"closed","ping_status":"closed","template":"templates\/template-fullwidth.php","meta":{"footnotes":""},"class_list":["post-1275","page","type-page","status-publish","hentry"],"_links":{"self":[{"href":"https:\/\/sbbd.org.br\/2021\/wp-json\/wp\/v2\/pages\/1275","targetHints":{"allow":["GET"]}}],"collection":[{"href":"https:\/\/sbbd.org.br\/2021\/wp-json\/wp\/v2\/pages"}],"about":[{"href":"https:\/\/sbbd.org.br\/2021\/wp-json\/wp\/v2\/types\/page"}],"author":[{"embeddable":true,"href":"https:\/\/sbbd.org.br\/2021\/wp-json\/wp\/v2\/users\/13"}],"replies":[{"embeddable":true,"href":"https:\/\/sbbd.org.br\/2021\/wp-json\/wp\/v2\/comments?post=1275"}],"version-history":[{"count":9,"href":"https:\/\/sbbd.org.br\/2021\/wp-json\/wp\/v2\/pages\/1275\/revisions"}],"predecessor-version":[{"id":4068,"href":"https:\/\/sbbd.org.br\/2021\/wp-json\/wp\/v2\/pages\/1275\/revisions\/4068"}],"wp:attachment":[{"href":"https:\/\/sbbd.org.br\/2021\/wp-json\/wp\/v2\/media?parent=1275"}],"curies":[{"name":"wp","href":"https:\/\/api.w.org\/{rel}","templated":true}]}}