{"id":553,"date":"2019-01-25T16:47:59","date_gmt":"2019-01-25T16:47:59","guid":{"rendered":"http:\/\/sbbd.org.br\/2019\/?page_id=553"},"modified":"2019-09-30T23:45:37","modified_gmt":"2019-09-30T23:45:37","slug":"full-papers","status":"publish","type":"page","link":"https:\/\/sbbd.org.br\/2019\/full-papers\/","title":{"rendered":"Full Papers"},"content":{"rendered":"<p>TRiER: A Fast and Scalable Method for Mining Temporal Exception Rules <br \/>Th\u00e1bata Amaral (University of Sao Paulo &#8211; Brazil),<br \/>Elaine Sousa (University of Sao Paulo &#8211; Brazil)<\/p>\n<p>\u00a0<\/p>\n<p>Uma Abordagem de Minera\u00e7\u00e3o de Regras de Associa\u00e7\u00e3o para Aux\u00edlio na Detec\u00e7\u00e3o de Fraudes em Licita\u00e7\u00f5es Governamentais <br \/>Lu\u00eds Guadagnin (CEFET-MG &#8211; Brazil),<br \/>Ismael Santana (CEFET-MG &#8211; Brazil),<br \/>Gl\u00edvia Barbosa (CEFET-MG &#8211; Brazil),<br \/>Fl\u00e1vio Coutinho (CEFET-MG &#8211; Brazil)<\/p>\n<p>\u00a0<\/p>\n<p>A Multi-Strategy Approach to Overcoming Bias in Community Detection Evaluation<br \/>Jeancarlo Le\u00e3o (Instituto Federal do Norte de Minas Gerais &#8211; Brazil),<br \/>Alberto Laender (Universidade Federal de Minas Gerais &#8211; Brazil),<br \/>Pedro O. S. Vaz de Melo (Universidade Federal de Minas Gerais &#8211; Brazil)<\/p>\n<p>\u00a0<\/p>\n<p>In-class social networks and academic performance: how good connections can improve grades <br \/>Luiz Celso Gomes Jr (UTFPR &#8211; Brazil)<\/p>\n<p>\u00a0<\/p>\n<p>Uma An\u00e1lise Experimental do Impacto da Sele\u00e7\u00e3o de Atributos em Processos de Resolu\u00e7\u00e3o de Entidades <br \/>Levy Souza (UFMG &#8211; Brazil),<br \/>Gabrielle Karine Canalle (Universidade Federal de Pernambuco &#8211; Brazil),<br \/>Ana Carolina Salgado (UFPE &#8211; Brazil),<br \/>Bernadette Loscio (Universidade Federal de Pernambuco &#8211; Brazil),<br \/>Mirella Moro (Universidade Federal de Minas Gerais &#8211; Brazil)<\/p>\n<p>\u00a0<\/p>\n<p>Refinamento Colaborativo de Dados na Web baseado em Social Coding <br \/>Helton Santos (Centro de Inform\u00e1tica &#8211; UFPE &#8211; Brazil),<br \/>Marcelo Iury S . Oliveira (Universidade Federal Rural de Pernambuco &#8211; Brazil),<br \/>Bernadette Loscio (Universidade Federal de Pernambuco &#8211; Brazil)<\/p>\n<p>\u00a0<\/p>\n<p>Evolution-based Refinement of Cross-language Ontology Alignments <br \/>Juliana Destro (UNICAMP &#8211; University of Campinas &#8211; Brazil),<br \/>Julio Dos Reis (Instituto de Computa\u00e7\u00e3o da Universidade Estadual de Campinas &#8211; Brazil),<br \/>Ricardo Torres (UNICAMP &#8211; Brazil),<br \/>Ivan Ricarte (UNICAMP &#8211; Brazil)<\/p>\n<p>\u00a0<\/p>\n<p>An\u00e1lise Integrada de Grafos de Proveni\u00eancia Heterog\u00eaneos por meio de uma Abordagem PolyStore <br \/>Yan Mendes (Federal University of Juiz de Fora &#8211; Brazil),<br \/>Kary Oca\u00f1a (LNCC &#8211; Brazil),<br \/>Daniel de Oliveira (Universidade Federal Fluminense &#8211; Brazil),<br \/>Victor Stroele (Federal University of Juiz de Fora &#8211; Brazil)<\/p>\n<p>\u00a0<\/p>\n<p>SAVIME: A Database Management System for Simulation Data Analysis and Visualization<br \/>Hermano Lustosa (Laborat\u00f3rio Nacional de Computa\u00e7\u00e3o Cient\u00edfica &#8211; Brazil),<br \/>Fabio Porto (LNCC &#8211; Brazil),<br \/>Patrick Valduriez (INRIA &#8211; France)<\/p>\n<p>\u00a0<\/p>\n<p>ETERNAL: Uma estrat\u00e9gia eficiente de toler\u00e2ncia a falhas utilizando mem\u00f3ria n\u00e3o vol\u00e1til<br \/>Davi Gomes (Federal University of Cear\u00e1 &#8211; Brazil),<br \/>Angelo Brayner (Federal University of Ceara &#8211; UFC &#8211; Brazil),<br \/>Javam Machado (Federal University of Cear\u00e1 &#8211; Brazil)<\/p>\n<p>\u00a0<\/p>\n<p>A DBMS-Based System for Content-Based Retrieval and Analysis of Skin Ulcer Images in Medical Practice <br \/>Mirela Cazzolato (University of S\u00e3o Paulo &#8211; Brazil),<br \/>Lucas Rodrigues (University of S\u00e3o Paulo &#8211; Brazil),<br \/>Lucas Scabora (University of S\u00e3o Paulo &#8211; Brazil),<br \/>Guilherme Zabot (University of S\u00e3o Paulo &#8211; Brazil),<br \/>Guilherme Queiroz Vasconcelos (University of Sao Paulo &#8211; Brazil),<br \/>Daniel Chino (University of Sao Paulo &#8211; Brazil),<br \/>Ana E. S. Jorge (Department of Physical Therapy &#8211; UFSCar),<br \/>Caetano Traina J\u00fanior (ICMC &#8211; USP &#8211; Brazil),<br \/>Agma Traina (ICMC-USP &#8211; Brazil)<\/p>\n<p>\u00a0<\/p>\n<p>A Parallel-based Map Matching Approach over Urban Place Records <br \/>Tiago Brasileiro (UFCG &#8211; Brazil),<br \/>Carlos Eduardo Santos Pires (Federal University of Campina Grande &#8211; Brazil),<br \/>Demetrio Mestre (Universidade Federal de Campina Grande &#8211; Brazil),<br \/>Andreza Queiroz (Federal University of Campina Grande &#8211; Brazil),<br \/>Veruska Santos (Federal University of Campina Grande &#8211; Brazil),<br \/>Thiago N\u00f3brega (UFCG &#8211; Brazil)<\/p>\n<p>\u00a0<\/p>\n<p>Towards a Technique for Extracting Relational Actors from Monolithic Applications<br \/>Rodrigo Laigner (PUC-Rio &#8211; Brazil),<br \/>Sergio Lifschitz (PUC-Rio &#8211; Brazil),<br \/>Marcos Kalinowski (PUC-Rio &#8211; Brazil),<br \/>Marcus Poggi (PUC-RIO &#8211; Brazil),<br \/>Marcos Antonio Vaz Salles (University of Copenhagen &#8211; Denmark)<\/p>\n<p>\u00a0<\/p>\n<p>Classifica\u00e7\u00e3o de Estados Epil\u00e9pticos em Sinais de EEG Utilizando Detec\u00e7\u00e3o de Anomalias<br \/>Lucas Cabral Carneiro da Cunha (Universidade Federal do Cear\u00e1 &#8211; Brazil),<br \/>Guilherme Barreto (Universidade Federal do Cear\u00e1 &#8211; Brazil),<br \/>Jos\u00e9 Monteiro (Universidade Federal do Cear\u00e1 &#8211; UFC &#8211; Brazil)<\/p>\n\n\n<p><br><\/p>\n","protected":false},"excerpt":{"rendered":"<p>TRiER: A Fast and Scalable Method for Mining Temporal Exception Rules Th\u00e1bata Amaral (University of Sao Paulo &#8211; Brazil),Elaine Sousa&hellip; <\/p>\n","protected":false},"author":12,"featured_media":0,"parent":0,"menu_order":0,"comment_status":"closed","ping_status":"closed","template":"templates\/template-fullwidth.php","meta":{"footnotes":""},"class_list":["post-553","page","type-page","status-publish","hentry"],"_links":{"self":[{"href":"https:\/\/sbbd.org.br\/2019\/wp-json\/wp\/v2\/pages\/553","targetHints":{"allow":["GET"]}}],"collection":[{"href":"https:\/\/sbbd.org.br\/2019\/wp-json\/wp\/v2\/pages"}],"about":[{"href":"https:\/\/sbbd.org.br\/2019\/wp-json\/wp\/v2\/types\/page"}],"author":[{"embeddable":true,"href":"https:\/\/sbbd.org.br\/2019\/wp-json\/wp\/v2\/users\/12"}],"replies":[{"embeddable":true,"href":"https:\/\/sbbd.org.br\/2019\/wp-json\/wp\/v2\/comments?post=553"}],"version-history":[{"count":5,"href":"https:\/\/sbbd.org.br\/2019\/wp-json\/wp\/v2\/pages\/553\/revisions"}],"predecessor-version":[{"id":1958,"href":"https:\/\/sbbd.org.br\/2019\/wp-json\/wp\/v2\/pages\/553\/revisions\/1958"}],"wp:attachment":[{"href":"https:\/\/sbbd.org.br\/2019\/wp-json\/wp\/v2\/media?parent=553"}],"curies":[{"name":"wp","href":"https:\/\/api.w.org\/{rel}","templated":true}]}}