{"id":1220,"date":"2019-04-23T15:53:33","date_gmt":"2019-04-23T15:53:33","guid":{"rendered":"http:\/\/sbbd.org.br\/2019\/?page_id=1220"},"modified":"2019-08-01T15:55:15","modified_gmt":"2019-08-01T15:55:15","slug":"call-for-wtag","status":"publish","type":"page","link":"https:\/\/sbbd.org.br\/2019\/call-for-wtag\/","title":{"rendered":"Call for WTAG"},"content":{"rendered":"<h3>GENERAL INFORMATION<\/h3>\n<p>O I Workshop de Trabalhos de Alunos de Gradua\u00e7\u00e3o (I WTAG), evento do Simp\u00f3sio Brasileiro de Banco de Dados (SBBD &#8211; <a href=\"https:\/\/sbbd.org.br\/2019\/\" target=\"_blank\" rel=\"noreferrer noopener\">https:\/\/sbbd.org.br\/2019\/<\/a> 7-10 Outubro, 2019), visa promover a participa\u00e7\u00e3o de estudantes de gradua\u00e7\u00e3o e de rec\u00e9m-graduados na produ\u00e7\u00e3o e divulga\u00e7\u00e3o de trabalhos sobre temas relacionados \u00e0 \u00e1rea de Banco de Dados. Autores est\u00e3o convidados a submeter trabalhos que incluem resultados parciais ou finais das suas pesquisas tecnol\u00f3gicas e cient\u00edficas, incluindo Trabalhos de Inicia\u00e7\u00e3o Cient\u00edfica (IC), Trabalhos de Conclus\u00e3o de Curso (TCC), implementa\u00e7\u00f5es de software e projetos de pesquisa ou desenvolvimento independentes.<\/p>\n<h3>IMPORTANT DATES<\/h3>\n<ul>\n<li>Submiss\u00e3o de artigos: <del>at\u00e9 30 de Junho<\/del> (NEW DEADLINE: 15 de Julho);<\/li>\n<li>Notifica\u00e7\u00e3o de aceite: <del>26 de Julho<\/del> (NEW DEADLINE: 12 de Agosto);<\/li>\n<li>Envio da vers\u00e3o final: <del>15 de Agosto<\/del> (NEW DEADLINE: 22 de Agosto);.<\/li>\n<\/ul>\n<h3>TOPICS OF INTEREST<\/h3>\n<p>A lista n\u00e3o exaustiva de t\u00f3picos de interesse inclui:<\/p>\n<ul>\n<li>Algoritmos e T\u00e9cnicas de Minera\u00e7\u00e3o de Dados;<\/li>\n<li>Algoritmos Paralelos e Distribu\u00eddos para Minera\u00e7\u00e3o de Dados;<\/li>\n<li>An\u00e1lise e Visualiza\u00e7\u00e3o de Dados;<\/li>\n<li>Anota\u00e7\u00e3o e Proveni\u00eancia de Dados;<\/li>\n<li>Aprendizado de M\u00e1quina e Sistemas de Bancos de Dados;<\/li>\n<li>Autoriza\u00e7\u00e3o, Privacidade e Seguran\u00e7a em Bancos de Dados;<\/li>\n<li>Avalia\u00e7\u00e3o de Desempenho e Benchmarking de Bancos de Dados;<\/li>\n<li>Bancos de Dados Ativos;<\/li>\n<li>Bancos de Dados Auto-gerenci\u00e1veis e Aut\u00f4nomos;<\/li>\n<li>Bancos de Dados Cient\u00edficos e Estat\u00edsticos;<\/li>\n<li>Banco de Dados como Servi\u00e7o;<\/li>\n<li>Banco de Dados de Texto;<\/li>\n<li>Banco de Dados em Grafos;<\/li>\n<li>Banco de Dados em Mem\u00f3ria;<\/li>\n<li>Banco de Dados em Tempo real;<\/li>\n<li>Banco de Dados Espaciais e Sistemas de Informa\u00e7\u00e3o Geogr\u00e1fica;<\/li>\n<li>Bancos de Dados Heterog\u00eaneos, Federados, M\u00f3veis e de Sensores;<\/li>\n<li>Bancos de Dados Multidimensionais e Temporais;<\/li>\n<li>Bancos de Dados Multim\u00eddia;<\/li>\n<li>Bancos de Dados NoSQL;<\/li>\n<li>Bancos de Dados Par-a-Par, Paralelos e Distribu\u00eddos;<\/li>\n<li>Bases de Conhecimento e Modelagem;<\/li>\n<li>Bibliotecas Digitais e Aplica\u00e7\u00f5es;<\/li>\n<li>Coleta, Extra\u00e7\u00e3o e Indexa\u00e7\u00e3o de Dados na Web;<\/li>\n<li>Controle de Concorr\u00eancia e Recupera\u00e7\u00e3o;<\/li>\n<li>Dados na Web e seu Gerenciamento;<\/li>\n<li>Dados semi-estruturados e XML;<\/li>\n<li>Datawarehousing e OLAP;<\/li>\n<li>Fundamentos de Bancos de Dados para Minera\u00e7\u00e3o;<\/li>\n<li>Gerenciamento de Dados na Nuvem;<\/li>\n<li>Gerenciamento de Dados em arquiteturas Blockchain;<\/li>\n<li>Gerenciamento de Dados Probabil\u00edstico, Difuso e Aproximado;<\/li>\n<li>Gerenciamento de Dados baseado em Perfil ou com Reconhecimento de Contexto;<\/li>\n<li>Gerenciamento de Esquemas e Projeto de Banco de Dados;<\/li>\n<li>Gerenciamento e Classifica\u00e7\u00e3o de Documentos;<\/li>\n<li>Gerenciamento de Transa\u00e7\u00f5es;<\/li>\n<li>Incompletude e Inconsist\u00eancia em Bancos de Dados;<\/li>\n<li>Integra\u00e7\u00e3o e Interoperabilidade de Informa\u00e7\u00f5es;<\/li>\n<li>Linguagens de Consulta e Processamento;<\/li>\n<li>Limpeza de Dados, Filtragem e Dissemina\u00e7\u00e3o de Informa\u00e7\u00f5es;<\/li>\n<li>M\u00e9todos de Acesso, Indexa\u00e7\u00e3o e Novos Dispositivos de Hardware;<\/li>\n<li>Modelos e T\u00e9cnicas de Recupera\u00e7\u00e3o de Informa\u00e7\u00e3o;<\/li>\n<li>Privacidade e Seguran\u00e7a em Algoritmos de Minera\u00e7\u00e3o de Dados;<\/li>\n<li>Processamento de Dados de Sensores e IOT;<\/li>\n<li>Processamento de Dados Sociais;<\/li>\n<li>Processamento de Eventos Complexos e em Fluxo;<\/li>\n<li>Processamento de Strings e Bancos de Dados para Fluxo de Dados;<\/li>\n<li>Projeto de Bancos de Dados e Sem\u00e2ntica de Dados;<\/li>\n<li>Sistemas de Recomenda\u00e7\u00e3o;<\/li>\n<li>T\u00e9cnicas de Bancos de Dados para Suporte \u00e0 Minera\u00e7\u00e3o de Dados;<\/li>\n<li>Usabilidade, Interfaces do Usu\u00e1rio e Visualiza\u00e7\u00e3o em Banco de Dados;<\/li>\n<li>Web Sem\u00e2ntica, Dados Conectados e Ontologias;<\/li>\n<li>Workflow de aplica\u00e7\u00f5es e Banco de Dados.<\/li>\n<\/ul>\n<h3>SUBMISSION INSTRUCTIONS<\/h3>\n<p>A submiss\u00e3o de artigos ser\u00e1 exclusivamente eletr\u00f4nica, por meio do sistema JEMS. Os artigos podem ser escritos em portugu\u00eas ou ingl\u00eas. Cada artigo est\u00e1 limitado a 8 (oito) p\u00e1ginas, incluindo resumo (e abstract, para artigos em portugu\u00eas), figuras, diagramas, refer\u00eancias e anexos.<\/p>\n<p>Os trabalhos devem ser formatados seguindo o modelo de artigos da SBC, dispon\u00edvel em:<br \/>\n<a href=\"https:\/\/www.sbc.org.br\/documentos-da-sbc\/category\/169-templates-para-artigos-e-capitulos-de-livros\" target=\"_blank\" rel=\"noreferrer noopener\">https:\/\/www.sbc.org.br\/documentos-da-sbc\/category\/169-templates-para-artigos-e-capitulos-de-livros<\/a><\/p>\n<p>Os artigos passar\u00e3o por um processo de revis\u00e3o pelo Comit\u00ea de Programa do WTAG, e os trabalhos selecionados ser\u00e3o organizados para apresenta\u00e7\u00e3o e publica\u00e7\u00e3o nos anais do evento. Pelo menos um dos autores de cada artigo selecionado dever\u00e1 se inscrever no WTAG e comparecer ao evento para apresentar seu trabalho. Cada artigo dever\u00e1 ter no m\u00ednimo dois autores: (1) estudante de gradua\u00e7\u00e3o ou rec\u00e9m-formado (ter conclu\u00eddo a gradua\u00e7\u00e3o em 2018); e (2) professor respons\u00e1vel pelo trabalho. O estudante de gradua\u00e7\u00e3o ou rec\u00e9m-formado deve ser o primeiro autor. O SBBD tem estimulado grandemente a integra\u00e7\u00e3o e coopera\u00e7\u00e3o de estudantes, professores, pesquisadores e profissionais em bancos de dados, sempre que poss\u00edvel, por meio\u00a0 de aux\u00edlio aos estudantes. Sendo assim, uma ajuda de custo aos estudantes que tiverem trabalhos aceitos no WTAG est\u00e1 prevista.<\/p>\n<h3>BEST ARTICLE AWARDS<\/h3>\n<p>Os melhores artigos ser\u00e3o premiados com um certificado ao final do WTAG.<\/p>\n<h3>COORDINATION OF THE COMMITTEE<\/h3>\n<p>Profa. Ticiana L. Coelho da Silva (Instituto UFC Virtual &amp; Insight Data Science Lab &#8211; <a href=\"mailto:ticianalc@insightlab.ufc.br\" target=\"_blank\" rel=\"noreferrer noopener\">ticianalc@insightlab.ufc.br<\/a>)<\/p>\n<p>Profa. Bernadette Farias L\u00f3scio (UFPE &#8211;<a href=\"mailto:bfl@cin.ufpe.br\" target=\"_blank\" rel=\"noreferrer noopener\">bfl@cin.ufpe.br<\/a>)<\/p>\n","protected":false},"excerpt":{"rendered":"<p>GENERAL INFORMATION O I Workshop de Trabalhos de Alunos de Gradua\u00e7\u00e3o (I WTAG), evento do Simp\u00f3sio Brasileiro de Banco de&hellip; <\/p>\n","protected":false},"author":13,"featured_media":0,"parent":0,"menu_order":0,"comment_status":"closed","ping_status":"closed","template":"templates\/template-fullwidth.php","meta":{"footnotes":""},"class_list":["post-1220","page","type-page","status-publish","hentry"],"_links":{"self":[{"href":"https:\/\/sbbd.org.br\/2019\/wp-json\/wp\/v2\/pages\/1220","targetHints":{"allow":["GET"]}}],"collection":[{"href":"https:\/\/sbbd.org.br\/2019\/wp-json\/wp\/v2\/pages"}],"about":[{"href":"https:\/\/sbbd.org.br\/2019\/wp-json\/wp\/v2\/types\/page"}],"author":[{"embeddable":true,"href":"https:\/\/sbbd.org.br\/2019\/wp-json\/wp\/v2\/users\/13"}],"replies":[{"embeddable":true,"href":"https:\/\/sbbd.org.br\/2019\/wp-json\/wp\/v2\/comments?post=1220"}],"version-history":[{"count":9,"href":"https:\/\/sbbd.org.br\/2019\/wp-json\/wp\/v2\/pages\/1220\/revisions"}],"predecessor-version":[{"id":1509,"href":"https:\/\/sbbd.org.br\/2019\/wp-json\/wp\/v2\/pages\/1220\/revisions\/1509"}],"wp:attachment":[{"href":"https:\/\/sbbd.org.br\/2019\/wp-json\/wp\/v2\/media?parent=1220"}],"curies":[{"name":"wp","href":"https:\/\/api.w.org\/{rel}","templated":true}]}}