{"id":83,"date":"2013-07-08T11:19:41","date_gmt":"2013-07-08T11:19:41","guid":{"rendered":"http:\/\/demo.themeskingdom.com\/eventor\/?page_id=83"},"modified":"2017-09-20T14:18:35","modified_gmt":"2017-09-20T17:18:35","slug":"program","status":"publish","type":"page","link":"https:\/\/sbbd.org.br\/2017\/index.php\/program\/","title":{"rendered":"PROGRAM"},"content":{"rendered":"<p><strong>ATEN\u00c7\u00c3O!!! A secretaria do evento para o credenciamento e entrega de material estar\u00e1 localizada no Center Convention.<\/strong><\/p>\n<p>The detailed program is at the bottom of the main page at\u00a0<a href=\"https:\/\/sbbd.org.br\/2017\/\">https:\/\/sbbd.org.br\/2017\/<\/a><\/p>\n<p>Em caso de dificuldades de visualiza\u00e7\u00e3o, clique <a href=\"https:\/\/sbbd.org.br\/2017\/wp-content\/uploads\/sites\/3\/2013\/07\/programa-geral-final.png\" target=\"_blank\" rel=\"noopener noreferrer\">aqui<\/a>!<\/p>\n<p><img loading=\"lazy\" decoding=\"async\" width=\"943\" height=\"1207\" class=\"alignnone size-full wp-image-1532\" src=\"https:\/\/sbbd.org.br\/2017\/wp-content\/uploads\/sites\/3\/2013\/07\/programa-geral-final.png\" alt=\"\" \/><\/p>\n<p>&nbsp;<\/p>\n<p><strong>HOTEL MERCURE, TORRE 2, CENTER SHOPPING<\/strong><\/p>\n<p>Em caso de dificuldades de visualiza\u00e7\u00e3o, clique <a href=\"https:\/\/sbbd.org.br\/2017\/wp-content\/uploads\/sites\/3\/2013\/07\/programacao-info-mercure.png\" target=\"_blank\" rel=\"noopener\">aqui<\/a>!<\/p>\n<p><img loading=\"lazy\" decoding=\"async\" width=\"708\" height=\"561\" class=\"alignnone size-full wp-image-1538\" src=\"https:\/\/sbbd.org.br\/2017\/wp-content\/uploads\/sites\/3\/2013\/07\/programacao-info-mercure.png\" alt=\"\" \/><\/p>\n<p>&nbsp;<\/p>\n<p><strong>CENTER CONVENTION<\/strong><\/p>\n<p>Em caso de dificuldades de visualiza\u00e7\u00e3o, clique <a href=\"https:\/\/sbbd.org.br\/2017\/wp-content\/uploads\/sites\/3\/2013\/07\/programacao-info-centerconvention.png\" target=\"_blank\" rel=\"noopener\">aqui<\/a>!<\/p>\n<p><img loading=\"lazy\" decoding=\"async\" width=\"852\" height=\"838\" class=\"alignnone size-full wp-image-1539\" src=\"https:\/\/sbbd.org.br\/2017\/wp-content\/uploads\/sites\/3\/2013\/07\/programacao-info-centerconvention.png\" alt=\"\" \/><\/p>\n<p>&nbsp;<\/p>\n<p>&nbsp;<\/p>\n","protected":false},"excerpt":{"rendered":"<p>ATEN\u00c7\u00c3O!!! A secretaria do evento para o credenciamento e entrega de material estar\u00e1 localizada no Center Convention. The detailed program&hellip; <\/p>\n","protected":false},"author":1,"featured_media":0,"parent":0,"menu_order":0,"comment_status":"open","ping_status":"open","template":"","meta":{"footnotes":""},"class_list":["post-83","page","type-page","status-publish","hentry"],"_links":{"self":[{"href":"https:\/\/sbbd.org.br\/2017\/index.php\/wp-json\/wp\/v2\/pages\/83","targetHints":{"allow":["GET"]}}],"collection":[{"href":"https:\/\/sbbd.org.br\/2017\/index.php\/wp-json\/wp\/v2\/pages"}],"about":[{"href":"https:\/\/sbbd.org.br\/2017\/index.php\/wp-json\/wp\/v2\/types\/page"}],"author":[{"embeddable":true,"href":"https:\/\/sbbd.org.br\/2017\/index.php\/wp-json\/wp\/v2\/users\/1"}],"replies":[{"embeddable":true,"href":"https:\/\/sbbd.org.br\/2017\/index.php\/wp-json\/wp\/v2\/comments?post=83"}],"version-history":[{"count":28,"href":"https:\/\/sbbd.org.br\/2017\/index.php\/wp-json\/wp\/v2\/pages\/83\/revisions"}],"predecessor-version":[{"id":1547,"href":"https:\/\/sbbd.org.br\/2017\/index.php\/wp-json\/wp\/v2\/pages\/83\/revisions\/1547"}],"wp:attachment":[{"href":"https:\/\/sbbd.org.br\/2017\/index.php\/wp-json\/wp\/v2\/media?parent=83"}],"curies":[{"name":"wp","href":"https:\/\/api.w.org\/{rel}","templated":true}]}}