{"id":635,"date":"2016-12-03T18:31:04","date_gmt":"2016-12-03T21:31:04","guid":{"rendered":"http:\/\/sbbd.org.br\/2017-teste\/?page_id=635"},"modified":"2017-08-15T12:07:04","modified_gmt":"2017-08-15T15:07:04","slug":"travel-accommodation","status":"publish","type":"page","link":"https:\/\/sbbd.org.br\/2017\/index.php\/travel-accommodation\/","title":{"rendered":"TRAVEL AND ACCOMMODATION"},"content":{"rendered":"<p><strong>TRAVEL<\/strong><\/p>\n<p>Uberl\u00e2ndia has several options for ground and air accesses. The city lies at the intersection of several major highways in the region, such as the Federal highways BR-050, BR-365 and BR-262, which connects from South, Uberl\u00e2ndia to S\u00e3o Paulo, and from North, to Bras\u00edlia.<\/p>\n<p>Information about buses may be found at\u00a0<a href=\"https:\/\/www.rodoviariauberlandia.com.br\" target=\"_blank\" rel=\"noopener noreferrer\">https:\/\/www.rodoviariauberlandia.com.br<\/a><\/p>\n<p>Uberl\u00e2ndia has a midsize airport attended by various airlines. The <a href=\"https:\/\/www4.infraero.gov.br\/aeroportos\/aeroporto-de-uberlandia-ten-cel-aviador-cesar-bombonato\/\" target=\"_blank\" rel=\"noopener noreferrer\">Tenente Coronel Aviador C\u00e9sar Bombonato Airport (UDI)<\/a> is the second largest airport in the state of Minas Gerais in number of passengers carried (1.3 million per year) and operates direct flights to Belo Horizonte, S\u00e3o Paulo, Goi\u00e2nia, Bras\u00edlia, Campinas, Cuiab\u00e1, Salvador, Curitiba, among others. Several airline companies such as TAM, GOL, TRIP and Azul operate at the airport.<\/p>\n<p>If you need help to get to Uberl\u00e2ndia, finding a place to stay\u00a0or if you need any local information, please send an email to\u00a0sbbd2017ufu@gmail.com.<\/p>\n<p>&nbsp;<\/p>\n<p><strong>LOCAL TRANSPORTATION<\/strong><\/p>\n<p><a href=\"https:\/\/www.uberlandia.mg.gov.br\/?pagina=Conteudo&amp;id=590\" target=\"_blank\" rel=\"noopener noreferrer\">Local taxi companies<\/a><br \/>\nYou may also find <a href=\"https:\/\/www.uber.com\/\" target=\"_blank\" rel=\"noopener noreferrer\">Uber<\/a> drivers.<\/p>\n<p>&nbsp;<\/p>\n<p><strong>TOURISTIC INFORMATION<\/strong><\/p>\n<p>Touristic information about Uberl\u00e2ndia and its surroundings can be found in the following links:<\/p>\n<p><a href=\"https:\/\/www.uberlandia.mg.gov.br\/?pagina=Conteudo&amp;id=137\" target=\"_blank\" rel=\"noopener noreferrer\">Prefeitura de Uberl\u00e2ndia (City Hall)<\/a><\/p>\n<p><a href=\"https:\/\/www.turismo.mg.gov.br\/circuitos-turisticos\/lista-de-circuitos\/999-circuito-turistico-triangulo-mineiro-\" target=\"_blank\" rel=\"noopener noreferrer\">Secretaria de Estado de Turismo de Minas Gerais (Minas Gerais State Tourism Office)<\/a><\/p>\n<p><a href=\"https:\/\/www.uberlandia.mg.gov.br\/?pagina=Conteudo&amp;id=9\" target=\"_blank\" rel=\"noopener noreferrer\">Usefull telephone numbers<\/a><\/p>\n<p>&nbsp;<\/p>\n<p><strong>ACCOMODATION<\/strong><\/p>\n<p>Check below a list of hotels where you can get special prices during the events. Please, be aware that you can only get those special deals if you make the reservation directly with the hotel (via email or phone). Also, remember to mention that you are attending the SBBD\/KDMiLe or BRACIS conferences.<\/p>\n<p>Please note the star classification is based on <a href=\"https:\/\/www.booking.com\" target=\"_blank\" rel=\"noopener noreferrer\">Booking<\/a> star classification.<\/p>\n<p>&nbsp;<\/p>\n<p><strong>OFFICIAL HOTELS: Gran Executive Hotel and Executive Inn Hotel<br \/>\n<\/strong><\/p>\n<p>\u2605\u2605\u2605\u2605\u00a0<a href=\"https:\/\/www.granexecutive.com.br\" target=\"_blank\" rel=\"noopener noreferrer\">Gran Executive Hotel<\/a><br \/>\nRua Natal, 1415<br \/>\nPhone: (34) 3221-1100<br \/>\nreservas@granexecutive.com.br<br \/>\nTaxes included, breakfast, wi-fi and free parking<br \/>\nSINGLE: R$ 190.00<br \/>\nDOUBLE: R$ 210.00<br \/>\nTRIPLE: R$ 240.00<\/p>\n<p>\u2605\u2605\u2605\u2605\u00a0<a href=\"https:\/\/www.executiveinn.com.br\" target=\"_blank\" rel=\"noopener noreferrer\">Executive Inn Hotel<\/a><br \/>\nAvenida Rondon Pacheco, 5000<br \/>\nPhone: (34) 3218-0500<br \/>\nreservas@executiveinn.com.br<br \/>\nTaxes included, breakfast, wi-fi and free parking<br \/>\nSINGLE: R$ 175.00<br \/>\nDOUBLE: R$ 195.00<\/p>\n<p>&nbsp;<\/p>\n<p><strong>NEARBY HOTELS<\/strong><\/p>\n<p>\u2605\u2605\u2605\u2605\u00a0<a href=\"https:\/\/www.mercure.com\/pt-br\/hotel-9602-mercure-uberlandia-plaza-shopping\/index.shtml\" target=\"_blank\" rel=\"noopener noreferrer\">Mercure Uberlandia Plaza Shopping<\/a><br \/>\nRua da Bandeira, 400<br \/>\n(34) 3239-8000<br \/>\nh9602-re@accor.com.br<br \/>\nBreakfast and wi-fi included, taxes not included (ISS 3%)<br \/>\nSingle Classic: R$ 242.00<br \/>\nDouble Classic: R$ 294.00<\/p>\n<p>\u2605\u2605\u2605\u2605\u00a0<a href=\"https:\/\/sandiegohoteis.com.br\/hotel\/san-diego-uberlandia\/\" target=\"_blank\" rel=\"noopener noreferrer\">San Diego Plaza<\/a><br \/>\nAv. Rondon Pacheco, 3500<br \/>\n(34) 3230-9000, 3230-9016<br \/>\ncomercial.udi@hoteisarco.com.br<br \/>\nBreakfast and wi-fi included, taxes not included (ISS 3%)<br \/>\nStandard Single: R$ 188.00 \/ Double: R$ 209.00 \/ Double + extra bed: R$ 261.00<br \/>\nLux Single: R$ 209.00 \/ Double: R$ 232.00 \/ Double + extra bed: R$ 290.00<br \/>\nMaster Single: R$ 232.00 \/ Double: R$ 258.00 \/ Double + extra bed: R$ 295.00<\/p>\n<p>\u2605\u2605\u2605\u00a0<a href=\"https:\/\/www.villalbahoteis.com.br\/uberlandia\/\" target=\"_blank\" rel=\"noopener noreferrer\">Hotel Villalba<\/a><br \/>\nAvenida Rondon Pacheco, 4651<br \/>\n(34) 3225-9200<br \/>\ncomercial@villalbahoteis.com.br<br \/>\nSingle: R$ 159.00 \/ Double: R$ 189.00<\/p>\n<p>\u2605\u2605\u2605\u00a0<a href=\"https:\/\/www.ibis.com.br\/\" target=\"_blank\" rel=\"noopener noreferrer\">Ibis Hotel<\/a><br \/>\nAv. Jo\u00e3o Naves de \u00c1vila, 1590<br \/>\nSingle: R$ 164.00 \/ Double: R$ 164.00 \/ Triple: R$ 195.00<br \/>\nh6523-re@accor.com.br<br \/>\n(34) 3253-7700<\/p>\n<p>\u2605\u2605\u2605\u00a0<a href=\"https:\/\/www.fenixhoteis.com.br\/\" target=\"_blank\" rel=\"noopener noreferrer\">JVA Fenix<\/a><br \/>\nAv. Jo\u00e3o Naves de \u00c1vila, 820<br \/>\nreservas.jva@fenixhoteis.com.br<br \/>\n(34) 3257-6654<br \/>\nSingle: R$ 120.00 \/ Double: R$ 150.00 \/ Triple: R$ 190.00<\/p>\n<p>\u2605\u2605\u2605\u00a0<a href=\"https:\/\/www.hotelapollo.com.br\/\" target=\"_blank\" rel=\"noopener noreferrer\">Hotel Apollo<\/a><br \/>\nAv. Jo\u00e3o Naves de \u00c1vila, 412<br \/>\nreservas@hotelapollo.com.br<br \/>\n(34) 3230-7700<br \/>\nSingle: R$ 129.00 \/ Double: R$ 129.00 \/ Triple: R$ 159.00<\/p>\n<p>\u2605\u2605\u00a0<a href=\"https:\/\/www.abbashotel.com.br\/\" target=\"_blank\" rel=\"noopener noreferrer\">Abbas Hotel<\/a><br \/>\nAv. Jo\u00e3o Naves de \u00c1vila, 617<br \/>\nSingle: R$ 129.00 \/ Double: R$ 149.00 \/ Triple: R$ 179.00<br \/>\nreservas@abbashotel.com.br<br \/>\n(34) 3235-4141<\/p>\n<p><a href=\"https:\/\/www.super8.com.br\" target=\"_blank\" rel=\"noopener noreferrer\">Hotel Super 8<\/a><br \/>\nAvenida Anselmo Alves dos Santos, 4925<br \/>\nSingle\/Double: R$ 138.88<br \/>\n0800-880-0000<\/p>\n","protected":false},"excerpt":{"rendered":"<p>TRAVEL Uberl\u00e2ndia has several options for ground and air accesses. The city lies at the intersection of several major highways&hellip; <\/p>\n","protected":false},"author":6,"featured_media":0,"parent":0,"menu_order":0,"comment_status":"closed","ping_status":"closed","template":"","meta":{"footnotes":""},"class_list":["post-635","page","type-page","status-publish","hentry"],"_links":{"self":[{"href":"https:\/\/sbbd.org.br\/2017\/index.php\/wp-json\/wp\/v2\/pages\/635","targetHints":{"allow":["GET"]}}],"collection":[{"href":"https:\/\/sbbd.org.br\/2017\/index.php\/wp-json\/wp\/v2\/pages"}],"about":[{"href":"https:\/\/sbbd.org.br\/2017\/index.php\/wp-json\/wp\/v2\/types\/page"}],"author":[{"embeddable":true,"href":"https:\/\/sbbd.org.br\/2017\/index.php\/wp-json\/wp\/v2\/users\/6"}],"replies":[{"embeddable":true,"href":"https:\/\/sbbd.org.br\/2017\/index.php\/wp-json\/wp\/v2\/comments?post=635"}],"version-history":[{"count":34,"href":"https:\/\/sbbd.org.br\/2017\/index.php\/wp-json\/wp\/v2\/pages\/635\/revisions"}],"predecessor-version":[{"id":1311,"href":"https:\/\/sbbd.org.br\/2017\/index.php\/wp-json\/wp\/v2\/pages\/635\/revisions\/1311"}],"wp:attachment":[{"href":"https:\/\/sbbd.org.br\/2017\/index.php\/wp-json\/wp\/v2\/media?parent=635"}],"curies":[{"name":"wp","href":"https:\/\/api.w.org\/{rel}","templated":true}]}}