{"id":1483,"date":"2017-09-14T17:21:43","date_gmt":"2017-09-14T20:21:43","guid":{"rendered":"http:\/\/sbbd.org.br\/2017\/?page_id=1483"},"modified":"2017-09-15T08:47:32","modified_gmt":"2017-09-15T11:47:32","slug":"instructions-for-authors","status":"publish","type":"page","link":"https:\/\/sbbd.org.br\/2017\/index.php\/instructions-for-authors\/","title":{"rendered":"INSTRUCTIONS FOR AUTHORS"},"content":{"rendered":"<p><strong>32<sup>nd<\/sup> BRAZILIAN SYMPOSIUM ON DATABASES (SBBD 2017)<\/strong><\/p>\n<p><strong>Short and Vision Papers Session<\/strong><\/p>\n<p><strong>Demos Session<\/strong><\/p>\n<p>As apresenta\u00e7\u00f5es das demos e dos short papers ser\u00e3o realizadas por meio de sess\u00f5es t\u00e9cnicas e tamb\u00e9m de maneira din\u00e2mica e interativa, assim como em anos anteriores. Para isso, as apresenta\u00e7\u00f5es ser\u00e3o realizadas em momentos diferentes, conforme descri\u00e7\u00e3o a seguir.<\/p>\n<ol>\n<li><strong><em>Minute madness<\/em>:<\/strong><br \/>\nO autor\/apresentador ter\u00e1 <strong>UM<\/strong> <strong>minuto<\/strong> para realizar a \u201cpropaganda\u201d da sua demo\/aplica\u00e7\u00e3o ou short paper e convidar os participantes da confer\u00eancia a visitarem o respectivo p\u00f4ster\/demo ou a assistirem a sua apresenta\u00e7\u00e3o em sess\u00e3o t\u00e9cnica. Nesse minuto, o autor\/apresentador deve usar de sua criatividade para chamar a aten\u00e7\u00e3o para o seu trabalho. Cada apresentador ter\u00e1 um slide padr\u00e3o de identifica\u00e7\u00e3o do trabalho, seguido, opcionalmente, de slides fornecidos pelos autores, contendo informa\u00e7\u00f5es e\/ou imagens que resumam o trabalho. As apresenta\u00e7\u00f5es estar\u00e3o juntas e sob controle da coordena\u00e7\u00e3o para passar o slides. Essa etapa acontecer\u00e1 na <strong>TER\u00c7A-FEIRA, 03\/10\/2017, das 18h \u00e0s 19h<\/strong>, antes da abertura oficial do evento. Os autores dever\u00e3o comparecer ao local do <em>Minute Madness<\/em> 30 minutos antes do in\u00edcio das apresenta\u00e7\u00f5es. Os slides fornecidos pelos autores dever\u00e3o estar em formato PDF, com tamanho de p\u00e1gina A4, e dever\u00e3o ser enviados por e-mail para os coordenadores da Sess\u00e3o de Demos (danielcmo@ic.uff.br) ou Sess\u00e3o de Short Papers (bfl@cin.ufpe.br, damires@ifpb.edu.br), respectivamente, at\u00e9 a quarta, dia 27\/09\/2017.<\/li>\n<li><strong>P\u00f4steres:<\/strong><br \/>\nAs apresenta\u00e7\u00f5es de demos\/aplica\u00e7\u00f5es e short papers, com seus respectivos p\u00f4steres, ser\u00e3o organizadas em hor\u00e1rios de coffee breaks, conforme escala definida que ser\u00e1 informada. Assim, os autores devem apresentar seus trabalhos aos participantes no decorrer dos coffee breaks indicados. Um espa\u00e7o ser\u00e1 organizado para isso. \u00c9 desej\u00e1vel que os autores\/apresentadores de demos\/aplica\u00e7\u00f5es utilizem computador pr\u00f3prio (notebook). Se necess\u00e1rio, um equipamento adequado poder\u00e1 ser solicitado com anteced\u00eancia \u00e0 coordena\u00e7\u00e3o geral do evento. A instala\u00e7\u00e3o necess\u00e1ria \u00e0s apresenta\u00e7\u00f5es dever\u00e1 ser realizada antes da sess\u00e3o.Importante: \u00e9 necess\u00e1rio que os apresentadores de p\u00f4steres preparem os banners com bast\u00e3o e cordinha. Os banners ser\u00e3o alocados a suportes no local. Sugere-se o uso deste <a href=\"https:\/\/sbbd.org.br\/2017\/wp-content\/uploads\/sites\/3\/2017\/09\/template-poster-SBBD.pptx\">modelo<\/a>.<\/p>\n<p><strong>Observa\u00e7\u00f5es:<\/strong><br \/>\nAp\u00f3s a apresenta\u00e7\u00e3o inicial, os p\u00f4steres ficar\u00e3o expostos at\u00e9 a quinta-feira. Durante o coffee-break determinado na escala, o p\u00fablico ter\u00e1 a oportunidade de conversar com os autores sobre os detalhes de seus trabalhos. A presen\u00e7a de pelo menos um autor \u00e9 obrigat\u00f3ria nesse momento. Nos demais coffee-breaks, os autores podem ficar \u00e0 vontade para estarem ou n\u00e3o no local da exposi\u00e7\u00e3o, lembrando que estes momentos podem ser valiosos para discuss\u00f5es.O p\u00f4ster deve ser confeccionado no tamanho de 0.70 m x 1.00 m (largura x altura) e dever\u00e1 seguir o template enviado com as seguintes informa\u00e7\u00f5es:<br \/>\n&#8211; t\u00edtulo do trabalho<br \/>\n&#8211; nomes e afilia\u00e7\u00f5es dos autores<br \/>\n&#8211; e-mail de contato e URL para maiores informa\u00e7\u00f5es<br \/>\n&#8211; resumo<br \/>\n&#8211; principais caracter\u00edsticas\/funcionalidades e contribui\u00e7\u00f5es<br \/>\n&#8211; principais refer\u00eancias<br \/>\n&#8211; informa\u00e7\u00f5es sobre financiamento para constru\u00e7\u00e3o do software\/trabalho, se aplic\u00e1vel<\/li>\n<li><strong>Sess\u00e3o T\u00e9cnica:<\/strong><br \/>\nOs trabalhos de demos e short papers ser\u00e3o apresentados tamb\u00e9m em sess\u00e3o t\u00e9cnica, conforme programa\u00e7\u00e3o (favor, verificar).<strong><br \/>\n<\/strong><\/li>\n<\/ol>\n<p>&nbsp;<\/p>\n<p>Quaisquer d\u00favidas n\u00e3o hesitem em contactar:<\/p>\n<p>&nbsp;<\/p>\n<p><strong>Daniel de Oliveira (danielcmo@ic.uff.br)<\/strong><\/p>\n<p><strong><em>Coordenador do SBBD Demos 2017<\/em><\/strong><\/p>\n<p>&nbsp;<\/p>\n<p><strong>Bernadette L\u00f3scio e Damires Souza (bfl@cin.ufpe.br, damires@ifpb.edu.br)<\/strong><\/p>\n<p><strong><em>Coordenadores do SBBD Short Papers 2017<\/em><\/strong><\/p>\n","protected":false},"excerpt":{"rendered":"<p>32nd BRAZILIAN SYMPOSIUM ON DATABASES (SBBD 2017) Short and Vision Papers Session Demos Session As apresenta\u00e7\u00f5es das demos e dos&hellip; <\/p>\n","protected":false},"author":7,"featured_media":0,"parent":0,"menu_order":0,"comment_status":"closed","ping_status":"closed","template":"","meta":{"footnotes":""},"class_list":["post-1483","page","type-page","status-publish","hentry"],"_links":{"self":[{"href":"https:\/\/sbbd.org.br\/2017\/index.php\/wp-json\/wp\/v2\/pages\/1483","targetHints":{"allow":["GET"]}}],"collection":[{"href":"https:\/\/sbbd.org.br\/2017\/index.php\/wp-json\/wp\/v2\/pages"}],"about":[{"href":"https:\/\/sbbd.org.br\/2017\/index.php\/wp-json\/wp\/v2\/types\/page"}],"author":[{"embeddable":true,"href":"https:\/\/sbbd.org.br\/2017\/index.php\/wp-json\/wp\/v2\/users\/7"}],"replies":[{"embeddable":true,"href":"https:\/\/sbbd.org.br\/2017\/index.php\/wp-json\/wp\/v2\/comments?post=1483"}],"version-history":[{"count":8,"href":"https:\/\/sbbd.org.br\/2017\/index.php\/wp-json\/wp\/v2\/pages\/1483\/revisions"}],"predecessor-version":[{"id":1495,"href":"https:\/\/sbbd.org.br\/2017\/index.php\/wp-json\/wp\/v2\/pages\/1483\/revisions\/1495"}],"wp:attachment":[{"href":"https:\/\/sbbd.org.br\/2017\/index.php\/wp-json\/wp\/v2\/media?parent=1483"}],"curies":[{"name":"wp","href":"https:\/\/api.w.org\/{rel}","templated":true}]}}